000
CXUS53 KLBF 011510
CF6LBF
PRELIMINARY LOCAL CLIMATOLOGICAL DATA (WS FORM: F-6)
STATION: NORTH PLATTE
MONTH: NOVEMBER
YEAR: 2023
LATITUDE: 41 7 N
LONGITUDE: 100 41 W
TEMPERATURE IN F: :PCPN: SNOW: WIND :SUNSHINE: SKY :PK WND
================================================================================
1 2 3 4 5 6A 6B 7 8 9 10 11 12 13 14 15 16 17 18
12Z AVG MX 2MIN
DY MAX MIN AVG DEP HDD CDD WTR SNW DPTH SPD SPD DIR MIN PSBL S-S WX SPD DR
================================================================================
1 61 16 39 -4 26 0 0.00 0.0 0 3.1 18 170 M M 0 8 27 170
2 67 18 43 1 22 0 0.00 0.0 0 4.3 14 270 M M 1 19 270
3 70 34 52 10 13 0 T 0.0 0 6.2 16 330 M M 5 21 340
4 67 43 55 13 10 0 0.03 0.0 0 8.1 17 220 M M 3 24 210
5 70 37 54 13 11 0 0.00 0.0 0 8.5 16 180 M M 0 23 180
6 71 30 51 10 14 0 0.00 0.0 0 6.7 15 190 M M 0 20 180
7 66 29 48 8 17 0 0.00 0.0 0 3.5 10 120 M M 2 12 16 200
8 60 26 43 3 22 0 0.01 0.0 0 8.3 25 340 M M 3 35 340
9 57 18 38 -2 27 0 0.00 0.0 0 6.7 22 310 M M 0 30 300
10 61 15 38 -1 27 0 0.00 0.0 0 5.5 20 230 M M 0 28 210
11 64 27 46 7 19 0 0.00 0.0 0 5.9 21 270 M M 0 31 260
12 69 21 45 7 20 0 0.00 0.0 0 5.4 17 10 M M 0 26 340
13 67 21 44 6 21 0 0.00 0.0 0 7.2 23 180 M M 0 32 160
14 72 27 50 12 15 0 0.00 0.0 0 4.6 13 180 M M 0 19 170
15 70 23 47 10 18 0 0.00 0.0 0 4.6 12 170 M M 0 15 180
16 72 32 52 15 13 0 T 0.0 0 7.8 30 360 M M 3 1 43 10
17 63 21 42 6 23 0 0.00 0.0 0 4.3 14 280 M M 0 12 19 240
18 67 20 44 8 21 0 0.00 0.0 0 5.1 12 130 M M 0 15 140
19 54 38 46 10 19 0 0.00 0.0 0 4.3 14 100 M M 7 18 100
20 47 41 44 9 21 0 0.03 0.0 0 11.9 22 340 M M 10 1 32 350
21 54 23 39 4 26 0 0.00 0.0 0 10.7 25 340 M M 1 37 340
22 68 18 43 9 22 0 0.00 0.0 0 6.5 20 20 M M 0 29 20
23 45 25 35 1 30 0 0.00 0.0 0 12.2 21 30 M M 2 29 40
24 25 17 21 -13 44 0 0.42 4.4 T 9.5 17 50 M M 10 18 24 40
25 24 14 19 -14 46 0 0.07 0.8 4 6.4 16 290 M M 9 18 19 290
26 36 9 23 -10 42 0 0.00 0.0 5 8.8 21 310 M M 2 27 310
27 40 8 24 -8 41 0 0.00 0.0 4 7.1 16 290 M M 0 12 20 290
28 47 11 29 -3 36 0 0.00 0.0 3 6.7 16 300 M M 1 128 20 300
29 56 14 35 3 30 0 0.00 0.0 2 4.9 15 190 M M 0 22 200
30 42 22 32 1 33 0 0.00 0.0 T 7.8 18 10 M M 0 26 360
================================================================================
SM 1732 698 729 0 0.56 5.2 202.6 M 59
================================================================================
AV 57.7 23.3 6.8 FASTST M M 2 MAX(MPH)
MISC ----> 30 360 43 10
================================================================================
NOTES:
# LAST OF SEVERAL OCCURRENCES
COLUMN 17 PEAK WIND IN M.P.H.
PRELIMINARY LOCAL CLIMATOLOGICAL DATA (WS FORM: F-6) , PAGE 2
STATION: NORTH PLATTE
MONTH: NOVEMBER
YEAR: 2023
LATITUDE: 41 7 N
LONGITUDE: 100 41 W
[TEMPERATURE DATA] [PRECIPITATION DATA] SYMBOLS USED IN COLUMN 16
AVERAGE MONTHLY: 40.5 TOTAL FOR MONTH: 0.56 1 = FOG OR MIST
DPTR FM NORMAL: 3.5 DPTR FM NORMAL: 0.07 2 = FOG REDUCING VISIBILITY
HIGHEST: 72 ON 16,14 GRTST 24HR 0.43 ON 24-25 TO 1/4 MILE OR LESS
LOWEST: 8 ON 27 3 = THUNDER
SNOW, ICE PELLETS, HAIL 4 = ICE PELLETS
TOTAL MONTH: 5.2 INCHES 5 = HAIL
GRTST 24HR 4.4 ON 24-24 6 = FREEZING RAIN OR DRIZZLE
GRTST DEPTH: 5 ON 26 7 = DUSTSTORM OR SANDSTORM:
VSBY 1/2 MILE OR LESS
8 = SMOKE OR HAZE
[NO. OF DAYS WITH] [WEATHER - DAYS WITH] 9 = BLOWING SNOW
X = TORNADO
MAX 32 OR BELOW: 2 0.01 INCH OR MORE: 5
MAX 90 OR ABOVE: 0 0.10 INCH OR MORE: 1
MIN 32 OR BELOW: 25 0.50 INCH OR MORE: 0
MIN 0 OR BELOW: 0 1.00 INCH OR MORE: 0
[HDD (BASE 65) ]
TOTAL THIS MO. 729 CLEAR (SCALE 0-3) 23
DPTR FM NORMAL -111 PTCLDY (SCALE 4-7) 4
TOTAL FM JUL 1 1279 CLOUDY (SCALE 8-10) 3
DPTR FM NORMAL -162
[CDD (BASE 65) ]
TOTAL THIS MO. 0
DPTR FM NORMAL 0 [PRESSURE DATA]
TOTAL FM JAN 1 913 HIGHEST SLP 30.62 ON 24
DPTR FM NORMAL 10 LOWEST SLP 29.65 ON 19
[REMARKS]
#FINAL-11-23#