000
CXUS52 KILM 011000
CF6LBT
PRELIMINARY LOCAL CLIMATOLOGICAL DATA (WS FORM: F-6)
STATION: LUMBERTON NORTH CAROLINA
MONTH: MAY
YEAR: 2023
LATITUDE: 34 35 N
LONGITUDE: 79 4 W
TEMPERATURE IN F: :PCPN: SNOW: WIND :SUNSHINE: SKY :PK WND
================================================================================
1 2 3 4 5 6A 6B 7 8 9 10 11 12 13 14 15 16 17 18
12Z AVG MX 2MIN
DY MAX MIN AVG DEP HDD CDD WTR SNW DPTH SPD SPD DIR MIN PSBL S-S WX SPD DR
================================================================================
1 71 46 59 -8 6 0 0.00 M M 12.4 28 260 M M 0 37 270
2 72 46 59 -8 6 0 0.00 M M 10.3 37 310 M M 2 49 300
3 72 44 58 -9 7 0 0.00 M M 9.8 26 300 M M 2 32 310
4 73 40 57 -11 8 0 0.00 M M 5.2 15 280 M M 0 22 290
5 76 44 60 -8 5 0 0.00 M M 2.5 9 220 M M 0 13 220
6 80 48 64 -4 1 0 0.00 M M 3.3 9 200 M M 1 1 16 240
7 82 56 69 1 0 4 0.00 M M 9.0 18 250 M M 1 24 250
8 86 63 75 6 0 10 0.00 M M 10.1 18 280 M M 2 25 270
9 91 65 78 9 0 13 0.00 M M 7.3 17 30 M M 1 1 23 50
10 82 56 69 0 0 4 0.00 M M 7.0 16 40 M M 3 23 40
11 84 54 69 -1 0 4 0.00 M M 4.9 14 160 M M 0 20 150
12 86 52 69 -1 0 4 0.00 M M 4.7 15 150 M M 0 12 20 140
13 87 55 71 1 0 6 0.00 M M 5.3 13 200 M M 1 1 18 200
14 78 62 70 0 0 5 0.00 M M 4.3 14 20 M M 6 18 16 20
15 84 59 72 1 0 7 0.00 M M 5.7 15 120 M M 1 1 19 80
16 89 58 74 3 0 9 0.00 M M 7.1 16 220 M M 4 25 230
17 86 65 76 5 0 11 0.11 M M 6.4 25 270 M M 2 1 31 280
18 74 62 68 -4 0 3 0.11 M M 8.9 18 60 M M 7 1 25 50
19 71 61 66 -6 0 1 0.00 M M 10.5 17 30 M M 10 1 21 30
20 83 63 73 1 0 8 0.00 M M 6.1 13 260 M M 5 16 290
21 78 58 68 -4 0 3 0.01 M M 6.0 18 30 M M 7 1 22 30
22 85 50 68 -5 0 3 0.00 M M 6.3 18 30 M M 0 128 23 30
23 83 58 71 -2 0 6 0.00 M M 9.8 18 20 M M 1 26 70
24 82 58 70 -3 0 5 0.00 M M 8.1 17 30 M M 1 22 10
25 83 59 71 -3 0 6 T M M 12.2 24 30 M M 8 33 30
26 70 58 64 -10 1 0 T M M 15.8 23 40 M M 6 30 20
27 62 51 57 -17 8 0 0.69 M M 16.3 25 30 M M 10 1 35 30
28 72 61 67 -7 0 2 0.45 M M 10.6 18 30 M M 10 1 27 50
29 73 61 67 -8 0 2 0.00 M M 4.5 13 240 M M 10 1 16 240
30 84 65 75 0 0 10 0.09 M M 6.7 17 70 M M 8 1 23 60
31 84 63 74 -1 0 9 0.03 M M 6.0 16 70 M M 8 23 70
================================================================================
SM 2463 1741 42 135 1.49 M 243.1 M 117
================================================================================
AV 79.5 56.2 7.8 FASTST M M 4 MAX(MPH)
MISC ----> 37 310 49 300
================================================================================
NOTES:
# LAST OF SEVERAL OCCURRENCES
COLUMN 17 PEAK WIND IN M.P.H.
PRELIMINARY LOCAL CLIMATOLOGICAL DATA (WS FORM: F-6) , PAGE 2
STATION: LUMBERTON NORTH CAROLINA
MONTH: MAY
YEAR: 2023
LATITUDE: 34 35 N
LONGITUDE: 79 4 W
[TEMPERATURE DATA] [PRECIPITATION DATA] SYMBOLS USED IN COLUMN 16
AVERAGE MONTHLY: 67.8 TOTAL FOR MONTH: 1.49 1 = FOG OR MIST
DPTR FM NORMAL: -3.2 DPTR FM NORMAL: -1.92 2 = FOG REDUCING VISIBILITY
HIGHEST: 91 ON 9 GRTST 24HR 0.69 ON 27-27 TO 1/4 MILE OR LESS
LOWEST: 40 ON 4 3 = THUNDER
SNOW, ICE PELLETS, HAIL 4 = ICE PELLETS
TOTAL MONTH: M 5 = HAIL
GRTST 24HR M ON M 6 = FREEZING RAIN OR DRIZZLE
GRTST DEPTH: M ON M 7 = DUSTSTORM OR SANDSTORM:
VSBY 1/2 MILE OR LESS
8 = SMOKE OR HAZE
[NO. OF DAYS WITH] [WEATHER - DAYS WITH] 9 = BLOWING SNOW
X = TORNADO
MAX 32 OR BELOW: 0 0.01 INCH OR MORE: 7
MAX 90 OR ABOVE: 1 0.10 INCH OR MORE: 4
MIN 32 OR BELOW: 0 0.50 INCH OR MORE: 1
MIN 0 OR BELOW: 0 1.00 INCH OR MORE: 0
[HDD (BASE 65) ]
TOTAL THIS MO. 42 CLEAR (SCALE 0-3) 18
DPTR FM NORMAL 17 PTCLDY (SCALE 4-7) 9
TOTAL FM JUL 1 2143 CLOUDY (SCALE 8-10) 4
DPTR FM NORMAL -464
[CDD (BASE 65) ]
TOTAL THIS MO. 135
DPTR FM NORMAL -75 [PRESSURE DATA]
TOTAL FM JAN 1 257 HIGHEST SLP 30.27 ON 6
DPTR FM NORMAL -42 LOWEST SLP 29.54 ON 2
[REMARKS]
#FINAL-05-23#