000
CXUS52 KILM 011000
CF6LBT
PRELIMINARY LOCAL CLIMATOLOGICAL DATA (WS FORM: F-6)
STATION: LUMBERTON NORTH CAROLINA
MONTH: JULY
YEAR: 2021
LATITUDE: 34 35 N
LONGITUDE: 79 4 W
TEMPERATURE IN F: :PCPN: SNOW: WIND :SUNSHINE: SKY :PK WND
================================================================================
1 2 3 4 5 6A 6B 7 8 9 10 11 12 13 14 15 16 17 18
12Z AVG MX 2MIN
DY MAX MIN AVG DEP HDD CDD WTR SNW DPTH SPD SPD DIR MIN PSBL S-S WX SPD DR
================================================================================
1 91 73 82 1 0 17 0.00 M M M M M M M M M M
2 81 72 77 -4 0 12 1.20 M M M M M M M M M M
3 83 65 74 -7 0 9 0.00 M M M M M M M M M M
4 88 61 75 -7 0 10 0.00 M M M M M M M M M M
5 92 65 79 -3 0 14 0.00 M M M M M M M M M M
6 89 66 78 -4 0 13 0.00 M M M M M M M M M M
7 90 70 80 -2 0 15 0.16 M M M M M M M M M M
8 82 73 78 -4 0 13 2.07 M M M M M M M M M M
9 92 74 83 1 0 18 0.00 M M M M M M M M M M
10 92 72 82 0 0 17 0.00 M M M M M M M M M M
11 91 76 84 2 0 19 0.04 M M M M M M M M M M
12 89 73 81 -1 0 16 0.03 M M M M M M M M M M
13 87 71 79 -3 0 14 0.00 M M M M M M M M M M
14 91 69 80 -2 0 15 0.00 M M M M M M M M M M
15 92 73 83 1 0 18 0.00 M M M M M M M M M M
16 93 74 84 2 0 19 0.00 M M M M M M M M M M
17 91 74 83 1 0 18 0.00 M M M M M M M M M M
18 91 71 81 -1 0 16 0.46 M M M M M M M M M M
19 84 71 78 -4 0 13 0.37 M M M M M M M M M M
20 84 71 78 -4 0 13 0.00 M M M M M M M M M M
21 88 72 80 -2 0 15 1.27 M M M M M M M M M M
22 91 M M M M M 0.00 M M M M M M M M M M
23 89 71 80 -2 0 15 0.00 M M M M M M M M M M
24 87 68 78 -4 0 13 0.00 M M M M M M M M M M
25 90 67 79 -3 0 14 0.00 M M M M M M M M M M
26 92 70 81 -1 0 16 0.00 M M M M M M M M M M
27 95 76 86 4 0 21 0.00 M M M M M M M M M M
28 92 71 82 0 0 17 0.00 M M M M M M M M M M
29 92 68 80 -1 0 15 0.00 M M M M M M M M M M
30 94 76 85 4 0 20 0.00 M M M M M M M M M M
31 95 77 86 5 0 21 0.00 M M M M M M M M M M
================================================================================
SM 2778 2130 0 466 5.60 M M M M
================================================================================
AV 89.6 71.0 M FASTST M M M MAX(MPH)
MISC ----> M M M M
================================================================================
NOTES:
# LAST OF SEVERAL OCCURRENCES
COLUMN 17 PEAK WIND IN M.P.H.
PRELIMINARY LOCAL CLIMATOLOGICAL DATA (WS FORM: F-6) , PAGE 2
STATION: LUMBERTON NORTH CAROLINA
MONTH: JULY
YEAR: 2021
LATITUDE: 34 35 N
LONGITUDE: 79 4 W
[TEMPERATURE DATA] [PRECIPITATION DATA] SYMBOLS USED IN COLUMN 16
AVERAGE MONTHLY: 80.3 TOTAL FOR MONTH: 5.60 1 = FOG OR MIST
DPTR FM NORMAL: -1.3 DPTR FM NORMAL: 0.99 2 = FOG REDUCING VISIBILITY
HIGHEST: 95 ON 31,27 GRTST 24HR 2.07 ON 8- 8 TO 1/4 MILE OR LESS
LOWEST: 61 ON 4 3 = THUNDER
SNOW, ICE PELLETS, HAIL 4 = ICE PELLETS
TOTAL MONTH: M 5 = HAIL
GRTST 24HR M ON M 6 = FREEZING RAIN OR DRIZZLE
GRTST DEPTH: M ON M 7 = DUSTSTORM OR SANDSTORM:
VSBY 1/2 MILE OR LESS
8 = SMOKE OR HAZE
[NO. OF DAYS WITH] [WEATHER - DAYS WITH] 9 = BLOWING SNOW
X = TORNADO
MAX 32 OR BELOW: 0 0.01 INCH OR MORE: 8
MAX 90 OR ABOVE: 19 0.10 INCH OR MORE: 6
MIN 32 OR BELOW: 0 0.50 INCH OR MORE: 3
MIN 0 OR BELOW: 0 1.00 INCH OR MORE: 3
[HDD (BASE 65) ]
TOTAL THIS MO. 0 CLEAR (SCALE 0-3) 0
DPTR FM NORMAL 0 PTCLDY (SCALE 4-7) 0
TOTAL FM JUL 1 0 CLOUDY (SCALE 8-10) 31
DPTR FM NORMAL 0
[CDD (BASE 65) ]
TOTAL THIS MO. 466
DPTR FM NORMAL -50 [PRESSURE DATA]
TOTAL FM JAN 1 1161 HIGHEST SLP M ON M
DPTR FM NORMAL -67 LOWEST SLP M ON M
[REMARKS]
#FINAL-07-21#