000
CXUS54 KHGX 011410
CF6LBX
PRELIMINARY LOCAL CLIMATOLOGICAL DATA (WS FORM: F-6)
STATION: ANGLETON/LAKE_JACKS
MONTH: MAY
YEAR: 2023
LATITUDE: 29 6 N
LONGITUDE: 95 28 W
TEMPERATURE IN F: :PCPN: SNOW: WIND :SUNSHINE: SKY :PK WND
================================================================================
1 2 3 4 5 6A 6B 7 8 9 10 11 12 13 14 15 16 17 18
12Z AVG MX 2MIN
DY MAX MIN AVG DEP HDD CDD WTR SNW DPTH SPD SPD DIR MIN PSBL S-S WX SPD DR
================================================================================
1 84 53 69 -4 0 4 0.00 0.0 0 4.2 15 110 M M 2 12 21 110
2 79 60 70 -4 0 5 0.00 0.0 0 4.8 14 150 M M 3 12 18 160
3 83 59 71 -3 0 6 0.00 0.0 0 5.8 16 110 M M 3 1 24 150
4 82 64 73 -1 0 8 0.01 0.0 0 6.6 15 160 M M 8 1 21 150
5 89 75 82 8 0 17 0.00 0.0 0 8.2 16 190 M M 6 1 22 190
6 87 73 80 5 0 15 0.00 0.0 0 11.7 23 150 M M 7 18 31 140
7 82 76 79 4 0 14 0.01 0.0 0 9.2 24 150 M M 6 13 35 150
8 86 76 81 6 0 16 T 0.0 0 11.3 21 160 M M 7 18 27 160
9 78 69 74 -1 0 9 0.24 0.0 0 6.2 24 180 M M M 3 34 210
10 79 66 73 -3 0 8 1.78 0.0 0 7.5 29 200 M M 9 13 40 200
11 86 77 82 6 0 17 0.00 0.0 0 11.7 21 170 M M 9 18 27 180
12 85 77 81 5 0 16 0.03 0.0 0 12.8 16 150 M M 10 30 150
13 81 71 76 0 0 11 0.46 0.0 0 7.8 17 190 M M M 3 25 130
14 84 69 77 0 0 12 1.08 0.0 0 9.1 28 140 M M M 3 43 140
15 87 72 80 3 0 15 T 0.0 0 3.9 13 180 M M 2 1 21 180
16 88 67 78 1 0 13 0.64 0.0 0 2.6 32 160 M M 4 123 39 160
17 87 65 76 -1 0 11 0.00 0.0 0 2.7 10 360 M M 2 1 15 10
18 90 68 79 1 0 14 0.00 0.0 0 2.8 13 180 M M 1 12 15 190
19 89 69 79 1 0 14 0.00 0.0 0 4.6 15 180 M M 0 1 19 180
20 90 71 81 3 0 16 T 0.0 0 3.3 13 330 M M 1 1 20 330
21 82 69 76 -2 0 11 T 0.0 0 4.7 14 10 M M 5 18 17 20
22 85 68 77 -2 0 12 0.00 0.0 0 4.2 10 150 M M 7 18 13 340
23 89 66 78 -1 0 13 0.00 0.0 0 2.6 12 150 M M 1 128 15 130
24 89 68 79 0 0 14 0.69 0.0 0 4.5 20 60 M M 2 1238 27 50
25 87 67 77 -2 0 12 0.00 0.0 0 5.3 13 60 M M 2 1 20 20
26 88 66 77 -3 0 12 0.00 0.0 0 4.5 13 70 M M 1 1 18 70
27 88 66 77 -3 0 12 T 0.0 0 3.3 13 140 M M 2 18 17 170
28 85 63 74 -6 0 9 0.00 0.0 0 4.5 16 130 M M 1 1 23 130
29 85 68 77 -3 0 12 T 0.0 0 5.0 14 130 M M 2 13 19 110
30 86 67 77 -3 0 12 T 0.0 0 5.1 16 110 M M 2 13 22 90
31 86 65 76 -4 0 11 0.00 0.0 0 5.2 14 150 M M 1 1 19 140
================================================================================
SM 2646 2110 0 371 4.94 0.0 185.7 M 106
================================================================================
AV 85.4 68.1 6.0 FASTST M M 4 MAX(MPH)
MISC ----> 32 160 43 140
================================================================================
NOTES:
# LAST OF SEVERAL OCCURRENCES
COLUMN 17 PEAK WIND IN M.P.H.
PRELIMINARY LOCAL CLIMATOLOGICAL DATA (WS FORM: F-6) , PAGE 2
STATION: ANGLETON/LAKE_JACKS
MONTH: MAY
YEAR: 2023
LATITUDE: 29 6 N
LONGITUDE: 95 28 W
[TEMPERATURE DATA] [PRECIPITATION DATA] SYMBOLS USED IN COLUMN 16
AVERAGE MONTHLY: 76.7 TOTAL FOR MONTH: 4.94 1 = FOG OR MIST
DPTR FM NORMAL: -0.4 DPTR FM NORMAL: 0.64 2 = FOG REDUCING VISIBILITY
HIGHEST: 90 ON 20,18 GRTST 24HR 2.02 ON 9-10 TO 1/4 MILE OR LESS
LOWEST: 53 ON 1 3 = THUNDER
SNOW, ICE PELLETS, HAIL 4 = ICE PELLETS
TOTAL MONTH: 0.0 INCH 5 = HAIL
GRTST 24HR 0.0 6 = FREEZING RAIN OR DRIZZLE
GRTST DEPTH: 0 7 = DUSTSTORM OR SANDSTORM:
VSBY 1/2 MILE OR LESS
8 = SMOKE OR HAZE
[NO. OF DAYS WITH] [WEATHER - DAYS WITH] 9 = BLOWING SNOW
X = TORNADO
MAX 32 OR BELOW: 0 0.01 INCH OR MORE: 9
MAX 90 OR ABOVE: 2 0.10 INCH OR MORE: 6
MIN 32 OR BELOW: 0 0.50 INCH OR MORE: 4
MIN 0 OR BELOW: 0 1.00 INCH OR MORE: 2
[HDD (BASE 65) ]
TOTAL THIS MO. 0 CLEAR (SCALE 0-3) 17
DPTR FM NORMAL -2 PTCLDY (SCALE 4-7) 8
TOTAL FM JUL 1 981 CLOUDY (SCALE 8-10) 6
DPTR FM NORMAL -147
[CDD (BASE 65) ]
TOTAL THIS MO. 371
DPTR FM NORMAL -4 [PRESSURE DATA]
TOTAL FM JAN 1 834 HIGHEST SLP 30.16 ON 15
DPTR FM NORMAL 134 LOWEST SLP 29.79 ON 11
[REMARKS]
#FINAL-05-23#