000
CXUS54 KHGX 011510
CF6LBX
PRELIMINARY LOCAL CLIMATOLOGICAL DATA (WS FORM: F-6)
STATION: ANGLETON/LAKE_JACKS
MONTH: FEBRUARY
YEAR: 2024
LATITUDE: 29 6 N
LONGITUDE: 95 28 W
TEMPERATURE IN F: :PCPN: SNOW: WIND :SUNSHINE: SKY :PK WND
================================================================================
1 2 3 4 5 6A 6B 7 8 9 10 11 12 13 14 15 16 17 18
12Z AVG MX 2MIN
DY MAX MIN AVG DEP HDD CDD WTR SNW DPTH SPD SPD DIR MIN PSBL S-S WX SPD DR
================================================================================
1 72 49 61 5 4 0 0.00 0.0 0 4.2 16 170 M M 3 1 22 170
2 75 51 63 7 2 0 0.04 0.0 0 9.1 23 160 M M 6 123 33 160
3 71 54 63 6 2 0 1.48 0.0 0 5.2 18 320 M M 5 13 29 300
4 71 50 61 4 4 0 0.00 0.0 0 7.5 26 330 M M 2 1 46 340
5 64 52 58 1 7 0 0.00 0.0 0 11.3 22 10 M M 4 30 340
6 72 42 57 0 8 0 0.00 0.0 0 3.0 13 180 M M 0 1 17 180
7 71 40 56 -1 9 0 0.00 0.0 0 10.4 24 170 M M 5 1 35 200
8 76 64 70 12 0 5 T 0.0 0 10.0 21 170 M M 7 30 140
9 76 63 70 12 0 5 0.00 0.0 0 10.0 24 180 M M 8 1 33 190
10 75 67 71 13 0 6 0.00 0.0 0 13.2 17 170 M M 8 1 21 170
11 78 53 66 8 0 1 0.05 0.0 0 11.3 22 330 M M 7 1 35 330
12 62 41 52 -6 13 0 0.00 0.0 0 9.7 20 320 M M 1 35 320
13 66 36 51 -7 14 0 0.00 0.0 0 2.9 14 120 M M 0 18 140
14 66 39 53 -6 12 0 0.00 0.0 0 5.5 14 90 M M 3 1 21 150
15 73 58 66 7 0 1 0.00 0.0 0 4.7 12 160 M M 8 14 180
16 65 61 63 4 2 0 0.66 0.0 0 3.9 26 170 M M 9 1 32 170
17 65 40 53 -6 12 0 0.00 0.0 0 14.0 24 10 M M 5 1 33 20
18 57 35 46 -13 19 0 0.00 0.0 0 6.5 14 20 M M 1 20 10
19 64 33 49 -11 16 0 0.00 0.0 0 4.0 17 180 M M 0 23 190
20 77 42 60 0 5 0 0.00 0.0 0 5.3 17 180 M M 3 12 23 180
21 76 58 67 7 0 2 0.00 0.0 0 14.2 25 180 M M 5 37 200
22 75 61 68 8 0 3 0.00 0.0 0 9.2 21 190 M M 8 12 27 190
23 79 54 67 7 0 2 0.00 0.0 0 8.0 22 10 M M 1 1 30 350
24 79 45 62 2 3 0 0.00 0.0 0 4.0 17 170 M M 0 22 170
25 77 49 63 2 2 0 0.00 0.0 0 11.6 23 180 M M 4 12 32 200
26 77 64 71 10 0 6 0.00 0.0 0 12.0 20 200 M M 8 1 27 210
27 80 68 74 13 0 9 0.00 0.0 0 14.5 26 190 M M 9 1 39 200
28 73 52 63 2 2 0 T 0.0 0 13.1 25 10 M M 8 1 33 360
29 61 52 57 -4 8 0 0.07 0.0 0 9.8 17 90 M M 10 1 26 90
================================================================================
SM 2073 1473 144 40 2.30 0.0 248.1 M 138
================================================================================
AV 71.5 50.8 8.6 FASTST M M 5 MAX(MPH)
MISC ----> # 26 330 46 340
================================================================================
NOTES:
# LAST OF SEVERAL OCCURRENCES
COLUMN 17 PEAK WIND IN M.P.H.
PRELIMINARY LOCAL CLIMATOLOGICAL DATA (WS FORM: F-6) , PAGE 2
STATION: ANGLETON/LAKE_JACKS
MONTH: FEBRUARY
YEAR: 2024
LATITUDE: 29 6 N
LONGITUDE: 95 28 W
[TEMPERATURE DATA] [PRECIPITATION DATA] SYMBOLS USED IN COLUMN 16
AVERAGE MONTHLY: 61.1 TOTAL FOR MONTH: 2.30 1 = FOG OR MIST
DPTR FM NORMAL: 2.4 DPTR FM NORMAL: 0.07 2 = FOG REDUCING VISIBILITY
HIGHEST: 80 ON 27 GRTST 24HR 1.52 ON 2- 3 TO 1/4 MILE OR LESS
LOWEST: 33 ON 19 3 = THUNDER
SNOW, ICE PELLETS, HAIL 4 = ICE PELLETS
TOTAL MONTH: 0.0 INCH 5 = HAIL
GRTST 24HR 0.0 6 = FREEZING RAIN OR DRIZZLE
GRTST DEPTH: 0 7 = DUSTSTORM OR SANDSTORM:
VSBY 1/2 MILE OR LESS
8 = SMOKE OR HAZE
[NO. OF DAYS WITH] [WEATHER - DAYS WITH] 9 = BLOWING SNOW
X = TORNADO
MAX 32 OR BELOW: 0 0.01 INCH OR MORE: 5
MAX 90 OR ABOVE: 0 0.10 INCH OR MORE: 2
MIN 32 OR BELOW: 0 0.50 INCH OR MORE: 2
MIN 0 OR BELOW: 0 1.00 INCH OR MORE: 1
[HDD (BASE 65) ]
TOTAL THIS MO. 144 CLEAR (SCALE 0-3) 11
DPTR FM NORMAL -70 PTCLDY (SCALE 4-7) 12
TOTAL FM JUL 1 969 CLOUDY (SCALE 8-10) 6
DPTR FM NORMAL -26
[CDD (BASE 65) ]
TOTAL THIS MO. 40
DPTR FM NORMAL 1 [PRESSURE DATA]
TOTAL FM JAN 1 46 HIGHEST SLP 30.31 ON 20
DPTR FM NORMAL -16 LOWEST SLP 29.54 ON 3
[REMARKS]
#FINAL-02-24#