000
CXUS54 KLCH 010930
CF6LCH
PRELIMINARY LOCAL CLIMATOLOGICAL DATA (WS FORM: F-6)
STATION: LAKE CHARLES
MONTH: FEBRUARY
YEAR: 2021
LATITUDE: 30 7 N
LONGITUDE: 93 13 W
TEMPERATURE IN F: :PCPN: SNOW: WIND :SUNSHINE: SKY :PK WND
================================================================================
1 2 3 4 5 6A 6B 7 8 9 10 11 12 13 14 15 16 17 18
12Z AVG MX 2MIN
DY MAX MIN AVG DEP HDD CDD WTR SNW DPTH SPD SPD DIR MIN PSBL S-S WX SPD DR
================================================================================
1 61 39 50 -3 15 0 0.00 0.0 M 11.9 21 340 M M 0 28 340
2 62 34 48 -5 17 0 0.00 0.0 M 3.7 9 120 M M 0 18 11 130
3 65 39 52 -1 13 0 0.00 0.0 M 6.3 14 150 M M 0 1 20 160
4 73 49 61 8 4 0 0.00 0.0 M 10.3 23 190 M M 5 35 190
5 59 46 53 0 12 0 0.48 M M 10.2 20 40 M M 6 18 26 40
6 62 47 55 2 10 0 T M M 8.1 20 340 M M 8 1 29 330
7 63 43 53 -1 12 0 0.00 0.0 M 8.2 17 80 M M 2 24 60
8 70 45 58 4 7 0 0.00 0.0 M 7.4 17 140 M M 4 12 22 130
9 73 60 67 13 0 2 0.00 0.0 M 3.8 12 150 M M 10 12 14 150
10 79 60 70 16 0 5 0.03 0.0 M 5.8 14 210 M M 8 12 21 210
11 70 41 56 2 9 0 0.82 M M 13.6 22 30 M M 10 123 33 40
12 42 36 39 -15 26 0 0.13 M M 16.7 26 10 M M 10 13 37 30
13 46 34 40 -15 25 0 0.00 0.0 M 16.0 23 20 M M 9 1 31 20
14 41 31 36 -19 29 0 0.07 M M 14.4 23 30 M M 10 1 30 60
15 31 20 26 -29 39 0 0.53 0.8 1 15.5 25 330 M M 7 1348 41 320
16 36 16 26 -29 39 0 0.00 0.0 M 7.8 20 110 M M 4 25 110
17 38 32 35 -20 30 0 0.70 M M 13.8 23 360 M M 10 1 31 360
18 41 33 37 -19 28 0 0.00 0.0 M 15.3 23 10 M M 10 1 32 10
19 52 30 41 -15 24 0 0.00 0.0 M 9.1 16 350 M M 0 24 350
20 59 30 45 -11 20 0 0.00 0.0 M 6.4 13 70 M M 3 1 15 70
21 68 36 52 -4 13 0 0.00 0.0 M 7.9 18 160 M M 8 1 22 150
22 73 43 58 2 7 0 0.00 0.0 M 6.5 18 10 M M 3 12 25 20
23 72 39 56 -1 9 0 0.00 0.0 M 4.8 14 220 M M 3 12 19 190
24 73 45 59 2 6 0 0.00 0.0 M 7.4 16 200 M M 7 128 25 210
25 78 61 70 13 0 5 0.00 0.0 M 5.8 14 160 M M 9 128 19 160
26 80 62 71 14 0 6 0.00 0.0 M 10.3 18 190 M M 8 18 28 190
27 79 67 73 15 0 8 0.00 0.0 M 13.3 26 160 M M 9 1 37 160
28 81 70 76 18 0 11 0.01 0.0 M 11.1 23 190 M M 10 18 37 190
================================================================================
SM 1727 1188 394 37 2.77 0.8 271.4 M 173
================================================================================
AV 61.7 42.4 9.7 FASTST M M 6 MAX(MPH)
MISC ----> # 26 10 41 320
================================================================================
NOTES:
# LAST OF SEVERAL OCCURRENCES
COLUMN 17 PEAK WIND IN M.P.H.
PRELIMINARY LOCAL CLIMATOLOGICAL DATA (WS FORM: F-6) , PAGE 2
STATION: LAKE CHARLES
MONTH: FEBRUARY
YEAR: 2021
LATITUDE: 30 7 N
LONGITUDE: 93 13 W
[TEMPERATURE DATA] [PRECIPITATION DATA] SYMBOLS USED IN COLUMN 16
AVERAGE MONTHLY: 52.1 TOTAL FOR MONTH: 2.77 1 = FOG OR MIST
DPTR FM NORMAL: -2.9 DPTR FM NORMAL: -0.69 2 = FOG REDUCING VISIBILITY
HIGHEST: 81 ON 28 GRTST 24HR 0.95 ON 11-12 TO 1/4 MILE OR LESS
LOWEST: 16 ON 16 3 = THUNDER
SNOW, ICE PELLETS, HAIL 4 = ICE PELLETS
TOTAL MONTH: 0.8 INCH 5 = HAIL
GRTST 24HR 0.8 ON 15-15 6 = FREEZING RAIN OR DRIZZLE
GRTST DEPTH: 1 ON 15 7 = DUSTSTORM OR SANDSTORM:
VSBY 1/2 MILE OR LESS
8 = SMOKE OR HAZE
[NO. OF DAYS WITH] [WEATHER - DAYS WITH] 9 = BLOWING SNOW
X = TORNADO
MAX 32 OR BELOW: 1 0.01 INCH OR MORE: 8
MAX 90 OR ABOVE: 0 0.10 INCH OR MORE: 5
MIN 32 OR BELOW: 6 0.50 INCH OR MORE: 3
MIN 0 OR BELOW: 0 1.00 INCH OR MORE: 0
[HDD (BASE 65) ]
TOTAL THIS MO. 394 CLEAR (SCALE 0-3) 8
DPTR FM NORMAL 103 PTCLDY (SCALE 4-7) 10
TOTAL FM JUL 1 1261 CLOUDY (SCALE 8-10) 10
DPTR FM NORMAL -21
[CDD (BASE 65) ]
TOTAL THIS MO. 37
DPTR FM NORMAL 24 [PRESSURE DATA]
TOTAL FM JAN 1 41 HIGHEST SLP 30.53 ON 19
DPTR FM NORMAL 25 LOWEST SLP 29.80 ON 6
[REMARKS]
#FINAL-02-21#