000
CXUS54 KLCH 010830
CF6LFT
PRELIMINARY LOCAL CLIMATOLOGICAL DATA (WS FORM: F-6)
STATION: LAFAYETTE
MONTH: APRIL
YEAR: 2022
LATITUDE: 30 12 N
LONGITUDE: 92 0 W
TEMPERATURE IN F: :PCPN: SNOW: WIND :SUNSHINE: SKY :PK WND
================================================================================
1 2 3 4 5 6A 6B 7 8 9 10 11 12 13 14 15 16 17 18
12Z AVG MX 2MIN
DY MAX MIN AVG DEP HDD CDD WTR SNW DPTH SPD SPD DIR MIN PSBL S-S WX SPD DR
================================================================================
1 76 47 62 -4 3 0 0.00 0.0 M 3.2 12 20 M M 0 17 40
2 82 55 69 3 0 4 0.00 0.0 M 3.1 12 30 M M 3 17 40
3 83 53 68 2 0 3 0.00 0.0 M 4.6 13 180 M M 0 19 190
4 82 56 69 2 0 4 0.09 0.0 M 3.5 13 190 M M 5 18 19 160
5 80 71 76 9 0 11 0.40 0.0 M 10.6 21 220 M M 10 13 29 230
6 85 65 75 8 0 10 T 0.0 M 11.0 25 10 M M 9 18 34 10
7 74 53 64 -3 1 0 0.00 0.0 M 12.2 30 320 M M 1 44 300
8 71 48 60 -7 5 0 0.00 0.0 M 11.2 28 310 M M 0 40 320
9 76 40 58 -10 7 0 0.00 0.0 M 6.4 16 220 M M 0 21 290
10 77 53 65 -3 0 0 0.00 0.0 M 9.9 24 190 M M 1 35 150
11 76 68 72 4 0 7 0.07 0.0 0 8.9 18 160 M M 8 3 33 160
12 77 65 71 3 0 6 0.99 0.0 M 8.6 30 170 M M 7 13 45 170
13 79 60 70 2 0 5 0.93 0.0 M 12.7 24 340 M M 7 13 43 160
14 81 59 70 1 0 5 0.00 0.0 M 7.4 18 20 M M 4 24 10
15 80 62 71 2 0 6 T 0.0 M 6.9 20 170 M M 9 8 34 160
16 84 74 79 10 0 14 T 0.0 M 7.8 16 200 M M 8 24 200
17 83 73 78 9 0 13 0.00 0.0 M 8.7 18 200 M M 8 29 250
18 74 56 65 -5 0 0 0.01 0.0 M 13.5 23 30 M M 4 32 50
19 74 50 62 -8 3 0 0.00 0.0 M 4.5 10 80 M M 0 19 80
20 79 54 67 -3 0 2 0.00 0.0 M 6.5 22 170 M M 1 36 170
21 85 65 75 5 0 10 0.00 0.0 M 6.2 18 180 M M 6 29 160
22 83 65 74 3 0 9 0.00 0.0 M 4.8 15 170 M M 3 24 110
23 84 66 75 4 0 10 T 0.0 M 8.5 20 170 M M 6 31 170
24 86 71 79 8 0 14 0.00 0.0 M 8.9 20 190 M M 7 30 180
25 85 65 75 4 0 10 0.26 0.0 M 7.2 23 10 M M 9 13 33 20
26 80 58 69 -3 0 4 0.01 0.0 M 10.3 20 20 M M 3 26 20
27 80 52 66 -6 0 1 0.00 0.0 M 4.5 10 30 M M 0 16 40
28 83 54 69 -3 0 4 0.00 0.0 M 2.6 12 180 M M 0 17 180
29 84 57 71 -1 0 6 0.00 0.0 M 4.1 14 210 M M 1 1 21 180
30 87 60 74 1 0 9 0.00 0.0 M 5.1 15 180 M M 3 23 210
================================================================================
SM 2410 1775 19 167 2.76 0.0 223.4 M 123
================================================================================
AV 80.3 59.2 7.4 FASTST M M 4 MAX(MPH)
MISC ----> # 30 320 45 170
================================================================================
NOTES:
# LAST OF SEVERAL OCCURRENCES
COLUMN 17 PEAK WIND IN M.P.H.
PRELIMINARY LOCAL CLIMATOLOGICAL DATA (WS FORM: F-6) , PAGE 2
STATION: LAFAYETTE
MONTH: APRIL
YEAR: 2022
LATITUDE: 30 12 N
LONGITUDE: 92 0 W
[TEMPERATURE DATA] [PRECIPITATION DATA] SYMBOLS USED IN COLUMN 16
AVERAGE MONTHLY: 69.8 TOTAL FOR MONTH: 2.76 1 = FOG OR MIST
DPTR FM NORMAL: 0.6 DPTR FM NORMAL: -2.15 2 = FOG REDUCING VISIBILITY
HIGHEST: 87 ON 30 GRTST 24HR 0.99 ON 12-12 TO 1/4 MILE OR LESS
LOWEST: 40 ON 9 3 = THUNDER
SNOW, ICE PELLETS, HAIL 4 = ICE PELLETS
TOTAL MONTH: 0.0 INCH 5 = HAIL
GRTST 24HR 0.0 6 = FREEZING RAIN OR DRIZZLE
GRTST DEPTH: 0 7 = DUSTSTORM OR SANDSTORM:
VSBY 1/2 MILE OR LESS
8 = SMOKE OR HAZE
[NO. OF DAYS WITH] [WEATHER - DAYS WITH] 9 = BLOWING SNOW
X = TORNADO
MAX 32 OR BELOW: 0 0.01 INCH OR MORE: 8
MAX 90 OR ABOVE: 0 0.10 INCH OR MORE: 4
MIN 32 OR BELOW: 0 0.50 INCH OR MORE: 2
MIN 0 OR BELOW: 0 1.00 INCH OR MORE: 0
[HDD (BASE 65) ]
TOTAL THIS MO. 19 CLEAR (SCALE 0-3) 14
DPTR FM NORMAL -19 PTCLDY (SCALE 4-7) 10
TOTAL FM JUL 1 1205 CLOUDY (SCALE 8-10) 6
DPTR FM NORMAL -168
[CDD (BASE 65) ]
TOTAL THIS MO. 167
DPTR FM NORMAL 5 [PRESSURE DATA]
TOTAL FM JAN 1 254 HIGHEST SLP 30.28 ON 22
DPTR FM NORMAL -21 LOWEST SLP 29.62 ON 6
[REMARKS]
#FINAL-04-22#