000
CXUS54 KFWD 010730
CF6LHB
PRELIMINARY LOCAL CLIMATOLOGICAL DATA (WS FORM: F-6)
STATION: HEARNE
MONTH: OCTOBER
YEAR: 2021
LATITUDE: 30 52 N
LONGITUDE: 96 36 W
TEMPERATURE IN F: :PCPN: SNOW: WIND :SUNSHINE: SKY :PK WND
================================================================================
1 2 3 4 5 6A 6B 7 8 9 10 11 12 13 14 15 16 17 18
12Z AVG MX 2MIN
DY MAX MIN AVG DEP HDD CDD WTR SNW DPTH SPD SPD DIR MIN PSBL S-S WX SPD DR
================================================================================
1 80 70 75 M 0 10 0.29 M M 3.6 12 110 M M 7 17 110
2 88 71 80 M 0 15 0.00 M M 0.6 6 320 M M 6 1 M M
3 90 69 80 M 0 15 0.00 M M 2.4 9 340 M M 2 1 M M
4 89 61 75 M 0 10 0.00 M M 4.0 16 330 M M 0 23 330
5 87 56 72 M 0 7 0.00 M M 3.0 15 360 M M 0 25 10
6 88 56 72 M 0 7 0.00 M M 1.0 5 190 M M 1 M M
7 90 61 76 M 0 11 0.00 M M 2.1 7 180 M M 0 9 180
8 91 63 77 M 0 12 0.00 M M 2.6 8 200 M M 0 M M
9 89 62 76 M 0 11 0.00 M M 5.2 12 170 M M 0 1 17 150
10 92 69 81 M 0 16 0.00 M M 10.4 21 170 M M 7 28 170
11 84 62 73 M 0 8 0.00 M M 0.9 7 340 M M 1 M M
12 87 68 78 M 0 13 0.07 M M 6.2 18 150 M M 7 13 25 140
13 91 70 81 M 0 16 0.21 M M 10.6 16 170 M M 7 29 140
14 82 70 76 M 0 11 1.69 M M 5.2 14 330 M M 7 23 330
15 87 60 74 M 0 9 0.00 M M 6.6 21 330 M M 4 12 26 330
16 75 50 63 M 2 0 0.00 M M 5.3 17 10 M M 0 23 10
17 75 46 61 M 4 0 0.00 M M 0.8 6 100 M M 0 M M
18 76 47 62 M 3 0 0.00 M M 2.1 10 160 M M 0 16 130
19 82 56 69 M 0 4 0.00 M M 2.9 9 160 M M 0 17 150
20 86 58 72 M 0 7 0.00 M M 0.8 5 230 M M 2 12 M M
21 88 64 76 M 0 11 0.00 M M 0.4 6 30 M M 4 M M
22 88 63 76 M 0 11 0.00 M M 0.9 6 150 M M 1 M M
23 88 69 79 M 0 14 0.00 M M 6.3 15 180 M M 5 18 23 150
24 87 67 77 M 0 12 0.00 M M 3.8 10 180 M M 5 17 180
25 88 71 80 M 0 15 0.00 M M 1.8 8 190 M M 5 18 M M
26 88 72 80 M 0 15 0.00 M M 7.6 14 150 M M 7 1 21 150
27 79 57 68 M 0 3 0.92 M M 9.1 20 290 M M 4 26 300
28 76 54 65 M 0 0 0.00 M M 12.3 30 330 M M 0 40 300
29 73 43 58 M 7 0 0.00 M M 10.4 22 310 M M 0 33 320
30 77 42 60 M 5 0 0.00 M M 0.5 3 360 M M 0 M M
31 M M M M M M 0.00 M M 1.1 7 180 M M 0 M M
================================================================================
SM 2541 1827 21 263 3.18 M 130.6 M 82
================================================================================
AV 84.7 60.9 4.2 FASTST M M 3 MAX(MPH)
MISC ----> 30 330 40 300
================================================================================
NOTES:
# LAST OF SEVERAL OCCURRENCES
COLUMN 17 PEAK WIND IN M.P.H.
PRELIMINARY LOCAL CLIMATOLOGICAL DATA (WS FORM: F-6) , PAGE 2
STATION: HEARNE
MONTH: OCTOBER
YEAR: 2021
LATITUDE: 30 52 N
LONGITUDE: 96 36 W
[TEMPERATURE DATA] [PRECIPITATION DATA] SYMBOLS USED IN COLUMN 16
AVERAGE MONTHLY: 72.8 TOTAL FOR MONTH: 3.18 1 = FOG OR MIST
DPTR FM NORMAL: 0.0 DPTR FM NORMAL: M 2 = FOG REDUCING VISIBILITY
HIGHEST: 92 ON 10 GRTST 24HR 1.69 ON 14-14 TO 1/4 MILE OR LESS
LOWEST: 42 ON 30 3 = THUNDER
SNOW, ICE PELLETS, HAIL 4 = ICE PELLETS
TOTAL MONTH: M 5 = HAIL
GRTST 24HR M ON M 6 = FREEZING RAIN OR DRIZZLE
GRTST DEPTH: M ON M 7 = DUSTSTORM OR SANDSTORM:
VSBY 1/2 MILE OR LESS
8 = SMOKE OR HAZE
[NO. OF DAYS WITH] [WEATHER - DAYS WITH] 9 = BLOWING SNOW
X = TORNADO
MAX 32 OR BELOW: 0 0.01 INCH OR MORE: 5
MAX 90 OR ABOVE: 5 0.10 INCH OR MORE: 4
MIN 32 OR BELOW: 0 0.50 INCH OR MORE: 2
MIN 0 OR BELOW: 0 1.00 INCH OR MORE: 1
[HDD (BASE 65) ]
TOTAL THIS MO. 21 CLEAR (SCALE 0-3) 18
DPTR FM NORMAL M PTCLDY (SCALE 4-7) 13
TOTAL FM JUL 1 21 CLOUDY (SCALE 8-10) 0
DPTR FM NORMAL M
[CDD (BASE 65) ]
TOTAL THIS MO. 263
DPTR FM NORMAL M [PRESSURE DATA]
TOTAL FM JAN 1 2941 HIGHEST SLP M ON M
DPTR FM NORMAL M LOWEST SLP M ON M
[REMARKS]
#FINAL-10-21#