000
CXUS55 KPUB 011210
CF6LHX
PRELIMINARY LOCAL CLIMATOLOGICAL DATA (WS FORM: F-6)
STATION: LA JUNTA CO
MONTH: JUNE
YEAR: 2022
LATITUDE: 38 2 N
LONGITUDE: 103 31 W
TEMPERATURE IN F: :PCPN: SNOW: WIND :SUNSHINE: SKY :PK WND
================================================================================
1 2 3 4 5 6A 6B 7 8 9 10 11 12 13 14 15 16 17 18
12Z AVG MX 2MIN
DY MAX MIN AVG DEP HDD CDD WTR SNW DPTH SPD SPD DIR MIN PSBL S-S WX SPD DR
================================================================================
1 57 47 52 -18 13 0 0.14 M M 8.1 28 20 M M 10 1 37 10
2 74 52 63 -7 2 0 0.00 M M 11.5 22 110 M M 6 29 120
3 84 49 67 -3 0 2 T M M 8.8 40 240 M M 3 3 53 240
4 90 48 69 -2 0 4 0.00 M M 8.0 18 60 M M 0 24 60
5 89 54 72 1 0 7 0.00 M M 7.5 26 80 M M 1 32 90
6 91 57 74 2 0 9 0.04 M M 11.4 33 20 M M 2 1238 46 20
7 89 55 72 0 0 7 0.04 M M 13.3 32 170 M M 2 38 43 180
8 78 57 68 -4 0 3 T M M 12.7 26 20 M M 3 3 35 30
9 91 60 76 4 0 11 0.00 M M 6.3 20 190 M M 0 3 26 190
10 93 55 74 1 0 9 0.00 M M 9.0 23 80 M M 0 27 80
11 102 61 82 9 0 17 T M M 10.8 21 10 M M 0 26 90
12 103 63 83 10 0 18 T M M 8.6 23 310 M M 0 3 39 300
13 103 70 87 13 0 22 0.00 M M 18.6 36 240 M M 1 8 45 200
14 91 58 75 1 0 10 0.00 M M 11.8 25 100 M M 0 35 110
15 87 53 70 -4 0 5 0.00 M M 11.0 25 360 M M 0 33 360
16 100 57 79 4 0 14 0.00 M M 10.3 35 190 M M 0 8 51 190
17 99 68 84 9 0 19 0.00 M M 15.0 32 160 M M 0 45 150
18 97 72 85 10 0 20 0.00 M M 17.1 35 170 M M 1 43 160
19 96 63 80 5 0 15 0.05 M M 15.8 39 190 M M 2 38 54 180
20 97 61 79 3 0 14 0.00 M M 11.1 24 220 M M 0 31 180
21 75 54 65 -11 0 0 T M M 10.3 35 50 M M 3 48 40
22 78 50 64 -12 1 0 T M M 7.6 24 220 M M 2 12 33 160
23 95 67 81 5 0 16 T M M 12.4 30 270 M M 2 39 270
24 98 60 79 3 0 14 T M M 11.8 35 10 M M 0 47 360
25 78 64 71 -6 0 6 T M M 11.9 26 50 M M 2 33 20
26 68 58 63 -14 2 0 T M M 11.5 22 110 M M 3 27 120
27 74 55 65 -12 0 0 0.37 M M 9.1 18 150 M M 5 1 22 150
28 91 50 71 -6 0 6 0.00 M M 7.0 18 130 M M 0 1 28 170
29 98 56 77 -1 0 12 0.00 M M 8.4 26 150 M M 0 34 160
30 99 63 81 3 0 16 0.03 M M 8.0 48 340 M M 1 62 320
================================================================================
SM 2665 1737 18 276 0.67 M 324.7 M 49
================================================================================
AV 88.8 57.9 10.8 FASTST M M 2 MAX(MPH)
MISC ----> 48 340 62 320
================================================================================
NOTES:
# LAST OF SEVERAL OCCURRENCES
COLUMN 17 PEAK WIND IN M.P.H.
PRELIMINARY LOCAL CLIMATOLOGICAL DATA (WS FORM: F-6) , PAGE 2
STATION: LA JUNTA CO
MONTH: JUNE
YEAR: 2022
LATITUDE: 38 2 N
LONGITUDE: 103 31 W
[TEMPERATURE DATA] [PRECIPITATION DATA] SYMBOLS USED IN COLUMN 16
AVERAGE MONTHLY: 73.4 TOTAL FOR MONTH: 0.67 1 = FOG OR MIST
DPTR FM NORMAL: -0.8 DPTR FM NORMAL: -0.64 2 = FOG REDUCING VISIBILITY
HIGHEST: 103 ON 13,12 GRTST 24HR 0.37 ON 27-27 TO 1/4 MILE OR LESS
LOWEST: 47 ON 1 3 = THUNDER
SNOW, ICE PELLETS, HAIL 4 = ICE PELLETS
TOTAL MONTH: M 5 = HAIL
GRTST 24HR M ON M 6 = FREEZING RAIN OR DRIZZLE
GRTST DEPTH: M ON M 7 = DUSTSTORM OR SANDSTORM:
VSBY 1/2 MILE OR LESS
8 = SMOKE OR HAZE
[NO. OF DAYS WITH] [WEATHER - DAYS WITH] 9 = BLOWING SNOW
X = TORNADO
MAX 32 OR BELOW: 0 0.01 INCH OR MORE: 6
MAX 90 OR ABOVE: 18 0.10 INCH OR MORE: 2
MIN 32 OR BELOW: 0 0.50 INCH OR MORE: 0
MIN 0 OR BELOW: 0 1.00 INCH OR MORE: 0
[HDD (BASE 65) ]
TOTAL THIS MO. 18 CLEAR (SCALE 0-3) 24
DPTR FM NORMAL 8 PTCLDY (SCALE 4-7) 5
TOTAL FM JUL 1 4435 CLOUDY (SCALE 8-10) 1
DPTR FM NORMAL -598
[CDD (BASE 65) ]
TOTAL THIS MO. 276
DPTR FM NORMAL -10 [PRESSURE DATA]
TOTAL FM JAN 1 376 HIGHEST SLP M ON M
DPTR FM NORMAL 2 LOWEST SLP 29.31 ON 13
[REMARKS]
#FINAL-06-22#