000
CXHW51 PHFO 011250
CF6LIH
PRELIMINARY LOCAL CLIMATOLOGICAL DATA (WS FORM: F-6)
STATION: LIHUE HI
MONTH: SEPTEMBER
YEAR: 2022
LATITUDE: 21 58 N
LONGITUDE: 159 21 W
TEMPERATURE IN F: :PCPN: SNOW: WIND :SUNSHINE: SKY :PK WND
================================================================================
1 2 3 4 5 6A 6B 7 8 9 10 11 12 13 14 15 16 17 18
12Z AVG MX 2MIN
DY MAX MIN AVG DEP HDD CDD WTR SNW DPTH SPD SPD DIR MIN PSBL S-S WX SPD DR
================================================================================
1 85 73 79 -1 0 14 0.03 M M 14.3 22 50 M M 4 1 25 80
2 85 74 80 0 0 15 T M M 13.8 20 40 M M 4 23 40
3 83 75 79 -1 0 14 0.25 M M 12.6 22 100 M M 7 1 27 100
4 84 75 80 0 0 15 0.06 M M 11.9 20 40 M M 7 1 23 30
5 85 77 81 1 0 16 T M M 12.7 18 40 M M 4 22 40
6 86 76 81 1 0 16 0.03 M M 14.0 22 60 M M 5 1 26 60
7 86 78 82 2 0 17 0.01 M M 14.0 22 70 M M 5 27 60
8 86 77 82 2 0 17 T M M 12.8 18 40 M M 3 22 50
9 84 72 78 -2 0 13 0.10 M M 11.5 25 90 M M 7 1 30 90
10 85 74 80 0 0 15 0.05 M M 10.4 21 30 M M 5 18 25 30
11 85 71 78 -2 0 13 0.02 M M 7.6 15 80 M M 6 1 18 80
12 86 72 79 -1 0 14 T M M 10.0 15 40 M M 4 19 50
13 86 77 82 2 0 17 T M M 12.2 17 50 M M 4 21 50
14 86 73 80 0 0 15 0.01 M M 8.0 21 50 M M 4 24 50
15 86 71 79 -1 0 14 T M M 7.0 9 40 M M 4 M M
16 85 70 78 -2 0 13 0.00 M M 7.9 14 240 M M 2 16 300
17 86 70 78 -2 0 13 T M M 8.5 13 80 M M 2 15 80
18 86 73 80 0 0 15 0.04 M M 10.8 22 90 M M 6 1 29 80
19 86 75 81 1 0 16 0.05 M M 14.8 20 70 M M 4 1 24 80
20 86 77 82 2 0 17 0.00 M M 14.2 20 40 M M 4 23 40
21 86 77 82 2 0 17 T M M 11.2 15 40 M M 4 25 110
22 85 73 79 -1 0 14 T M M 7.8 15 100 M M 5 19 90
23 86 70 78 -2 0 13 T M M 7.7 13 80 M M 4 16 80
24 85 74 80 0 0 15 T M M 7.9 15 100 M M 3 18 90
25 85 71 78 -2 0 13 T M M 7.6 12 80 M M 2 14 60
26 86 73 80 0 0 15 0.00 M M 9.5 15 70 M M 2 18 70
27 86 73 80 0 0 15 T M M 10.9 16 40 M M 3 19 40
28 85 71 78 -2 0 13 0.00 M M 8.4 14 40 M M 2 19 60
29 85 76 81 1 0 16 T M M 10.7 17 60 M M 3 1 21 60
30 86 73 80 0 0 15 T M M 8.9 18 80 M M 6 1 23 80
================================================================================
SM 2562 2211 0 445 0.65 M 319.6 M 125
================================================================================
AV 85.4 73.7 10.7 FASTST M M 4 MAX(MPH)
MISC ----> 25 90 30 90
================================================================================
NOTES:
# LAST OF SEVERAL OCCURRENCES
COLUMN 17 PEAK WIND IN M.P.H.
PRELIMINARY LOCAL CLIMATOLOGICAL DATA (WS FORM: F-6) , PAGE 2
STATION: LIHUE HI
MONTH: SEPTEMBER
YEAR: 2022
LATITUDE: 21 58 N
LONGITUDE: 159 21 W
[TEMPERATURE DATA] [PRECIPITATION DATA] SYMBOLS USED IN COLUMN 16
AVERAGE MONTHLY: 79.6 TOTAL FOR MONTH: 0.65 1 = FOG OR MIST
DPTR FM NORMAL: -0.4 DPTR FM NORMAL: -1.53 2 = FOG REDUCING VISIBILITY
HIGHEST: 86 ON 30,27 GRTST 24HR 0.28 ON 3- 4 TO 1/4 MILE OR LESS
LOWEST: 70 ON 23,17 3 = THUNDER
SNOW, ICE PELLETS, HAIL 4 = ICE PELLETS
TOTAL MONTH: M 5 = HAIL
GRTST 24HR M ON M 6 = FREEZING RAIN OR DRIZZLE
GRTST DEPTH: M ON M 7 = DUSTSTORM OR SANDSTORM:
VSBY 1/2 MILE OR LESS
8 = SMOKE OR HAZE
[NO. OF DAYS WITH] [WEATHER - DAYS WITH] 9 = BLOWING SNOW
X = TORNADO
MAX 32 OR BELOW: 0 0.01 INCH OR MORE: 11
MAX 90 OR ABOVE: 0 0.10 INCH OR MORE: 2
MIN 32 OR BELOW: 0 0.50 INCH OR MORE: 0
MIN 0 OR BELOW: 0 1.00 INCH OR MORE: 0
[HDD (BASE 65) ]
TOTAL THIS MO. 0 CLEAR (SCALE 0-3) 8
DPTR FM NORMAL 0 PTCLDY (SCALE 4-7) 22
TOTAL FM JUL 1 0 CLOUDY (SCALE 8-10) 0
DPTR FM NORMAL 0
[CDD (BASE 65) ]
TOTAL THIS MO. 445
DPTR FM NORMAL -7 [PRESSURE DATA]
TOTAL FM JAN 1 2940 HIGHEST SLP 30.12 ON 12
DPTR FM NORMAL -146 LOWEST SLP 29.88 ON 22
[REMARKS]
#FINAL-09-22#