000
CXUS54 KLZK 011938
CLMLIT
CLIMATE REPORT
NATIONAL WEATHER SERVICE LITTLE ROCK AR
238 PM CDT TUE AUG 01 2023
...................................
...THE LITTLE ROCK ADAMS FIELD CLIMATE SUMMARY FOR THE MONTH OF JULY 2023...
CLIMATE NORMAL PERIOD 1991 TO 2020
CLIMATE RECORD PERIOD 1874 TO 2023
WEATHER OBSERVED NORMAL DEPART LAST YEAR`S
VALUE DATE(S) VALUE FROM VALUE DATE(S)
NORMAL
................................................................
TEMPERATURE (F)
RECORD
HIGH 112 07/31/1986
LOW 54 07/07/1972
HIGHEST 102 07/29 93 9 103 07/26
LOWEST 67 07/10 72 -5 71 07/15
07/11
AVG. MAXIMUM 92.8 91.7 1.1 97.0
AVG. MINIMUM 74.3 71.2 3.1 76.1
MEAN 83.6 81.4 2.2 86.6
DAYS MAX >= 90 24 23.4 0.6 27
DAYS MAX <= 32 0 0.0 0.0 0
DAYS MIN <= 32 0 0.0 0.0 0
DAYS MIN <= 0 0 0.0 0.0 0
PRECIPITATION (INCHES)
RECORD
MAXIMUM 11.65 2009
MINIMUM 0.01 1930
TOTALS 3.71 3.33 0.38 3.22
DAILY AVG. 0.12 0.11 0.01 0.10
DAYS >= .01 12 8.7 3.3 5
DAYS >= .10 8 5
DAYS >= .50 3 4
DAYS >= 1.00 0 0.8 -0.8 0
GREATEST
24 HR. TOTAL 0.94 07/21 TO 07/21
STORM TOTAL 0.94
(MM/DD(HH))
SNOWFALL (INCHES)
RECORDS
TOTAL MM MM
24 HR TOTAL MM
SNOW DEPTH MM MM
TOTALS 0.0 0.0 0.0 0.0
LIQUID EQUIV 0.00 0.00 0.00 0.00
SINCE 7/1 0.0 0.0 0.0 MM
LIQUID 7/1 0.00 0.00 0.00 MM
SNOWDEPTH AVG. 0
DAYS >= TRACE 0 0.0 0.0 0
DAYS >= 1.0 0 0
GREATEST
SNOW DEPTH 0
24 HR TOTAL MM MM 0.0
DEGREE DAYS
HEATING TOTAL 0 0 0 0
SINCE 7/1 0 0 0 MM
COOLING TOTAL 584 510 74 675
SINCE 1/1 1445 1142 303 MM
FREEZE DATES
RECORD
EARLIEST 10/20/1989
LATEST 04/19/1983
EARLIEST 11/12
LATEST 03/13
................................................................
WIND (MPH)
AVERAGE WIND SPEED 6.4
HIGHEST WIND SPEED/DIRECTION 44/350 DATE 07/14
HIGHEST GUST SPEED/DIRECTION 58/360 DATE 07/14
SKY COVER
POSSIBLE SUNSHINE (PERCENT) MM
AVERAGE SKY COVER 0.53
NUMBER OF DAYS FAIR 7
NUMBER OF DAYS PC 18
NUMBER OF DAYS CLOUDY 6
WEATHER CONDITIONS. NUMBER OF DAYS WITH
THUNDERSTORM 14 MIXED PRECIP 0
HEAVY RAIN 8 RAIN 7
LIGHT RAIN 15 FREEZING RAIN 0
LT FREEZING RAIN 0 HAIL 0
HEAVY SNOW 0 SLEET 0
FOG 15 FOG W/VIS <= 1/4 MILE 1
HAZE 6
- INDICATES NEGATIVE NUMBERS.
R INDICATES RECORD WAS SET OR TIED.
MM INDICATES DATA IS MISSING.
T INDICATES TRACE AMOUNT.
$$