000
CXUS54 KLZK 201455
CLMLIT
CLIMATE REPORT...UPDATED WITH SUPPLEMENTAL DATA
NATIONAL WEATHER SERVICE LITTLE ROCK AR
841 PM CST FRI MAR 01 2024
...................................
...THE LITTLE ROCK ADAMS FIELD CLIMATE SUMMARY FOR THE MONTH OF FEBRUARY 2024...
CLIMATE NORMAL PERIOD 1991 TO 2020
CLIMATE RECORD PERIOD 1874 TO 2024
WEATHER OBSERVED NORMAL DEPART LAST YEAR`S
VALUE DATE(S) VALUE FROM VALUE DATE(S)
NORMAL
................................................................
TEMPERATURE (F)
RECORD
HIGH 87 02/25/1918
LOW -12 02/12/1899
HIGHEST 81 02/25 56 25 81 02/28
LOWEST 26 02/18 35 -9 27 02/18
02/04
AVG. MAXIMUM 66.0 55.2 10.8 62.1
AVG. MINIMUM 43.7 34.2 9.5 41.7
MEAN 54.8 44.7 10.1 51.9
DAYS MAX >= 90 0 0.0 0.0 0
DAYS MAX <= 32 0 0.7 -0.7 1
DAYS MIN <= 32 2 10.9 -8.9 5
DAYS MIN <= 0 0 0.0 0.0 0
PRECIPITATION (INCHES)
RECORD
MAXIMUM 14.04 2018
MINIMUM 0.51 1947
TOTALS 3.10 3.97 -0.87 7.62
DAILY AVG. 0.11 NAN NAN 0.27
DAYS >= .01 9 9.3 -0.3 10
DAYS >= .10 6 8
DAYS >= .50 3 3
DAYS >= 1.00 0 1.2 -1.2 2
GREATEST
24 HR. TOTAL 1.08 02/03 TO 02/04
STORM TOTAL 0.90
(MM/DD(HH))
SNOWFALL (INCHES)
RECORDS
TOTAL 20.3 2021
24 HR TOTAL 11.8 02/17/2021 TO 02/17/2021
SNOW DEPTH 15 02/18/2021
TOTALS T 1.6 -1.6 T
LIQUID EQUIV T 0.10 -0.10 T
SINCE 7/1 3.7 3.3 0.4 MM
LIQUID 7/1 0.37 0.30 0.07 MM
SNOWDEPTH AVG. 0
DAYS >= TRACE 1 0.9 0.1 1
DAYS >= 1.0 0 0
GREATEST
SNOW DEPTH 0
24 HR TOTAL T 0MM29 TO 02/29 T
DEGREE DAYS
HEATING TOTAL 305 569 -264 367
SINCE 7/1 1987 2623 -636 MM
COOLING TOTAL 17 1 16 7
SINCE 1/1 17 2 15 MM
FREEZE DATES
RECORD
EARLIEST 10/20/1989
LATEST 04/19/1983
EARLIEST 11/01
LATEST 03/20
................................................................
WIND (MPH)
AVERAGE WIND SPEED 7.8
HIGHEST WIND SPEED/DIRECTION 32/330 DATE 02/28
HIGHEST GUST SPEED/DIRECTION 44/220 DATE 02/27
SKY COVER
POSSIBLE SUNSHINE (PERCENT) MM
AVERAGE SKY COVER 0.51
NUMBER OF DAYS FAIR 10
NUMBER OF DAYS PC 10
NUMBER OF DAYS CLOUDY 9
WEATHER CONDITIONS. NUMBER OF DAYS WITH
THUNDERSTORM 4 MIXED PRECIP 0
HEAVY RAIN 1 RAIN 6
LIGHT RAIN 10 FREEZING RAIN 0
LT FREEZING RAIN 0 HAIL 0
HEAVY SNOW 0 SLEET 1
FOG 7 FOG W/VIS <= 1/4 MILE 0
HAZE 7
- INDICATES NEGATIVE NUMBERS.
R INDICATES RECORD WAS SET OR TIED.
MM INDICATES DATA IS MISSING.
T INDICATES TRACE AMOUNT.
&&
...ADDITIONAL DATA FOR LITTLE ROCK ADAMS FIELD FOR JANUARY 2023...
.MONTHLY AVERAGE...
THE AVERAGE HIGH TEMPERATURE OF 66.0 (+10.8) WAS THE WARMEST AVERAGE
MONTHLY HIGH ON RECORD FOR THE MONTH OF FEBRUARY AT ADAMS FIELD.
THE AVERAGE LOW TEMPERATURE OF 43.7 (+9.5) WAS THE 4TH WARMEST
AVERAGE MONTHLY LOW ON RECORD.
THE AVERAGE MEAN TEMPERATURE OF 54.8 (+10.1) WAS THE WARMEST AVERAGE
MONTHLY TEMPERATURE ON RECORD FOR THE MONTH OF FEBRUARY AT ADAMS
FIELD.
THE MONTHLY HIGH, LOW, AND MONTH AVERAGE TEMPERATURES WERE ALL WELL
ABOVE THE 30-YEAR CLIMATOLOGICAL AVERAGES.
.DAILY TEMPERATURES...
DAILY TEMPERATURES WERE AVERAGE FOR 4 DAYS.
DAILY TEMPERATURES WERE ABOVE AVERAGE ON 22 DAYS.
DAILY TEMPERATURES WERE BELOW AVERAGE ON 3 DAYS.
.DAILY TEMPERATURE RECORDS TIED OR BROKEN DURING THE MONTH...
DATE RECORD TYPE NEW RECORD OLD RECORD
02/22 HIGH TEMPERATURE 77 IN 2024 77 IN 2023
02/27 WARMEST LOW TEMP 69 IN 2024 62 IN 1955
.MONTHLY RAINFALL...
THE MONTHLY RAINFALL TOTAL OF 3.10 INCHES (-0.87) WAS ONLY SLIGHTLY
BELOW AVERAGE FOR THE MONTH.
.DAILY RAINFALL RECORDS TIED OR BROKEN DURING THE MONTH...
NO DAILY RAINFALL RECORDS WERE TIED OR BROKEN THIS MONTH.
.MONTHLY SNOWFALL...
THE MONTHLY SNOWFALL TOTAL OF T TIED SEVERAL YEARS AS THE 30TH LEAST
SNOWY ON RECORD. MONTHLY SNOWFALL WAS 1.6 INCHES BELOW AVERAGE FOR
THE MONTH.
.DAILY SNOWFALL RECORDS TIED OR BROKEN DURING THE MONTH...
NO DAILY SNOWFALL RECORDS WERE TIED OR BROKEN THIS MONTH.
$$
69/70