000
CXUS54 KLZK 011130
CF6LLQ
PRELIMINARY LOCAL CLIMATOLOGICAL DATA (WS FORM: F-6)
STATION: Monticello
MONTH: FEBRUARY
YEAR: 2020
LATITUDE: 33 37 N
LONGITUDE: 91 45 W
TEMPERATURE IN F: :PCPN: SNOW: WIND :SUNSHINE: SKY :PK WND
================================================================================
1 2 3 4 5 6A 6B 7 8 9 10 11 12 13 14 15 16 17 18
12Z AVG MX 2MIN
DY MAX MIN AVG DEP HDD CDD WTR SNW DPTH SPD SPD DIR MIN PSBL S-S WX SPD DR
================================================================================
1 59 41 50 5 15 0 0.00 0.0 M 6.4 15 260 M M 4 21 280
2 77 45 61 16 4 0 0.00 0.0 0 9.4 16 220 M M 0 23 220
3 67 50 59 14 6 0 T 0.0 0 10.4 22 210 M M 4 31 210
4 70 61 66 21 0 1 1.00 0.0 0 8.1 20 200 M M 9 13 26 200
5 61 41 51 5 14 0 0.91 0.0 0 6.9 10 30 M M 10 1 20 30
6 42 34 38 -8 27 0 0.13 T 0 M M M M M M M M
7 49 29 39 -7 26 0 0.00 0.0 M 4.6 13 200 M M 5 17 200
8 61 35 48 2 17 0 0.00 0.0 0 3.6 12 130 M M 1 16 140
9 71 46 59 13 6 0 0.05 0.0 0 8.2 22 170 M M 7 3 32 160
10 68 47 58 11 7 0 3.43 0.0 0 6.5 15 40 M M 9 13 24 170
11 47 42 45 -2 20 0 0.59 0.0 0 6.4 14 50 M M 10 1 19 50
12 48 42 45 -2 20 0 1.10 0.0 0 6.1 21 280 M M 10 1 36 290
13 47 33 40 -7 25 0 0.00 0.0 0 5.5 14 350 M M 8 1 24 320
14 43 29 36 -12 29 0 0.00 0.0 0 6.1 16 50 M M 0 22 50
15 62 27 45 -3 20 0 0.00 0.0 0 4.2 15 160 M M 4 20 180
16 60 51 56 8 9 0 0.00 0.0 0 1.8 7 140 M M 10 1 10 120
17 70 53 62 14 3 0 0.00 0.0 0 6.8 14 150 M M 10 1 19 160
18 72 45 59 11 6 0 0.25 0.0 0 8.6 20 50 M M 10 138 29 50
19 50 41 46 -3 19 0 0.37 M 0 9.5 18 50 M M 10 1 24 40
20 45 37 41 -8 24 0 1.19 M 0 9.0 15 40 M M 7 1 23 30
21 45 27 36 -13 29 0 0.00 0.0 0 5.1 18 50 M M 0 23 50
22 54 27 41 -9 24 0 0.00 0.0 0 3.0 10 190 M M 1 14 220
23 55 44 50 0 15 0 0.15 0.0 0 3.8 12 130 M M 8 1 16 130
24 69 51 60 10 5 0 0.00 0.0 0 9.9 22 200 M M 7 1 32 190
25 74 47 61 11 4 0 0.00 0.0 0 4.6 12 310 M M 6 16 300
26 50 36 43 -8 22 0 0.01 M 0 7.4 17 310 M M 9 26 330
27 52 28 40 -11 25 0 0.00 0.0 0 5.8 14 250 M M 0 19 230
28 62 37 50 -1 15 0 0.00 0.0 0 8.2 16 300 M M 0 23 290
29 72 38 55 4 10 0 0.00 0.0 0 6.2 16 270 M M 0 22 270
================================================================================
SM 1702 1164 446 1 9.18 T 182.1 M 159
================================================================================
AV 58.7 40.1 6.5 FASTST M M 6 MAX(MPH)
MISC ----> # 22 210 # 36 290
================================================================================
NOTES:
# LAST OF SEVERAL OCCURRENCES
COLUMN 17 PEAK WIND IN M.P.H.
PRELIMINARY LOCAL CLIMATOLOGICAL DATA (WS FORM: F-6) , PAGE 2
STATION: Monticello
MONTH: FEBRUARY
YEAR: 2020
LATITUDE: 33 37 N
LONGITUDE: 91 45 W
[TEMPERATURE DATA] [PRECIPITATION DATA] SYMBOLS USED IN COLUMN 16
AVERAGE MONTHLY: 49.4 TOTAL FOR MONTH: 9.18 1 = FOG OR MIST
DPTR FM NORMAL: 1.6 DPTR FM NORMAL: 4.20 2 = FOG REDUCING VISIBILITY
HIGHEST: 77 ON 2 GRTST 24HR 3.43 ON 10-10 TO 1/4 MILE OR LESS
LOWEST: 27 ON 22,21 3 = THUNDER
SNOW, ICE PELLETS, HAIL 4 = ICE PELLETS
TOTAL MONTH: T 5 = HAIL
GRTST 24HR T ON 6- 6 6 = FREEZING RAIN OR DRIZZLE
GRTST DEPTH: 0 7 = DUSTSTORM OR SANDSTORM:
VSBY 1/2 MILE OR LESS
8 = SMOKE OR HAZE
[NO. OF DAYS WITH] [WEATHER - DAYS WITH] 9 = BLOWING SNOW
X = TORNADO
MAX 32 OR BELOW: 0 0.01 INCH OR MORE: 12
MAX 90 OR ABOVE: 0 0.10 INCH OR MORE: 10
MIN 32 OR BELOW: 6 0.50 INCH OR MORE: 6
MIN 0 OR BELOW: 0 1.00 INCH OR MORE: 4
[HDD (BASE 65) ]
TOTAL THIS MO. 446 CLEAR (SCALE 0-3) 8
DPTR FM NORMAL -39 PTCLDY (SCALE 4-7) 9
TOTAL FM JUL 1 1989 CLOUDY (SCALE 8-10) 11
DPTR FM NORMAL -252
[CDD (BASE 65) ]
TOTAL THIS MO. 1
DPTR FM NORMAL -3 [PRESSURE DATA]
TOTAL FM JAN 1 6 HIGHEST SLP 30.72 ON 21
DPTR FM NORMAL 1 LOWEST SLP 29.58 ON 24
[REMARKS]
ALL SNOWFALL DATA IS FROM THE UNIVERSITY OF ARKANSAS AT MONTICELLO COOPERATIVE OBSERVER SITE
#FINAL-02-20#