053
CXUS55 KJKL 011501
CF6LOZ
PRELIMINARY LOCAL CLIMATOLOGICAL DATA (WS FORM: F-6)
STATION: LONDON KY
MONTH: JUNE
YEAR: 2020
LATITUDE: 37 4 N
LONGITUDE: 84 5 W
TEMPERATURE IN F: :PCPN: SNOW: WIND :SUNSHINE: SKY :PK WND
================================================================================
1 2 3 4 5 6A 6B 7 8 9 10 11 12 13 14 15 16 17 18
12Z AVG MX 2MIN
DY MAX MIN AVG DEP HDD CDD WTR SNW DPTH SPD SPD DIR MIN PSBL S-S WX SPD DR
================================================================================
1 78 47 63 -6 2 0 0.00 M M 2.4 12 100 M M 0 17 100
2 86 58 72 3 0 7 0.00 M M 6.4 17 250 M M 2 22 260
3 86 64 75 5 0 10 0.00 M M 6.4 20 240 M M 1 27 260
4 81 66 74 4 0 9 1.05 M M 4.8 26 230 M M 4 13 47 240
5 84 67 76 6 0 11 0.48 M M 4.8 14 330 M M 7 18 20 340
6 88 65 77 7 0 12 0.00 M M 2.3 10 290 M M 1 18 15 270
7 86 65 76 5 0 11 0.00 M M 5.0 12 50 M M 0 1 20 30
8 88 61 75 4 0 10 0.00 M M 3.3 8 60 M M 0 13 80
9 87 70 79 8 0 14 0.13 M M 6.5 21 180 M M 3 1 29 180
10 87 70 79 7 0 14 0.03 M M 10.1 21 180 M M 4 3 31 310
11 79 61 70 -2 0 5 0.00 M M 5.5 14 340 M M 3 21 310
12 83 54 69 -3 0 4 0.00 M M 3.1 14 50 M M 1 1 19 50
13 85 55 70 -2 0 5 0.00 M M 1.8 16 20 M M 2 23 20
14 75 58 67 -6 0 2 0.04 M M 4.1 15 50 M M 5 1 21 30
15 75 56 66 -7 0 1 0.00 M M 5.8 13 90 M M 4 20 100
16 75 55 65 -8 0 0 0.00 M M 5.0 15 80 M M 3 23 30
17 71 60 66 -7 0 1 T M M 4.2 13 10 M M 8 1 18 10
18 74 59 67 -7 0 2 0.47 M M 1.4 12 330 M M 8 123 15 330
19 83 60 72 -2 0 7 T M M 3.7 14 280 M M 10 12 20 280
20 85 61 73 -1 0 8 0.27 M M 3.1 21 350 M M 0 13 29 340
21 87 64 76 2 0 11 1.15 M M 4.1 38 260 M M 0 138 54 270
22 84 68 76 2 0 11 0.01 M M 6.6 15 200 M M 1 1 21 200
23 83 64 74 -1 0 9 0.77 M M 7.8 21 270 M M 4 1 30 260
24 80 60 70 -5 0 5 0.02 M M 3.8 16 250 M M 3 1 20 250
25 82 64 73 -2 0 8 0.40 M M 3.4 14 220 M M 4 12 20 210
26 85 59 72 -3 0 7 0.00 M M 4.8 13 190 M M 0 1 18 180
27 81 69 75 0 0 10 0.21 M M 7.4 18 250 M M 8 138 26 260
28 73 68 71 -5 0 6 0.48 M M 4.6 20 250 M M 8 13 30 250
29 84 69 77 1 0 12 0.11 M M 3.0 18 290 M M 6 13 29 280
30 82 68 75 -1 0 10 0.00 M M 4.3 14 250 M M 1 18 240
================================================================================
SM 2457 1865 2 222 5.62 M 139.5 M 101
================================================================================
AV 81.9 62.2 4.7 FASTST M M 3 MAX(MPH)
MISC ----> # 38 260 # 54 270
================================================================================
NOTES:
# LAST OF SEVERAL OCCURRENCES
COLUMN 17 PEAK WIND IN M.P.H.
PRELIMINARY LOCAL CLIMATOLOGICAL DATA (WS FORM: F-6) , PAGE 2
STATION: LONDON KY
MONTH: JUNE
YEAR: 2020
LATITUDE: 37 4 N
LONGITUDE: 84 5 W
[TEMPERATURE DATA] [PRECIPITATION DATA] SYMBOLS USED IN COLUMN 16
AVERAGE MONTHLY: 72.0 TOTAL FOR MONTH: 5.62 1 = FOG OR MIST
DPTR FM NORMAL: -0.8 DPTR FM NORMAL: 1.22 2 = FOG REDUCING VISIBILITY
HIGHEST: 88 ON 8, 6 GRTST 24HR 1.15 ON 21-21 TO 1/4 MILE OR LESS
LOWEST: 47 ON 1 3 = THUNDER
SNOW, ICE PELLETS, HAIL 4 = ICE PELLETS
TOTAL MONTH: M 5 = HAIL
GRTST 24HR M ON M 6 = FREEZING RAIN OR DRIZZLE
GRTST DEPTH: M ON M 7 = DUSTSTORM OR SANDSTORM:
VSBY 1/2 MILE OR LESS
8 = SMOKE OR HAZE
[NO. OF DAYS WITH] [WEATHER - DAYS WITH] 9 = BLOWING SNOW
X = TORNADO
MAX 32 OR BELOW: 0 0.01 INCH OR MORE: 15
MAX 90 OR ABOVE: 0 0.10 INCH OR MORE: 11
MIN 32 OR BELOW: 0 0.50 INCH OR MORE: 3
MIN 0 OR BELOW: 0 1.00 INCH OR MORE: 2
[HDD (BASE 65) ]
TOTAL THIS MO. 2 CLEAR (SCALE 0-3) 17
DPTR FM NORMAL -7 PTCLDY (SCALE 4-7) 11
TOTAL FM JUL 1 3856 CLOUDY (SCALE 8-10) 2
DPTR FM NORMAL -349
[CDD (BASE 65) ]
TOTAL THIS MO. 222
DPTR FM NORMAL -21 [PRESSURE DATA]
TOTAL FM JAN 1 330 HIGHEST SLP 30.31 ON 1
DPTR FM NORMAL -27 LOWEST SLP 29.72 ON 10
[REMARKS]
#FINAL-06-20#