000
CXUS54 KLZK 011330
CF6LRF
PRELIMINARY LOCAL CLIMATOLOGICAL DATA (WS FORM: F-6)
STATION: JACKSONVILLE/LITTLE ROCK AFB
MONTH: NOVEMBER
YEAR: 2023
LATITUDE: 34 55 N
LONGITUDE: 92 9 W
TEMPERATURE IN F: :PCPN: SNOW: WIND :SUNSHINE: SKY :PK WND
================================================================================
1 2 3 4 5 6A 6B 7 8 9 10 11 12 13 14 15 16 17 18
12Z AVG MX 2MIN
DY MAX MIN AVG DEP HDD CDD WTR SNW DPTH SPD SPD DIR MIN PSBL S-S WX SPD DR
================================================================================
1 52 25 39 -19 26 0 0.00 0.0 0 2.0 7 80 M M 0 M M
2 59 27 43 -14 22 0 0.00 0.0 0 2.2 8 120 M M 0 M M
3 69 29 49 -8 16 0 0.00 0.0 0 3.3 15 220 M M 0 17 200
4 75 37 56 0 9 0 0.00 0.0 0 0.9 5 140 M M 1 M M
5 77 44 61 5 4 0 0.00 0.0 0 1.8 7 150 M M 1 M M
6 80 49 65 9 0 0 0.00 0.0 0 4.2 13 200 M M 0 M M
7 80 53 67 12 0 2 0.00 0.0 0 3.8 12 210 M M 3 M M
8 77 56 67 12 0 2 0.00 0.0 0 9.7 16 210 M M 7 25 220
9 70 46 58 4 7 0 0.81 0.0 0 7.6 23 50 M M 10 18 33 60
10 64 39 52 -2 13 0 0.17 0.0 0 5.2 16 30 M M 4 8 22 60
11 64 39 52 -2 13 0 0.00 0.0 0 7.0 14 80 M M 4 8 M M
12 67 35 51 -2 14 0 0.00 0.0 0 1.9 7 40 M M 0 8 M M
13 68 37 53 0 12 0 0.00 0.0 0 2.4 8 90 M M 0 8 M M
14 67 41 54 1 11 0 0.00 0.0 0 2.6 9 80 M M 4 M M
15 67 39 53 1 12 0 0.00 0.0 0 2.4 7 80 M M 8 M M
16 65 55 60 8 5 0 0.00 0.0 0 3.3 7 120 M M 10 M M
17 67 51 59 8 6 0 0.00 0.0 0 3.3 7 280 M M 9 M M
18 67 37 52 1 13 0 0.00 0.0 0 2.4 9 20 M M 0 M M
19 65 32 49 -2 16 0 0.01 0.0 0 2.8 8 90 M M 4 M M
20 54 49 52 2 13 0 0.31 0.0 0 4.3 10 80 M M 10 123 16 320
21 55 48 52 2 13 0 T 0.0 0 7.0 14 330 M M 9 1 22 330
22 56 33 45 -5 20 0 0.00 0.0 0 4.4 10 320 M M 6 8 18 300
23 60 28 44 -5 21 0 0.00 0.0 0 1.0 7 230 M M 0 18 M M
24 60 34 47 -2 18 0 0.00 0.0 0 4.0 9 70 M M 5 8 M M
25 55 35 45 -4 20 0 0.00 0.0 0 3.6 8 50 M M 1 1 M M
26 53 30 42 -6 23 0 0.13 0.0 0 6.3 17 280 M M 6 1 28 300
27 54 23 39 -9 26 0 0.00 0.0 0 4.0 12 290 M M 0 18 290
28 56 25 41 -7 24 0 0.00 0.0 0 1.9 8 360 M M 0 M M
29 66 27 47 0 18 0 0.00 0.0 0 3.3 10 220 M M 0 M M
30 53 37 45 -2 20 0 2.09 0.0 0 4.2 16 60 M M 9 13 16 120
================================================================================
SM 1922 1140 415 4 3.52 0.0 112.8 M 111
================================================================================
AV 64.1 38.0 3.8 FASTST M M 4 MAX(MPH)
MISC ----> 23 50 33 60
================================================================================
NOTES:
# LAST OF SEVERAL OCCURRENCES
COLUMN 17 PEAK WIND IN M.P.H.
PRELIMINARY LOCAL CLIMATOLOGICAL DATA (WS FORM: F-6) , PAGE 2
STATION: JACKSONVILLE/LITTLE ROCK AFB
MONTH: NOVEMBER
YEAR: 2023
LATITUDE: 34 55 N
LONGITUDE: 92 9 W
[TEMPERATURE DATA] [PRECIPITATION DATA] SYMBOLS USED IN COLUMN 16
AVERAGE MONTHLY: 51.0 TOTAL FOR MONTH: 3.52 1 = FOG OR MIST
DPTR FM NORMAL: -1.1 DPTR FM NORMAL: M 2 = FOG REDUCING VISIBILITY
HIGHEST: 80 ON 7, 6 GRTST 24HR 2.09 ON 30-30 TO 1/4 MILE OR LESS
LOWEST: 23 ON 27 3 = THUNDER
SNOW, ICE PELLETS, HAIL 4 = ICE PELLETS
TOTAL MONTH: 0.0 INCH 5 = HAIL
GRTST 24HR 0.0 6 = FREEZING RAIN OR DRIZZLE
GRTST DEPTH: 0 7 = DUSTSTORM OR SANDSTORM:
VSBY 1/2 MILE OR LESS
8 = SMOKE OR HAZE
[NO. OF DAYS WITH] [WEATHER - DAYS WITH] 9 = BLOWING SNOW
X = TORNADO
MAX 32 OR BELOW: 0 0.01 INCH OR MORE: 6
MAX 90 OR ABOVE: 0 0.10 INCH OR MORE: 5
MIN 32 OR BELOW: 9 0.50 INCH OR MORE: 2
MIN 0 OR BELOW: 0 1.00 INCH OR MORE: 1
[HDD (BASE 65) ]
TOTAL THIS MO. 415 CLEAR (SCALE 0-3) 15
DPTR FM NORMAL 8 PTCLDY (SCALE 4-7) 9
TOTAL FM JUL 1 532 CLOUDY (SCALE 8-10) 6
DPTR FM NORMAL -30
[CDD (BASE 65) ]
TOTAL THIS MO. 4
DPTR FM NORMAL -5 [PRESSURE DATA]
TOTAL FM JAN 1 2205 HIGHEST SLP M ON M
DPTR FM NORMAL 170 LOWEST SLP M ON M
[REMARKS]
#FINAL-11-23#