000
CXUS54 KFWD 010731
CF6LUD
PRELIMINARY LOCAL CLIMATOLOGICAL DATA (WS FORM: F-6)
STATION: DECATUR
MONTH: AUGUST
YEAR: 2021
LATITUDE: 33 15 N
LONGITUDE: 97 30 W
TEMPERATURE IN F: :PCPN: SNOW: WIND :SUNSHINE: SKY :PK WND
================================================================================
1 2 3 4 5 6A 6B 7 8 9 10 11 12 13 14 15 16 17 18
12Z AVG MX 2MIN
DY MAX MIN AVG DEP HDD CDD WTR SNW DPTH SPD SPD DIR MIN PSBL S-S WX SPD DR
================================================================================
1 91 71 81 -2 0 16 4.11 M M 6.5 16 130 M M 3 26 170
2 87 70 79 -4 0 14 0.03 M M 4.7 12 20 M M 4 18 20 20
3 88 69 79 -4 0 14 0.00 M M 2.1 7 10 M M 2 8 M M
4 89 72 81 -2 0 16 0.00 M M 3.3 8 90 M M 2 M M
5 91 71 81 -2 0 16 0.00 M M 6.8 10 60 M M 1 17 210
6 93 73 83 0 0 18 0.00 M M 7.6 12 130 M M 0 17 130
7 93 75 84 1 0 19 0.00 M M 10.6 16 150 M M 1 21 150
8 96 76 86 3 0 21 0.00 M M 12.8 17 170 M M 0 24 180
9 97 78 88 5 0 23 0.00 M M 11.9 15 160 M M 0 24 170
10 96 76 86 3 0 21 0.00 M M 12.5 16 160 M M 0 25 140
11 96 74 85 2 0 20 0.00 M M 11.9 16 160 M M 0 23 210
12 98 77 88 5 0 23 0.00 M M 9.2 15 170 M M 0 18 170
13 94 77 86 3 0 21 0.00 M M 5.9 12 160 M M 0 M M
14 86 73 80 -3 0 15 0.00 M M 6.1 15 60 M M 2 21 40
15 90 73 82 -1 0 17 M M M 3.1 8 100 M M 4 17 80
16 92 71 82 -1 0 17 M M M 4.1 9 90 M M 1 1 M M
17 83 70 77 -5 0 12 1.47 M M 5.6 17 250 M M 4 1 22 250
18 80 72 76 -6 0 11 3.20 M M 6.2 10 140 M M 7 13 17 120
19 92 73 83 1 0 18 0.00 M M 8.5 15 160 M M 4 1 20 160
20 94 77 86 4 0 21 0.00 M M 10.2 15 170 M M 0 21 170
21 95 78 87 5 0 22 0.00 M M 8.2 12 190 M M 0 17 170
22 96 77 87 5 0 22 0.00 M M 7.4 10 170 M M 0 17 170
23 96 76 86 4 0 21 0.00 M M 7.7 12 160 M M 0 20 160
24 96 76 86 4 0 21 0.00 M M 8.6 13 170 M M 0 16 190
25 96 75 86 5 0 21 0.00 M M 5.8 10 200 M M 0 M M
26 95 75 85 4 0 20 0.00 M M 4.6 10 80 M M 1 8 16 80
27 91 73 82 1 0 17 0.00 M M 5.8 10 100 M M 0 17 100
28 91 73 82 1 0 17 0.00 M M 4.0 12 80 M M 1 18 80
29 89 72 81 1 0 16 0.00 M M 4.6 14 60 M M 4 18 80
30 93 73 83 3 0 18 0.00 M M 2.5 8 40 M M 1 M M
31 96 76 86 6 0 21 0.00 M M 4.1 8 150 M M 1 M M
================================================================================
SM 2860 2292 0 569 8.81 M 212.9 M 43
================================================================================
AV 92.3 73.9 6.9 FASTST M M 1 MAX(MPH)
MISC ----> # 17 170 26 170
================================================================================
NOTES:
# LAST OF SEVERAL OCCURRENCES
COLUMN 17 PEAK WIND IN M.P.H.
PRELIMINARY LOCAL CLIMATOLOGICAL DATA (WS FORM: F-6) , PAGE 2
STATION: DECATUR
MONTH: AUGUST
YEAR: 2021
LATITUDE: 33 15 N
LONGITUDE: 97 30 W
[TEMPERATURE DATA] [PRECIPITATION DATA] SYMBOLS USED IN COLUMN 16
AVERAGE MONTHLY: 83.1 TOTAL FOR MONTH: 8.81 1 = FOG OR MIST
DPTR FM NORMAL: 0.8 DPTR FM NORMAL: 6.66 2 = FOG REDUCING VISIBILITY
HIGHEST: 98 ON 12 GRTST 24HR 4.11 ON 1- 1 TO 1/4 MILE OR LESS
LOWEST: 69 ON 3 3 = THUNDER
SNOW, ICE PELLETS, HAIL 4 = ICE PELLETS
TOTAL MONTH: M 5 = HAIL
GRTST 24HR M ON M 6 = FREEZING RAIN OR DRIZZLE
GRTST DEPTH: M ON M 7 = DUSTSTORM OR SANDSTORM:
VSBY 1/2 MILE OR LESS
8 = SMOKE OR HAZE
[NO. OF DAYS WITH] [WEATHER - DAYS WITH] 9 = BLOWING SNOW
X = TORNADO
MAX 32 OR BELOW: 0 0.01 INCH OR MORE: 4
MAX 90 OR ABOVE: 24 0.10 INCH OR MORE: 3
MIN 32 OR BELOW: 0 0.50 INCH OR MORE: 3
MIN 0 OR BELOW: 0 1.00 INCH OR MORE: 3
[HDD (BASE 65) ]
TOTAL THIS MO. 0 CLEAR (SCALE 0-3) 24
DPTR FM NORMAL 0 PTCLDY (SCALE 4-7) 7
TOTAL FM JUL 1 0 CLOUDY (SCALE 8-10) 0
DPTR FM NORMAL 0
[CDD (BASE 65) ]
TOTAL THIS MO. 569
DPTR FM NORMAL 35 [PRESSURE DATA]
TOTAL FM JAN 1 1832 HIGHEST SLP M ON M
DPTR FM NORMAL 122 LOWEST SLP M ON M
[REMARKS]
#FINAL-08-21#