000
CXUS54 KFWD 010731
CF6LUD
PRELIMINARY LOCAL CLIMATOLOGICAL DATA (WS FORM: F-6)
STATION: DECATUR
MONTH: OCTOBER
YEAR: 2020
LATITUDE: 33 15 N
LONGITUDE: 97 30 W
TEMPERATURE IN F: :PCPN: SNOW: WIND :SUNSHINE: SKY :PK WND
================================================================================
1 2 3 4 5 6A 6B 7 8 9 10 11 12 13 14 15 16 17 18
12Z AVG MX 2MIN
DY MAX MIN AVG DEP HDD CDD WTR SNW DPTH SPD SPD DIR MIN PSBL S-S WX SPD DR
================================================================================
1 78 59 69 0 0 4 0.00 0.0 0 M M M M M 0 M M
2 75 50 63 -5 2 0 0.00 0.0 0 M M M M M 0 M M
3 83 56 70 2 0 5 0.00 0.0 0 M M M M M 1 M M
4 76 56 66 -2 0 1 0.00 0.0 0 M M M M M 2 M M
5 78 49 64 -3 1 0 0.00 0.0 0 M M M M M 0 M M
6 87 55 71 4 0 6 0.00 0.0 0 M M M M M 0 M M
7 88 62 75 8 0 10 0.00 0.0 0 M M M M M 0 1 M M
8 86 58 72 6 0 7 0.00 0.0 0 4.3 9 110 M M 0 M M
9 86 65 76 10 0 11 0.00 0.0 0 5.8 9 80 M M 4 1 M M
10 87 64 76 10 0 11 0.00 0.0 0 2.3 6 130 M M 3 12 M M
11 94 64 79 13 0 14 0.00 0.0 0 8.9 15 170 M M 0 20 170
12 80 62 71 6 0 6 0.00 0.0 0 7.6 12 330 M M 1 8 21 340
13 81 54 68 3 0 3 0.00 0.0 0 4.5 7 150 M M 0 8 M M
14 91 61 76 11 0 11 0.00 0.0 0 11.9 17 160 M M 0 29 190
15 77 59 68 4 0 3 0.00 0.0 0 12.6 22 40 M M 4 35 40
16 70 48 59 -5 6 0 0.00 0.0 0 6.7 15 20 M M 0 21 20
17 78 52 65 1 0 0 0.00 0.0 0 12.7 18 160 M M 0 27 170
18 88 51 70 7 0 5 0.00 0.0 0 10.6 16 170 M M 4 27 180
19 61 48 55 -8 10 0 0.00 0.0 0 2.9 8 320 M M 9 1 M M
20 87 57 72 9 0 7 0.00 0.0 0 8.3 17 170 M M 5 1 23 170
21 84 68 76 13 0 11 0.00 0.0 0 10.5 16 150 M M 3 22 180
22 84 68 76 14 0 11 0.00 0.0 0 10.7 17 160 M M 3 18 23 160
23 75 45 60 -2 5 0 0.96 0.0 0 9.1 15 330 M M 9 27 50
24 58 38 48 -14 17 0 0.00 0.0 0 4.2 8 110 M M 4 M M
25 59 49 54 -7 11 0 0.02 0.0 0 9.7 14 50 M M 8 18 21 50
26 51 34 43 -18 22 0 0.26 0.0 0 9.8 14 10 M M 10 1 20 50
27 37 33 35 -26 30 0 0.10 M 0 7.0 10 350 M M 10 1 16 360
28 43 35 39 -21 26 0 0.49 M 0 7.7 13 260 M M 8 1 21 270
29 60 37 49 -11 16 0 0.00 0.0 0 8.1 13 310 M M 6 1 20 300
30 68 40 54 -6 11 0 0.00 0.0 0 2.8 7 140 M M 0 M M
31 72 46 59 -1 6 0 0.00 0.0 0 7.0 13 170 M M 0 20 170
================================================================================
SM 2322 1623 163 126 1.83 0.0 185.7 M 94
================================================================================
AV 74.9 52.4 7.7 FASTST M M 3 MAX(MPH)
MISC ----> # 22 40 # 35 40
================================================================================
NOTES:
# LAST OF SEVERAL OCCURRENCES
COLUMN 17 PEAK WIND IN M.P.H.
PRELIMINARY LOCAL CLIMATOLOGICAL DATA (WS FORM: F-6) , PAGE 2
STATION: DECATUR
MONTH: OCTOBER
YEAR: 2020
LATITUDE: 33 15 N
LONGITUDE: 97 30 W
[TEMPERATURE DATA] [PRECIPITATION DATA] SYMBOLS USED IN COLUMN 16
AVERAGE MONTHLY: 63.6 TOTAL FOR MONTH: 1.83 1 = FOG OR MIST
DPTR FM NORMAL: -0.5 DPTR FM NORMAL: -2.66 2 = FOG REDUCING VISIBILITY
HIGHEST: 94 ON 11 GRTST 24HR 0.96 ON 23-23 TO 1/4 MILE OR LESS
LOWEST: 33 ON 27 3 = THUNDER
SNOW, ICE PELLETS, HAIL 4 = ICE PELLETS
TOTAL MONTH: 0.0 INCH 5 = HAIL
GRTST 24HR 0.0 6 = FREEZING RAIN OR DRIZZLE
GRTST DEPTH: 0 7 = DUSTSTORM OR SANDSTORM:
VSBY 1/2 MILE OR LESS
8 = SMOKE OR HAZE
[NO. OF DAYS WITH] [WEATHER - DAYS WITH] 9 = BLOWING SNOW
X = TORNADO
MAX 32 OR BELOW: 0 0.01 INCH OR MORE: 5
MAX 90 OR ABOVE: 2 0.10 INCH OR MORE: 4
MIN 32 OR BELOW: 0 0.50 INCH OR MORE: 1
MIN 0 OR BELOW: 0 1.00 INCH OR MORE: 0
[HDD (BASE 65) ]
TOTAL THIS MO. 163 CLEAR (SCALE 0-3) 18
DPTR FM NORMAL 54 PTCLDY (SCALE 4-7) 7
TOTAL FM JUL 1 171 CLOUDY (SCALE 8-10) 6
DPTR FM NORMAL 50
[CDD (BASE 65) ]
TOTAL THIS MO. 126
DPTR FM NORMAL 46 [PRESSURE DATA]
TOTAL FM JAN 1 2452 HIGHEST SLP M ON M
DPTR FM NORMAL 366 LOWEST SLP M ON M
[REMARKS]
#FINAL-10-20#