000
CXUS55 KBYZ 080902
CF6LVM
PRELIMINARY LOCAL CLIMATOLOGICAL DATA (WS FORM: F-6)
STATION: LIVINGSTON MT
MONTH: MAY
YEAR: 2023
LATITUDE: 45 41 N
LONGITUDE: 110 26 W
TEMPERATURE IN F: :PCPN: SNOW: WIND :SUNSHINE: SKY :PK WND
================================================================================
1 2 3 4 5 6A 6B 7 8 9 10 11 12 13 14 15 16 17 18
12Z AVG MX 2MIN
DY MAX MIN AVG DEP HDD CDD WTR SNW DPTH SPD SPD DIR MIN PSBL S-S WX SPD DR
================================================================================
1 74 32 53 7 12 0 0.00 M M 13.9 31 70 M M 0 37 70
2 76 35 56 10 9 0 0.00 M M 9.6 31 150 M M 0 39 150
3 80 47 64 17 1 0 0.00 M M 9.5 23 230 M M 2 27 240
4 80 35 58 11 7 0 T M M 11.3 41 150 M M 2 52 150
5 65 42 54 7 11 0 0.03 M M 13.5 33 220 M M 5 39 330
6 66 34 50 2 15 0 T M M 15.4 33 220 M M 3 18 41 220
7 64 38 51 3 14 0 0.00 M M 14.5 35 230 M M 5 43 230
8 65 35 50 2 15 0 0.00 M M 10.4 29 230 M M 2 37 230
9 66 34 50 1 15 0 0.01 M M 11.4 37 240 M M 2 3 48 240
10 66 26 46 -3 19 0 T M M 9.5 24 70 M M 4 28 70
11 61 46 54 4 11 0 0.25 M M 5.5 17 330 M M 9 1 25 320
12 64 40 52 2 13 0 0.03 M M 7.2 21 100 M M 9 24 100
13 55 46 51 1 14 0 0.25 M M 12.7 28 80 M M 10 18 32 80
14 56 47 52 2 13 0 0.01 M M 21.1 37 80 M M 9 18 45 90
15 72 48 60 9 5 0 0.00 M M 7.5 17 140 M M 5 3 21 70
16 74 46 60 9 5 0 0.00 M M 7.5 22 260 M M M 28 240
17 64 44 54 2 11 0 0.05 M M 7.4 17 80 M M 6 18 21 320
18 71 43 57 5 8 0 0.00 M M 7.8 15 130 M M 4 18 19 360
19 79 35 57 5 8 0 0.00 M M 5.4 14 80 M M 1 8 17 80
20 82 42 62 10 3 0 0.00 M M 9.2 18 210 M M 1 8 22 70
21 84 45 65 12 0 0 T M M 6.1 25 40 M M 2 3 30 50
22 85 46 66 13 0 1 0.00 M M 10.6 28 260 M M 1 35 220
23 76 42 59 6 6 0 0.04 M M 9.0 25 100 M M 3 3 30 100
24 75 50 63 9 2 0 T M M 9.4 22 340 M M 8 3 29 230
25 72 45 59 5 6 0 0.10 M M 8.4 26 70 M M 4 3 33 70
26 64 44 54 0 11 0 0.88 M M 7.7 24 80 M M 7 13 30 90
27 70 48 59 5 6 0 0.10 M M 8.6 21 320 M M 5 13 26 320
28 71 46 59 4 6 0 T M M 12.1 26 270 M M 5 32 250
29 75 48 62 7 3 0 0.00 M M 13.0 30 200 M M 2 38 200
30 78 53 66 11 0 1 0.00 M M 10.2 25 270 M M 2 3 30 270
31 77 46 62 7 3 0 0.32 M M 7.5 30 190 M M 3 3 37 190
================================================================================
SM 2207 1308 252 2 2.07 M 312.9 M 121
================================================================================
AV 71.2 42.2 10.1 FASTST M M 4 MAX(MPH)
MISC ----> 41 150 52 150
================================================================================
NOTES:
# LAST OF SEVERAL OCCURRENCES
COLUMN 17 PEAK WIND IN M.P.H.
PRELIMINARY LOCAL CLIMATOLOGICAL DATA (WS FORM: F-6) , PAGE 2
STATION: LIVINGSTON MT
MONTH: MAY
YEAR: 2023
LATITUDE: 45 41 N
LONGITUDE: 110 26 W
[TEMPERATURE DATA] [PRECIPITATION DATA] SYMBOLS USED IN COLUMN 16
AVERAGE MONTHLY: 56.7 TOTAL FOR MONTH: 2.07 1 = FOG OR MIST
DPTR FM NORMAL: 5.7 DPTR FM NORMAL: -0.59 2 = FOG REDUCING VISIBILITY
HIGHEST: 85 ON 22 GRTST 24HR 0.88 ON 26-26 TO 1/4 MILE OR LESS
LOWEST: 26 ON 10 3 = THUNDER
SNOW, ICE PELLETS, HAIL 4 = ICE PELLETS
TOTAL MONTH: M 5 = HAIL
GRTST 24HR M ON M 6 = FREEZING RAIN OR DRIZZLE
GRTST DEPTH: M ON M 7 = DUSTSTORM OR SANDSTORM:
VSBY 1/2 MILE OR LESS
8 = SMOKE OR HAZE
[NO. OF DAYS WITH] [WEATHER - DAYS WITH] 9 = BLOWING SNOW
X = TORNADO
MAX 32 OR BELOW: 0 0.01 INCH OR MORE: 12
MAX 90 OR ABOVE: 0 0.10 INCH OR MORE: 6
MIN 32 OR BELOW: 2 0.50 INCH OR MORE: 1
MIN 0 OR BELOW: 0 1.00 INCH OR MORE: 0
[HDD (BASE 65) ]
TOTAL THIS MO. 252 CLEAR (SCALE 0-3) 15
DPTR FM NORMAL -183 PTCLDY (SCALE 4-7) 10
TOTAL FM JUL 1 7367 CLOUDY (SCALE 8-10) 6
DPTR FM NORMAL 183
[CDD (BASE 65) ]
TOTAL THIS MO. 2
DPTR FM NORMAL 1 [PRESSURE DATA]
TOTAL FM JAN 1 2 HIGHEST SLP 30.50 ON 13
DPTR FM NORMAL 1 LOWEST SLP 29.56 ON 4
[REMARKS]
#FINAL-05-23#