000
CXUS53 KTOP 010810
CF6LWC
PRELIMINARY LOCAL CLIMATOLOGICAL DATA (WS FORM: F-6)
STATION: LAWRENCE KS
MONTH: JULY
YEAR: 2023
LATITUDE: 39 0 N
LONGITUDE: 95 13 W
TEMPERATURE IN F: :PCPN: SNOW: WIND :SUNSHINE: SKY :PK WND
================================================================================
1 2 3 4 5 6A 6B 7 8 9 10 11 12 13 14 15 16 17 18
12Z AVG MX 2MIN
DY MAX MIN AVG DEP HDD CDD WTR SNW DPTH SPD SPD DIR MIN PSBL S-S WX SPD DR
================================================================================
1 89 69 79 1 0 14 0.31 M M 6.2 22 340 M M 5 13 30 340
2 90 62 76 -2 0 11 0.00 M M 6.0 14 330 M M 2 1 22 300
3 94 58 76 -2 0 11 0.00 M M 3.2 8 80 M M 0 128 13 100
4 98 63 81 3 0 16 0.67 M M 6.0 41 320 M M 0 138 57 330
5 83 67 75 -3 0 10 0.33 M M 4.9 15 30 M M 4 13 20 30
6 82 64 73 -5 0 8 0.00 M M 4.5 10 30 M M 1 1 14 360
7 85 62 74 -4 0 9 T M M 3.9 13 60 M M 3 18 40
8 79 61 70 -9 0 5 T M M 4.5 13 20 M M 4 13 19 10
9 86 59 73 -6 0 8 0.00 M M 2.9 9 30 M M 1 18 15 10
10 90 54 72 -7 0 7 0.00 M M 3.8 13 140 M M 0 128 17 160
11 95 67 81 2 0 16 0.00 M M 6.4 14 220 M M 2 18 20 220
12 95 70 83 4 0 18 T M M 7.4 16 130 M M 2 38 24 80
13 94 71 83 4 0 18 0.00 M M 3.8 13 330 M M 1 18 18 10
14 95 65 80 1 0 15 1.93 M M 5.4 41 290 M M 2 1238 62 300
15 91 64 78 -1 0 13 0.00 M M 4.1 12 290 M M 2 128 16 300
16 87 65 76 -3 0 11 0.15 M M 3.9 18 330 M M 2 1238 24 320
17 94 65 80 1 0 15 0.01 M M 4.2 13 10 M M 2 128 20 90
18 82 71 77 -2 0 12 0.49 M M 7.4 25 100 M M 5 138 32 90
19 88 73 81 2 0 16 T M M 4.7 12 60 M M 5 18 19 70
20 91 70 81 2 0 16 T M M 6.7 15 340 M M 2 18 19 340
21 84 61 73 -6 0 8 T M M 5.6 15 10 M M 2 18 23 350
22 91 59 75 -4 0 10 0.00 M M 3.5 14 240 M M 0 18 21 230
23 95 60 78 -1 0 13 0.00 M M 3.4 13 190 M M 1 123 17 210
24 94 70 82 2 0 17 0.13 M M 7.5 24 70 M M 1 138 39 90
25 96 73 85 5 0 20 0.00 M M 8.4 20 200 M M 0 1 30 190
26 103 81 92 12 0 27 T M M 9.2 22 200 M M 0 38 32 210
27 97 73 85 5 0 20 T M M 7.2 16 190 M M 0 18 24 200
28 106 76 91 11 0 26 0.00 M M 9.7 21 270 M M 1 38 30 260
29 92 70 81 1 0 16 0.06 M M 5.9 32 340 M M 0 38 42 360
30 96 67 82 2 0 17 0.17 M M 6.3 36 30 M M 1 13 54 20
31 87 71 79 -1 0 14 0.26 M M 7.0 22 10 M M 4 13 31 360
================================================================================
SM 2829 2061 0 437 4.51 M 173.6 M 55
================================================================================
AV 91.3 66.5 5.6 FASTST M M 2 MAX(MPH)
MISC ----> # 41 320 62 300
================================================================================
NOTES:
# LAST OF SEVERAL OCCURRENCES
COLUMN 17 PEAK WIND IN M.P.H.
PRELIMINARY LOCAL CLIMATOLOGICAL DATA (WS FORM: F-6) , PAGE 2
STATION: LAWRENCE KS
MONTH: JULY
YEAR: 2023
LATITUDE: 39 0 N
LONGITUDE: 95 13 W
[TEMPERATURE DATA] [PRECIPITATION DATA] SYMBOLS USED IN COLUMN 16
AVERAGE MONTHLY: 78.9 TOTAL FOR MONTH: 4.51 1 = FOG OR MIST
DPTR FM NORMAL: -0.1 DPTR FM NORMAL: 0.57 2 = FOG REDUCING VISIBILITY
HIGHEST: 106 ON 28 GRTST 24HR 1.94 ON 14-15 TO 1/4 MILE OR LESS
LOWEST: 54 ON 10 3 = THUNDER
SNOW, ICE PELLETS, HAIL 4 = ICE PELLETS
TOTAL MONTH: M 5 = HAIL
GRTST 24HR M ON M 6 = FREEZING RAIN OR DRIZZLE
GRTST DEPTH: M ON M 7 = DUSTSTORM OR SANDSTORM:
VSBY 1/2 MILE OR LESS
8 = SMOKE OR HAZE
[NO. OF DAYS WITH] [WEATHER - DAYS WITH] 9 = BLOWING SNOW
X = TORNADO
MAX 32 OR BELOW: 0 0.01 INCH OR MORE: 11
MAX 90 OR ABOVE: 20 0.10 INCH OR MORE: 9
MIN 32 OR BELOW: 0 0.50 INCH OR MORE: 2
MIN 0 OR BELOW: 0 1.00 INCH OR MORE: 1
[HDD (BASE 65) ]
TOTAL THIS MO. 0 CLEAR (SCALE 0-3) 25
DPTR FM NORMAL 0 PTCLDY (SCALE 4-7) 6
TOTAL FM JUL 1 0 CLOUDY (SCALE 8-10) 0
DPTR FM NORMAL 0
[CDD (BASE 65) ]
TOTAL THIS MO. 437
DPTR FM NORMAL 3 [PRESSURE DATA]
TOTAL FM JAN 1 886 HIGHEST SLP M ON M
DPTR FM NORMAL 9 LOWEST SLP 29.72 ON 12
[REMARKS]
#FINAL-07-23#