567
CXUS53 KTOP 010800
CF6LWC
PRELIMINARY LOCAL CLIMATOLOGICAL DATA (WS FORM: F-6)
STATION: Lawrence KS
MONTH: AUGUST
YEAR: 2020
LATITUDE: 39 0 N
LONGITUDE: 95 13 W
TEMPERATURE IN F: :PCPN: SNOW: WIND :SUNSHINE: SKY :PK WND
================================================================================
1 2 3 4 5 6A 6B 7 8 9 10 11 12 13 14 15 16 17 18
12Z AVG MX 2MIN
DY MAX MIN AVG DEP HDD CDD WTR SNW DPTH SPD SPD DIR MIN PSBL S-S WX SPD DR
================================================================================
1 86 63 75 -4 0 10 0.00 M M 4.8 12 330 M M 3 1 16 320
2 83 64 74 -5 0 9 0.00 M M 8.7 17 330 M M 1 24 320
3 79 56 68 -11 0 3 0.00 M M 7.5 16 340 M M 1 27 340
4 78 51 65 -14 0 0 0.00 M M 2.9 10 30 M M 1 1 14 30
5 81 56 69 -10 0 4 0.00 M M 5.4 13 130 M M 3 17 110
6 84 62 73 -6 0 8 T M M 7.5 16 150 M M 1 22 150
7 88 69 79 0 0 14 0.02 M M 11.1 24 160 M M 4 3 33 170
8 91 73 82 3 0 17 0.05 M M 10.2 21 160 M M 5 13 27 150
9 88 71 80 2 0 15 0.23 M M 6.6 25 150 M M 2 13 34 150
10 89 68 79 1 0 14 T M M 5.0 13 160 M M 0 17 170
11 89 71 80 2 0 15 0.00 M M 5.5 12 130 M M 1 15 130
12 89 68 79 1 0 14 0.00 M M 5.8 14 140 M M 3 12 18 140
13 90 69 80 2 0 15 0.00 M M 5.4 14 100 M M 0 1 19 110
14 92 69 81 3 0 16 0.00 M M 5.6 20 170 M M 1 128 26 170
15 87 60 74 -4 0 9 0.00 M M 4.8 14 360 M M 4 18 19 50
16 83 57 70 -8 0 5 0.00 M M 4.8 15 250 M M 1 18 22 240
17 88 62 75 -3 0 10 0.00 M M 7.5 21 330 M M 0 33 340
18 84 56 70 -7 0 5 0.00 M M 4.3 13 340 M M 0 1 17 350
19 85 51 68 -9 0 3 0.00 M M 3.7 12 140 M M 1 128 16 160
20 86 56 71 -6 0 6 0.00 M M 4.1 9 110 M M 0 8 13 170
21 91 58 75 -2 0 10 0.00 M M 4.8 12 170 M M 0 18 17 210
22 92 59 76 -1 0 11 0.00 M M 3.2 12 200 M M 0 128 17 160
23 95 63 79 3 0 14 0.00 M M 4.2 12 230 M M 0 18 15 200
24 95 64 80 4 0 15 0.00 M M 3.6 12 160 M M 0 18 16 170
25 96 61 79 3 0 14 0.00 M M 4.6 12 180 M M 0 18 18 210
26 96 65 81 5 0 16 0.00 M M 6.8 16 160 M M 2 1 21 170
27 93 67 80 5 0 15 0.00 M M 6.3 15 150 M M 0 18 22 140
28 96 63 80 5 0 15 0.00 M M 3.5 13 290 M M 1 128 17 350
29 80 59 70 -5 0 5 0.58 M M 4.3 16 10 M M 4 13 24 10
30 85 57 71 -3 0 6 0.00 M M 6.0 14 150 M M 2 1 19 110
31 77 67 72 -2 0 7 0.27 M M 7.6 18 340 M M 9 138 25 340
================================================================================
SM 2716 1935 0 320 1.15 M 176.1 M 50
================================================================================
AV 87.6 62.4 5.7 FASTST M M 2 MAX(MPH)
MISC ----> # 25 150 # 34 150
================================================================================
NOTES:
# LAST OF SEVERAL OCCURRENCES
COLUMN 17 PEAK WIND IN M.P.H.
PRELIMINARY LOCAL CLIMATOLOGICAL DATA (WS FORM: F-6) , PAGE 2
STATION: Lawrence KS
MONTH: AUGUST
YEAR: 2020
LATITUDE: 39 0 N
LONGITUDE: 95 13 W
[TEMPERATURE DATA] [PRECIPITATION DATA] SYMBOLS USED IN COLUMN 16
AVERAGE MONTHLY: 75.0 TOTAL FOR MONTH: 1.15 1 = FOG OR MIST
DPTR FM NORMAL: -2.3 DPTR FM NORMAL: -3.18 2 = FOG REDUCING VISIBILITY
HIGHEST: 96 ON 28,26 GRTST 24HR 0.58 ON 29-29 TO 1/4 MILE OR LESS
LOWEST: 51 ON 19, 4 3 = THUNDER
SNOW, ICE PELLETS, HAIL 4 = ICE PELLETS
TOTAL MONTH: M 5 = HAIL
GRTST 24HR M ON M 6 = FREEZING RAIN OR DRIZZLE
GRTST DEPTH: M ON M 7 = DUSTSTORM OR SANDSTORM:
VSBY 1/2 MILE OR LESS
8 = SMOKE OR HAZE
[NO. OF DAYS WITH] [WEATHER - DAYS WITH] 9 = BLOWING SNOW
X = TORNADO
MAX 32 OR BELOW: 0 0.01 INCH OR MORE: 5
MAX 90 OR ABOVE: 11 0.10 INCH OR MORE: 3
MIN 32 OR BELOW: 0 0.50 INCH OR MORE: 1
MIN 0 OR BELOW: 0 1.00 INCH OR MORE: 0
[HDD (BASE 65) ]
TOTAL THIS MO. 0 CLEAR (SCALE 0-3) 26
DPTR FM NORMAL -2 PTCLDY (SCALE 4-7) 4
TOTAL FM JUL 1 0 CLOUDY (SCALE 8-10) 1
DPTR FM NORMAL -3
[CDD (BASE 65) ]
TOTAL THIS MO. 320
DPTR FM NORMAL -63 [PRESSURE DATA]
TOTAL FM JAN 1 1253 HIGHEST SLP M ON M
DPTR FM NORMAL 62 LOWEST SLP 29.65 ON 31
[REMARKS]
#FINAL-08-20#