000
CXUS56 KOTX 290802
CF6LWS
PRELIMINARY LOCAL CLIMATOLOGICAL DATA (WS FORM: F-6)
STATION: LEWISTON ID AIRPORT
MONTH: MARCH
YEAR: 2021
LATITUDE: 46 22 N
LONGITUDE: 117 1 W
TEMPERATURE IN F: :PCPN: SNOW: WIND :SUNSHINE: SKY :PK WND
================================================================================
1 2 3 4 5 6A 6B 7 8 9 10 11 12 13 14 15 16 17 18
12Z AVG MX 2MIN
DY MAX MIN AVG DEP HDD CDD WTR SNW DPTH SPD SPD DIR MIN PSBL S-S WX SPD DR
================================================================================
1 55 35 45 4 20 0 0.00 0.0 0 14.9 26 190 M M 1 32 150
2 62 40 51 9 14 0 0.00 0.0 0 6.2 18 180 M M 6 24 190
3 61 34 48 6 17 0 0.00 0.0 0 6.8 15 120 M M 0 21 110
4 64 34 49 7 16 0 0.00 0.0 0 6.6 13 60 M M 0 15 70
5 63 40 52 10 13 0 0.00 0.0 0 6.3 16 300 M M 0 21 270
6 48 35 42 -1 23 0 0.02 0.0 0 5.6 16 280 M M 5 8 23 300
7 47 35 41 -2 24 0 T 0.0 0 5.7 13 310 M M 8 8 16 110
8 47 32 40 -3 25 0 0.00 0.0 0 2.3 7 140 M M 6 11 140
9 54 33 44 0 21 0 0.00 0.0 0 3.8 12 160 M M 4 16 80
10 53 30 42 -2 23 0 0.00 0.0 0 4.3 14 290 M M 0 16 300
11 56 29 43 -1 22 0 0.00 0.0 0 3.5 13 300 M M 0 16 310
12 58 29 44 0 21 0 0.00 0.0 0 3.4 8 190 M M 0 13 50
13 60 31 46 1 19 0 0.00 0.0 0 2.7 8 140 M M 0 10 80
14 63 33 48 3 17 0 0.00 0.0 0 4.9 15 290 M M 1 8 19 70
15 51 40 46 1 19 0 T 0.0 0 6.0 15 310 M M 10 20 80
16 54 36 45 0 20 0 0.00 0.0 0 2.5 8 200 M M 6 10 200
17 61 32 47 1 18 0 0.00 0.0 0 2.9 9 310 M M 2 13 310
18 71 38 55 9 10 0 T 0.0 0 6.3 31 240 M M 1 40 230
19 55 37 46 0 19 0 0.07 0.0 0 5.2 17 300 M M 7 22 290
20 55 34 45 -1 20 0 T 0.0 0 6.0 22 290 M M 7 30 270
21 54 39 47 0 18 0 0.00 0.0 0 5.2 14 300 M M 9 18 310
22 54 38 46 -1 19 0 0.08 0.0 0 6.9 20 260 M M 8 1 32 270
23 55 35 45 -2 20 0 0.00 0.0 0 4.2 10 300 M M 3 16 20
24 47 32 40 -7 25 0 0.09 0.0 0 4.0 12 40 M M 9 1 19 100
25 49 38 44 -4 21 0 0.11 0.0 0 3.9 12 310 M M 9 1 14 300
26 59 35 47 -1 18 0 0.01 0.0 0 3.4 15 320 M M 5 18 320
27 64 35 50 2 15 0 0.00 0.0 0 3.1 7 120 M M 0 12 360
28 70 38 54 6 11 0 0.03 0.0 0 11.5 39 290 M M 3 8 53 250
29 50 37 44 -4 21 0 0.00 0.0 0 19.0 27 270 M M 7 39 250
30 53 29 41 -7 24 0 0.00 0.0 0 5.5 17 290 M M 2 23 330
31 65 29 47 -1 18 0 0.00 0.0 0 6.8 15 70 M M 0 20 60
================================================================================
SM 1758 1072 591 0 0.41 0.0 179.4 M 119
================================================================================
AV 56.7 34.6 5.8 FASTST M M 4 MAX(MPH)
MISC ----> 39 290 53 250
================================================================================
NOTES:
# LAST OF SEVERAL OCCURRENCES
COLUMN 17 PEAK WIND IN M.P.H.
PRELIMINARY LOCAL CLIMATOLOGICAL DATA (WS FORM: F-6) , PAGE 2
STATION: LEWISTON ID AIRPORT
MONTH: MARCH
YEAR: 2021
LATITUDE: 46 22 N
LONGITUDE: 117 1 W
[TEMPERATURE DATA] [PRECIPITATION DATA] SYMBOLS USED IN COLUMN 16
AVERAGE MONTHLY: 45.6 TOTAL FOR MONTH: 0.41 1 = FOG OR MIST
DPTR FM NORMAL: 0.3 DPTR FM NORMAL: -0.74 2 = FOG REDUCING VISIBILITY
HIGHEST: 71 ON 18 GRTST 24HR 0.20 ON 24-25 TO 1/4 MILE OR LESS
LOWEST: 29 ON 31,30 3 = THUNDER
SNOW, ICE PELLETS, HAIL 4 = ICE PELLETS
TOTAL MONTH: 0.0 INCH 5 = HAIL
GRTST 24HR 0.0 6 = FREEZING RAIN OR DRIZZLE
GRTST DEPTH: 0 7 = DUSTSTORM OR SANDSTORM:
VSBY 1/2 MILE OR LESS
8 = SMOKE OR HAZE
[NO. OF DAYS WITH] [WEATHER - DAYS WITH] 9 = BLOWING SNOW
X = TORNADO
MAX 32 OR BELOW: 0 0.01 INCH OR MORE: 7
MAX 90 OR ABOVE: 0 0.10 INCH OR MORE: 1
MIN 32 OR BELOW: 9 0.50 INCH OR MORE: 0
MIN 0 OR BELOW: 0 1.00 INCH OR MORE: 0
[HDD (BASE 65) ]
TOTAL THIS MO. 591 CLEAR (SCALE 0-3) 16
DPTR FM NORMAL -21 PTCLDY (SCALE 4-7) 10
TOTAL FM JUL 1 4149 CLOUDY (SCALE 8-10) 5
DPTR FM NORMAL -319
[CDD (BASE 65) ]
TOTAL THIS MO. 0
DPTR FM NORMAL 0 [PRESSURE DATA]
TOTAL FM JAN 1 0 HIGHEST SLP 30.51 ON 31
DPTR FM NORMAL 0 LOWEST SLP 29.58 ON 28
[REMARKS]
#FINAL-03-21#