000
CXUS56 KOTX 280910
CF6LWS
PRELIMINARY LOCAL CLIMATOLOGICAL DATA (WS FORM: F-6)
STATION: LEWISTON ID AIRPORT
MONTH: MARCH
YEAR: 2024
LATITUDE: 46 22 N
LONGITUDE: 117 1 W
TEMPERATURE IN F: :PCPN: SNOW: WIND :SUNSHINE: SKY :PK WND
================================================================================
1 2 3 4 5 6A 6B 7 8 9 10 11 12 13 14 15 16 17 18
12Z AVG MX 2MIN
DY MAX MIN AVG DEP HDD CDD WTR SNW DPTH SPD SPD DIR MIN PSBL S-S WX SPD DR
================================================================================
1 51 31 41 -1 24 0 0.05 0.0 0 7.2 26 280 M M 3 1 46 290
2 45 33 39 -3 26 0 0.07 T T 5.3 13 300 M M 6 1 18 160
3 46 30 38 -4 27 0 T 0.0 0 4.6 15 260 M M 2 24 180
4 44 29 37 -6 28 0 T T 0 2.9 10 120 M M 6 1 14 280
5 46 30 38 -5 27 0 0.02 T 0 3.9 12 240 M M 7 1 18 30
6 48 26 37 -6 28 0 0.00 0.0 0 2.8 9 260 M M 1 13 300
7 49 26 38 -6 27 0 0.00 0.0 0 2.8 9 70 M M 2 15 80
8 54 28 41 -3 24 0 0.00 0.0 0 9.7 15 80 M M 0 21 70
9 58 36 47 3 18 0 0.00 0.0 0 9.2 24 190 M M 4 31 210
10 55 40 48 4 17 0 0.01 0.0 0 6.1 20 300 M M 7 28 310
11 54 36 45 1 20 0 0.01 0.0 0 4.5 13 170 M M 8 16 160
12 54 39 47 2 18 0 0.03 0.0 0 7.5 23 280 M M 7 34 270
13 53 35 44 -1 21 0 0.00 0.0 0 6.6 17 320 M M 8 22 320
14 56 31 44 -1 21 0 0.00 0.0 0 3.0 8 200 M M 1 9 200
15 61 34 48 3 17 0 0.00 0.0 0 3.3 10 200 M M 0 12 200
16 65 37 51 5 14 0 0.00 0.0 0 2.5 9 210 M M 0 11 210
17 70 38 54 8 11 0 0.00 0.0 0 2.8 9 210 M M 0 13 290
18 73 42 58 12 7 0 0.00 0.0 0 3.0 9 190 M M 0 12 210
19 75 43 59 13 6 0 0.00 0.0 0 3.0 9 200 M M 0 15 20
20 71 42 57 11 8 0 T 0.0 0 3.7 20 300 M M 1 34 290
21 65 46 56 9 9 0 0.02 0.0 0 6.4 21 250 M M 7 26 250
22 67 42 55 8 10 0 0.00 0.0 0 5.2 13 310 M M 2 18 310
23 57 43 50 3 15 0 0.06 0.0 0 5.1 16 260 M M 6 21 260
24 52 36 44 -3 21 0 0.07 0.0 0 4.5 23 300 M M 8 12 31 310
25 54 32 43 -4 22 0 0.01 0.0 0 5.3 15 180 M M 7 1 18 180
26 57 37 47 -1 18 0 T 0.0 0 5.5 18 170 M M 7 27 300
27 52 35 44 -4 21 0 0.07 0.0 0 5.4 17 320 M M 6 24 330
================================================================================
SM 1532 957 505 0 0.42 T 131.8 M 106
================================================================================
AV 56.7 35.4 4.9 FASTST M M 4 MAX(MPH)
MISC ----> 26 280 46 290
================================================================================
NOTES:
# LAST OF SEVERAL OCCURRENCES
COLUMN 17 PEAK WIND IN M.P.H.
PRELIMINARY LOCAL CLIMATOLOGICAL DATA (WS FORM: F-6) , PAGE 2
STATION: LEWISTON ID AIRPORT
MONTH: MARCH
YEAR: 2024
LATITUDE: 46 22 N
LONGITUDE: 117 1 W
[TEMPERATURE DATA] [PRECIPITATION DATA] SYMBOLS USED IN COLUMN 16
AVERAGE MONTHLY: 46.1 TOTAL FOR MONTH: 0.42 1 = FOG OR MIST
DPTR FM NORMAL: 1.1 DPTR FM NORMAL: -0.69 2 = FOG REDUCING VISIBILITY
HIGHEST: 75 ON 19 GRTST 24HR 0.12 ON 1- 2 TO 1/4 MILE OR LESS
LOWEST: 26 ON 7, 6 3 = THUNDER
SNOW, ICE PELLETS, HAIL 4 = ICE PELLETS
TOTAL MONTH: T 5 = HAIL
GRTST 24HR T ON 2- 2 6 = FREEZING RAIN OR DRIZZLE
GRTST DEPTH: T 7 = DUSTSTORM OR SANDSTORM:
VSBY 1/2 MILE OR LESS
8 = SMOKE OR HAZE
[NO. OF DAYS WITH] [WEATHER - DAYS WITH] 9 = BLOWING SNOW
X = TORNADO
MAX 32 OR BELOW: 0 0.01 INCH OR MORE: 11
MAX 90 OR ABOVE: 0 0.10 INCH OR MORE: 0
MIN 32 OR BELOW: 9 0.50 INCH OR MORE: 0
MIN 0 OR BELOW: 0 1.00 INCH OR MORE: 0
[HDD (BASE 65) ]
TOTAL THIS MO. 505 CLEAR (SCALE 0-3) 13
DPTR FM NORMAL -35 PTCLDY (SCALE 4-7) 13
TOTAL FM JUL 1 3935 CLOUDY (SCALE 8-10) 1
DPTR FM NORMAL -322
[CDD (BASE 65) ]
TOTAL THIS MO. 0
DPTR FM NORMAL 0 [PRESSURE DATA]
TOTAL FM JAN 1 0 HIGHEST SLP M ON M
DPTR FM NORMAL 0 LOWEST SLP 29.26 ON 2
[REMARKS]