000
CXUS53 KILX 020249
CLALWV
CLIMATE REPORT
NATIONAL WEATHER SERVICE LINCOLN IL
849 PM CST SAT JAN 01 2022
...................................
...THE LAWRENCEVILLE IL AIRPORT CLIMATE SUMMARY FOR THE YEAR OF 2021...
CLIMATE NORMAL PERIOD 1991 TO 2020
CLIMATE RECORD PERIOD 9999 TO 9999
WEATHER OBSERVED NORMAL DEPART LAST YEAR`S
VALUE DATE(S) VALUE FROM VALUE
NORMAL
..............................................................
TEMPERATURE (F)
RECORD
HIGH MM MM
LOW -6 02/17/2021
HIGHEST 96 06/18 MM MM 95
LOWEST -6R 02/17 MM MM 8
AVG. MAXIMUM 66.8 65.9 0.9 64.0
AVG. MINIMUM 46.9 45.5 1.4 43.9
MEAN 56.9 55.7 1.2 53.9
DAYS MAX >= 90 38 40.7 -2.7 MM
DAYS MAX <= 32 19 19.7 -0.7 MM
DAYS MIN <= 32 93 96.5 -3.5 MM
DAYS MIN <= 0 4 2.7 1.3 MM
PRECIPITATION (INCHES)
RECORD
MAXIMUM 54.29 2019
MINIMUM 42.29 2020
TOTALS 42.39 41.66 0.73 42.29
DAILY AVG. 0.12 0.13
DAYS >= .01 130 115.7 14.3 MM
DAYS >= .10 82 69.2 12.8 MM
DAYS >= .50 31 28.4 2.6 MM
DAYS >= 1.00 9 11.6 -2.6 MM
GREATEST
24 HR. TOTAL 2.37 08/09 TO 08/09 3.12
DEGREE DAYS
HEATING TOTAL 4218 4715 -497 4219
COOLING TOTAL 1582 1379 203 978
FREEZE DATES
RECORD
EARLIEST MM
LATEST MM
EARLIEST 11/02
LATEST 04/21
..............................................................
SKY COVER
POSSIBLE SUNSHINE (PERCENT) MM
- INDICATES NEGATIVE NUMBERS.
R INDICATES RECORD WAS SET OR TIED.
MM INDICATES DATA IS MISSING.
T INDICATES TRACE AMOUNT.
$$