000
CXUS53 KEAX 010736
CF6LXT
PRELIMINARY LOCAL CLIMATOLOGICAL DATA (WS FORM: F-6)
STATION: LEE`S SUMMIT MO
MONTH: SEPTEMBER
YEAR: 2022
LATITUDE: 38 57 N
LONGITUDE: 94 22 W
TEMPERATURE IN F: :PCPN: SNOW: WIND :SUNSHINE: SKY :PK WND
================================================================================
1 2 3 4 5 6A 6B 7 8 9 10 11 12 13 14 15 16 17 18
12Z AVG MX 2MIN
DY MAX MIN AVG DEP HDD CDD WTR SNW DPTH SPD SPD DIR MIN PSBL S-S WX SPD DR
================================================================================
1 88 68 78 4 0 13 0.00 M M 6.5 12 150 M M 0 15 110
2 85 66 76 2 0 11 0.00 M M 7.5 14 210 M M 1 20 200
3 87 64 76 3 0 11 0.00 M M 5.4 14 20 M M 5 123 19 360
4 84 65 75 2 0 10 T M M 7.2 13 40 M M 4 1 17 40
5 77 64 71 -2 0 6 0.00 M M 4.8 10 80 M M 5 12 14 70
6 85 62 74 2 0 9 0.00 M M 3.5 9 80 M M 3 12 14 80
7 84 63 74 2 0 9 0.00 M M 5.2 15 70 M M 0 1 21 40
8 85 63 74 2 0 9 0.00 M M 6.6 13 160 M M 0 19 150
9 87 64 76 5 0 11 0.00 M M 7.6 15 170 M M 0 21 170
10 82 57 70 -1 0 5 0.21 M M 9.3 22 310 M M 5 1 30 310
11 75 55 65 -6 0 0 0.01 M M 8.3 22 350 M M 2 29 340
12 83 54 69 -1 0 4 0.00 M M 7.8 18 310 M M 0 25 320
13 89 54 72 2 0 7 0.00 M M 6.0 13 240 M M 0 17 250
14 88 64 76 6 0 11 0.00 M M 9.2 16 180 M M 0 24 210
15 84 63 74 5 0 9 0.00 M M 9.8 18 180 M M 0 27 190
16 82 61 72 3 0 7 T M M 9.5 16 200 M M 2 8 23 200
17 91 69 80 11 0 15 0.00 M M 13.6 23 210 M M 1 30 210
18 97 71 84 16 0 19 T M M 12.2 24 210 M M 1 36 200
19 97 77 87 19 0 22 0.00 M M 11.2 18 210 M M 0 28 200
20 98 73 86 19 0 21 0.00 M M 12.9 24 230 M M 0 34 220
21 90 59 75 8 0 10 0.06 M M 10.5 30 10 M M 3 42 10
22 67 57 62 -5 3 0 0.05 M M 8.3 15 60 M M 1 20 70
23 68 54 61 -5 4 0 0.17 M M 6.5 14 100 M M 7 1 22 130
24 89 49 69 3 0 4 0.00 M M 5.4 20 10 M M 0 1 25 10
25 79 57 68 2 0 3 0.00 M M 12.0 26 340 M M 0 36 330
26 74 48 61 -4 4 0 0.00 M M 6.3 21 350 M M 0 29 340
27 81 47 64 -1 1 0 0.00 M M 5.6 15 70 M M 1 22 50
28 71 49 60 -4 5 0 0.00 M M 9.5 16 60 M M 0 23 50
29 72 45 59 -5 6 0 0.00 M M 8.2 16 150 M M 0 24 150
30 75 49 62 -2 3 0 0.00 M M 7.0 15 100 M M 0 20 110
================================================================================
SM 2494 1791 26 226 0.50 M 243.4 M 41
================================================================================
AV 83.1 59.7 8.1 FASTST M M 1 MAX(MPH)
MISC ----> 30 10 42 10
================================================================================
NOTES:
# LAST OF SEVERAL OCCURRENCES
COLUMN 17 PEAK WIND IN M.P.H.
PRELIMINARY LOCAL CLIMATOLOGICAL DATA (WS FORM: F-6) , PAGE 2
STATION: LEE`S SUMMIT MO
MONTH: SEPTEMBER
YEAR: 2022
LATITUDE: 38 57 N
LONGITUDE: 94 22 W
[TEMPERATURE DATA] [PRECIPITATION DATA] SYMBOLS USED IN COLUMN 16
AVERAGE MONTHLY: 71.4 TOTAL FOR MONTH: 0.50 1 = FOG OR MIST
DPTR FM NORMAL: 2.4 DPTR FM NORMAL: -2.57 2 = FOG REDUCING VISIBILITY
HIGHEST: 98 ON 20 GRTST 24HR 0.22 ON 10-11 TO 1/4 MILE OR LESS
LOWEST: 45 ON 29 3 = THUNDER
SNOW, ICE PELLETS, HAIL 4 = ICE PELLETS
TOTAL MONTH: M 5 = HAIL
GRTST 24HR M ON M 6 = FREEZING RAIN OR DRIZZLE
GRTST DEPTH: M ON M 7 = DUSTSTORM OR SANDSTORM:
VSBY 1/2 MILE OR LESS
8 = SMOKE OR HAZE
[NO. OF DAYS WITH] [WEATHER - DAYS WITH] 9 = BLOWING SNOW
X = TORNADO
MAX 32 OR BELOW: 0 0.01 INCH OR MORE: 5
MAX 90 OR ABOVE: 5 0.10 INCH OR MORE: 2
MIN 32 OR BELOW: 0 0.50 INCH OR MORE: 0
MIN 0 OR BELOW: 0 1.00 INCH OR MORE: 0
[HDD (BASE 65) ]
TOTAL THIS MO. 26 CLEAR (SCALE 0-3) 24
DPTR FM NORMAL -22 PTCLDY (SCALE 4-7) 6
TOTAL FM JUL 1 26 CLOUDY (SCALE 8-10) 0
DPTR FM NORMAL -23
[CDD (BASE 65) ]
TOTAL THIS MO. 226
DPTR FM NORMAL 58 [PRESSURE DATA]
TOTAL FM JAN 1 1467 HIGHEST SLP M ON M
DPTR FM NORMAL 56 LOWEST SLP 29.80 ON 9
[REMARKS]
#FINAL-09-22#