000
CXUS53 KEAX 010836
CF6LXT
PRELIMINARY LOCAL CLIMATOLOGICAL DATA (WS FORM: F-6)
STATION: LEE`S SUMMIT MO
MONTH: DECEMBER
YEAR: 2021
LATITUDE: 38 57 N
LONGITUDE: 94 22 W
TEMPERATURE IN F: :PCPN: SNOW: WIND :SUNSHINE: SKY :PK WND
================================================================================
1 2 3 4 5 6A 6B 7 8 9 10 11 12 13 14 15 16 17 18
12Z AVG MX 2MIN
DY MAX MIN AVG DEP HDD CDD WTR SNW DPTH SPD SPD DIR MIN PSBL S-S WX SPD DR
================================================================================
1 64 38 51 12 14 0 0.00 M M 7.1 16 240 M M 0 23 230
2 71 49 60 21 5 0 0.00 M M 7.5 15 200 M M 0 22 240
3 66 46 56 18 9 0 0.00 M M 10.4 20 350 M M 0 24 350
4 50 36 43 5 22 0 0.00 M M 11.1 17 70 M M 2 24 60
5 65 42 54 16 11 0 T M M 15.7 31 330 M M 5 40 340
6 42 28 35 -3 30 0 0.00 M M 12.6 30 340 M M 0 42 350
7 40 26 33 -4 32 0 0.00 M M 9.5 17 190 M M 2 24 190
8 51 28 40 3 25 0 0.00 M M 6.6 16 160 M M 0 24 160
9 64 42 53 17 12 0 0.00 M M 9.9 21 230 M M 0 32 140
10 67 36 52 16 13 0 T M M 16.6 32 280 M M 4 8 50 290
11 47 32 40 4 25 0 0.00 M M 13.8 32 300 M M 4 48 280
12 55 30 43 7 22 0 0.00 M M 13.9 24 210 M M 0 34 220
13 57 34 46 11 19 0 0.00 M M 9.4 18 210 M M 0 26 210
14 65 45 55 20 10 0 0.00 M M 14.4 26 190 M M 2 35 190
15 74 48 61 26 4 0 0.10 M M 25.8 51 190 M M 7 38 67 200
16 48 32 40 6 25 0 0.00 M M 8.1 20 310 M M 0 31 290
17 44 30 37 3 28 0 0.00 M M 9.2 17 100 M M 8 24 100
18 37 25 31 -3 34 0 0.00 M M 10.9 21 350 M M 6 28 320
19 37 23 30 -4 35 0 0.00 M M 8.8 18 200 M M 5 26 190
20 49 26 38 4 27 0 0.00 M M 10.1 20 220 M M 0 24 220
21 49 21 35 2 30 0 0.00 M M 6.4 20 290 M M 0 26 290
22 52 26 39 6 26 0 0.00 M M 10.5 20 210 M M 0 25 210
23 58 42 50 17 15 0 0.00 M M 12.8 22 240 M M 0 1 29 210
24 73 46 60 27 5 0 0.00 M M 14.5 30 220 M M 1 41 220
25 57 40 49 17 16 0 0.00 M M 4.7 17 350 M M 0 1 23 360
26 65 37 51 19 14 0 0.00 M M 13.0 35 160 M M 0 51 160
27 64 39 52 20 13 0 0.00 M M 10.3 26 310 M M 0 37 320
28 57 26 42 10 23 0 0.59 M M 12.0 29 140 M M 6 1 42 140
29 32 21 27 -5 38 0 0.00 M M 9.7 16 70 M M 6 1 23 60
30 44 28 36 4 29 0 0.00 M M 5.6 14 240 M M 5 1 18 250
31 62 33 48 17 17 0 0.00 M M 11.3 18 360 M M 2 1 24 360
================================================================================
SM 1706 1055 628 0 0.69 M 342.2 M 65
================================================================================
AV 55.0 34.0 11.0 FASTST M M 2 MAX(MPH)
MISC ----> 51 190 67 200
================================================================================
NOTES:
# LAST OF SEVERAL OCCURRENCES
COLUMN 17 PEAK WIND IN M.P.H.
PRELIMINARY LOCAL CLIMATOLOGICAL DATA (WS FORM: F-6) , PAGE 2
STATION: LEE`S SUMMIT MO
MONTH: DECEMBER
YEAR: 2021
LATITUDE: 38 57 N
LONGITUDE: 94 22 W
[TEMPERATURE DATA] [PRECIPITATION DATA] SYMBOLS USED IN COLUMN 16
AVERAGE MONTHLY: 44.5 TOTAL FOR MONTH: 0.69 1 = FOG OR MIST
DPTR FM NORMAL: 9.8 DPTR FM NORMAL: -0.66 2 = FOG REDUCING VISIBILITY
HIGHEST: 74 ON 15 GRTST 24HR 0.59 ON 28-28 TO 1/4 MILE OR LESS
LOWEST: 21 ON 29,21 3 = THUNDER
SNOW, ICE PELLETS, HAIL 4 = ICE PELLETS
TOTAL MONTH: M 5 = HAIL
GRTST 24HR M ON M 6 = FREEZING RAIN OR DRIZZLE
GRTST DEPTH: M ON M 7 = DUSTSTORM OR SANDSTORM:
VSBY 1/2 MILE OR LESS
8 = SMOKE OR HAZE
[NO. OF DAYS WITH] [WEATHER - DAYS WITH] 9 = BLOWING SNOW
X = TORNADO
MAX 32 OR BELOW: 1 0.01 INCH OR MORE: 2
MAX 90 OR ABOVE: 0 0.10 INCH OR MORE: 2
MIN 32 OR BELOW: 15 0.50 INCH OR MORE: 1
MIN 0 OR BELOW: 0 1.00 INCH OR MORE: 0
[HDD (BASE 65) ]
TOTAL THIS MO. 628 CLEAR (SCALE 0-3) 21
DPTR FM NORMAL -310 PTCLDY (SCALE 4-7) 10
TOTAL FM JUL 1 1344 CLOUDY (SCALE 8-10) 0
DPTR FM NORMAL -518
[CDD (BASE 65) ]
TOTAL THIS MO. 0
DPTR FM NORMAL 0 [PRESSURE DATA]
TOTAL FM JAN 1 1554 HIGHEST SLP 30.43 ON 19
DPTR FM NORMAL 108 LOWEST SLP 29.33 ON 24
[REMARKS]
#FINAL-12-21#