000
CXUS55 KPUB 011210
CF6LXV
PRELIMINARY LOCAL CLIMATOLOGICAL DATA (WS FORM: F-6)
STATION: LEADVILLE CO
MONTH: JULY
YEAR: 2021
LATITUDE: 39 15 N
LONGITUDE: 106 18 W
TEMPERATURE IN F: :PCPN: SNOW: WIND :SUNSHINE: SKY :PK WND
================================================================================
1 2 3 4 5 6A 6B 7 8 9 10 11 12 13 14 15 16 17 18
12Z AVG MX 2MIN
DY MAX MIN AVG DEP HDD CDD WTR SNW DPTH SPD SPD DIR MIN PSBL S-S WX SPD DR
================================================================================
1 66 41 54 0 11 0 T M M 6.3 18 190 M M 6 3 24 360
2 71 45 58 4 7 0 T M M 6.4 21 310 M M 5 30 20
3 74 37 56 2 9 0 0.00 M M 6.6 25 300 M M 1 37 10
4 78 38 58 4 7 0 T M M 5.0 20 240 M M 2 31 250
5 75 39 57 3 8 0 0.25 M M 4.0 25 180 M M 4 13 37 180
6 73 45 59 5 6 0 0.01 M M 7.7 22 190 M M 4 29 10
7 75 41 58 4 7 0 0.00 M M 4.6 17 190 M M 2 22 180
8 78 39 59 4 6 0 T M M 5.5 26 230 M M 2 38 220
9 81 44 63 8 2 0 0.00 M M 5.2 21 290 M M 2 30 290
10 77 41 59 4 6 0 0.00 M M 8.5 22 10 M M 0 34 340
11 76 38 57 2 8 0 0.00 M M 6.5 17 300 M M 0 24 20
12 78 39 59 4 6 0 0.00 M M 6.2 18 360 M M 2 8 28 100
13 74 42 58 3 7 0 0.10 M M 6.6 23 190 M M 5 13 30 190
14 54 38 46 -9 19 0 0.24 M M 5.2 25 360 M M 5 12 39 350
15 72 33 53 -2 12 0 T M M 5.6 23 10 M M 3 30 20
16 70 38 54 -2 11 0 0.02 M M 5.1 18 10 M M 4 27 10
17 75 40 58 2 7 0 0.11 M M 5.8 22 200 M M 5 1 30 190
18 79 38 59 3 6 0 0.00 M M 6.1 15 20 M M 2 27 90
19 77 39 58 2 7 0 0.00 M M 3.9 17 170 M M 2 27 180
20 76 42 59 3 6 0 0.00 M M 6.4 20 310 M M 3 3 28 310
21 76 45 61 5 4 0 1.44 M M 5.8 21 350 M M 3 13 31 350
22 73 45 59 3 6 0 0.03 M M 4.9 15 10 M M 3 3 23 350
23 73 46 60 4 5 0 0.21 M M 5.0 17 10 M M 6 13 24 20
24 66 42 54 -2 11 0 T M M 5.5 17 190 M M 6 18 22 190
25 69 38 54 -2 11 0 0.03 M M 4.6 18 190 M M 5 13 27 40
26 73 40 57 1 8 0 0.00 M M 4.0 14 160 M M 3 1 19 40
27 75 40 58 2 7 0 0.00 M M 5.9 18 180 M M 1 27 170
28 78 45 62 6 3 0 0.00 M M 6.5 17 10 M M 3 27 360
29 76 46 61 5 4 0 0.00 M M 7.1 20 170 M M 2 31 160
30 75 45 60 4 5 0 0.57 M M 5.6 18 10 M M 5 13 27 20
31 66 44 55 0 10 0 0.63 M M 3.5 13 120 M M 7 13 22 80
================================================================================
SM 2279 1273 232 0 3.64 M 175.6 M 103
================================================================================
AV 73.5 41.1 5.7 FASTST M M 3 MAX(MPH)
MISC ----> 26 230 39 350
================================================================================
NOTES:
# LAST OF SEVERAL OCCURRENCES
COLUMN 17 PEAK WIND IN M.P.H.
PRELIMINARY LOCAL CLIMATOLOGICAL DATA (WS FORM: F-6) , PAGE 2
STATION: LEADVILLE CO
MONTH: JULY
YEAR: 2021
LATITUDE: 39 15 N
LONGITUDE: 106 18 W
[TEMPERATURE DATA] [PRECIPITATION DATA] SYMBOLS USED IN COLUMN 16
AVERAGE MONTHLY: 57.3 TOTAL FOR MONTH: 3.64 1 = FOG OR MIST
DPTR FM NORMAL: 2.2 DPTR FM NORMAL: 1.92 2 = FOG REDUCING VISIBILITY
HIGHEST: 81 ON 9 GRTST 24HR 1.45 ON 21-22 TO 1/4 MILE OR LESS
LOWEST: 33 ON 15 3 = THUNDER
SNOW, ICE PELLETS, HAIL 4 = ICE PELLETS
TOTAL MONTH: M 5 = HAIL
GRTST 24HR M ON M 6 = FREEZING RAIN OR DRIZZLE
GRTST DEPTH: M ON M 7 = DUSTSTORM OR SANDSTORM:
VSBY 1/2 MILE OR LESS
8 = SMOKE OR HAZE
[NO. OF DAYS WITH] [WEATHER - DAYS WITH] 9 = BLOWING SNOW
X = TORNADO
MAX 32 OR BELOW: 0 0.01 INCH OR MORE: 12
MAX 90 OR ABOVE: 0 0.10 INCH OR MORE: 8
MIN 32 OR BELOW: 0 0.50 INCH OR MORE: 3
MIN 0 OR BELOW: 0 1.00 INCH OR MORE: 1
[HDD (BASE 65) ]
TOTAL THIS MO. 232 CLEAR (SCALE 0-3) 17
DPTR FM NORMAL -75 PTCLDY (SCALE 4-7) 14
TOTAL FM JUL 1 232 CLOUDY (SCALE 8-10) 0
DPTR FM NORMAL -74
[CDD (BASE 65) ]
TOTAL THIS MO. 0
DPTR FM NORMAL 0 [PRESSURE DATA]
TOTAL FM JAN 1 0 HIGHEST SLP 30.27 ON 31
DPTR FM NORMAL 0 LOWEST SLP 29.87 ON 21
[REMARKS]
#FINAL-07-21#