000
CXUS56 KHNX 011201
CF6MAE
PRELIMINARY LOCAL CLIMATOLOGICAL DATA (WS FORM: F-6)
STATION: MADERA CA AIRPORT
MONTH: AUGUST
YEAR: 2022
LATITUDE: 36 58 N
LONGITUDE: 120 7 W
TEMPERATURE IN F: :PCPN: SNOW: WIND :SUNSHINE: SKY :PK WND
================================================================================
1 2 3 4 5 6A 6B 7 8 9 10 11 12 13 14 15 16 17 18
12Z AVG MX 2MIN
DY MAX MIN AVG DEP HDD CDD WTR SNW DPTH SPD SPD DIR MIN PSBL S-S WX SPD DR
================================================================================
1 95 72 84 4 0 19 T 0.0 0 8.3 16 310 M M 0 19 320
2 99 68 84 4 0 19 0.00 0.0 0 6.5 12 280 M M 0 8 15 280
3 104 67 86 6 0 21 0.00 0.0 0 7.1 14 350 M M 0 17 320
4 104 72 88 8 0 23 0.00 0.0 0 6.8 12 310 M M 0 15 330
5 94 71 83 3 0 18 T 0.0 0 5.1 14 290 M M 2 17 290
6 95 63 79 -1 0 14 0.00 0.0 0 8.7 15 330 M M 0 19 340
7 97 60 79 -1 0 14 0.00 0.0 0 8.6 13 300 M M 0 18 310
8 96 64 80 0 0 15 0.00 0.0 0 9.2 15 300 M M 0 18 310
9 96 65 81 1 0 16 0.00 0.0 0 8.1 14 310 M M 0 19 300
10 94 63 79 0 0 14 0.00 0.0 0 8.4 15 320 M M 0 19 310
11 97 59 78 -1 0 13 0.00 0.0 0 8.3 15 310 M M 0 19 310
12 99 59 79 0 0 14 0.00 0.0 0 8.3 15 310 M M 0 19 290
13 99 56 78 -1 0 13 0.00 0.0 0 6.8 13 320 M M 0 19 310
14 101 57 79 0 0 14 0.00 0.0 0 7.2 15 300 M M 0 18 300
15 103 59 81 2 0 16 0.00 0.0 0 6.0 13 320 M M 0 16 290
16 107 63 85 6 0 20 0.00 0.0 0 4.9 13 320 M M 2 16 350
17 106 72 89 10 0 24 0.00 0.0 0 6.9 16 330 M M 1 8 21 330
18 104 65 85 6 0 20 0.00 0.0 0 6.7 14 320 M M 2 8 19 310
19 106 64 85 6 0 20 0.00 0.0 0 5.7 15 300 M M 2 19 290
20 106 62 84 5 0 19 0.00 0.0 0 4.8 10 300 M M 2 8 14 330
21 103 65 84 5 0 19 0.00 0.0 0 5.3 13 290 M M 2 17 330
22 98 62 80 1 0 15 0.00 0.0 0 8.0 15 300 M M 1 22 280
23 102 62 82 3 0 17 0.00 0.0 0 5.3 12 330 M M 2 16 330
24 106 65 86 8 0 21 0.00 0.0 0 5.1 13 290 M M 3 8 16 280
25 102 65 84 6 0 19 0.00 0.0 0 5.8 12 300 M M 3 8 14 290
26 101 62 82 4 0 17 0.00 0.0 0 6.1 12 330 M M 3 14 320
27 100 64 82 4 0 17 0.00 0.0 0 6.0 14 290 M M 3 18 300
28 96 63 80 2 0 15 0.00 0.0 0 6.7 12 290 M M 2 15 290
29 98 62 80 2 0 15 0.00 0.0 0 6.9 12 310 M M 3 15 330
30 102 61 82 4 0 17 0.00 0.0 0 6.2 10 300 M M 0 14 290
31 102 62 82 4 0 17 0.00 0.0 0 6.5 12 300 M M 0 8 17 310
================================================================================
SM 3112 1974 0 535 T 0.0 210.3 M 33
================================================================================
AV100.4 63.7 6.8 FASTST M M 1 MAX(MPH)
MISC ----> # 16 310 22 280
================================================================================
NOTES:
# LAST OF SEVERAL OCCURRENCES
COLUMN 17 PEAK WIND IN M.P.H.
PRELIMINARY LOCAL CLIMATOLOGICAL DATA (WS FORM: F-6) , PAGE 2
STATION: MADERA CA AIRPORT
MONTH: AUGUST
YEAR: 2022
LATITUDE: 36 58 N
LONGITUDE: 120 7 W
[TEMPERATURE DATA] [PRECIPITATION DATA] SYMBOLS USED IN COLUMN 16
AVERAGE MONTHLY: 82.0 TOTAL FOR MONTH: T 1 = FOG OR MIST
DPTR FM NORMAL: 3.0 DPTR FM NORMAL: -0.00 2 = FOG REDUCING VISIBILITY
HIGHEST: 107 ON 16 GRTST 24HR T ON 1- 1 TO 1/4 MILE OR LESS
LOWEST: 56 ON 13 3 = THUNDER
SNOW, ICE PELLETS, HAIL 4 = ICE PELLETS
TOTAL MONTH: 0.0 INCH 5 = HAIL
GRTST 24HR 0.0 6 = FREEZING RAIN OR DRIZZLE
GRTST DEPTH: 0 7 = DUSTSTORM OR SANDSTORM:
VSBY 1/2 MILE OR LESS
8 = SMOKE OR HAZE
[NO. OF DAYS WITH] [WEATHER - DAYS WITH] 9 = BLOWING SNOW
X = TORNADO
MAX 32 OR BELOW: 0 0.01 INCH OR MORE: 0
MAX 90 OR ABOVE: 31 0.10 INCH OR MORE: 0
MIN 32 OR BELOW: 0 0.50 INCH OR MORE: 0
MIN 0 OR BELOW: 0 1.00 INCH OR MORE: 0
[HDD (BASE 65) ]
TOTAL THIS MO. 0 CLEAR (SCALE 0-3) 31
DPTR FM NORMAL 0 PTCLDY (SCALE 4-7) 0
TOTAL FM JUL 1 0 CLOUDY (SCALE 8-10) 0
DPTR FM NORMAL 0
[CDD (BASE 65) ]
TOTAL THIS MO. 535
DPTR FM NORMAL 101 [PRESSURE DATA]
TOTAL FM JAN 1 1525 HIGHEST SLP 30.06 ON 10
DPTR FM NORMAL 148 LOWEST SLP 29.67 ON 27
[REMARKS]
#FINAL-08-22#