000
CXUS56 KHNX 021519
CF6MAE
PRELIMINARY LOCAL CLIMATOLOGICAL DATA (WS FORM: F-6)
STATION: MADERA CA AIRPORT
MONTH: APRIL
YEAR: 2022
LATITUDE: 36 58 N
LONGITUDE: 120 7 W
TEMPERATURE IN F: :PCPN: SNOW: WIND :SUNSHINE: SKY :PK WND
================================================================================
1 2 3 4 5 6A 6B 7 8 9 10 11 12 13 14 15 16 17 18
12Z AVG MX 2MIN
DY MAX MIN AVG DEP HDD CDD WTR SNW DPTH SPD SPD DIR MIN PSBL S-S WX SPD DR
================================================================================
1 76 42 59 1 6 0 0.00 0.0 0 3.5 M M M M 0 18 M M
2 80 44 62 4 3 0 0.00 0.0 0 5.0 16 320 M M 0 M M
3 84 46 65 7 0 0 0.00 0.0 0 8.4 21 320 M M 0 32 330
4 78 40 59 1 6 0 0.00 0.0 0 8.1 18 340 M M 0 27 330
5 76 50 63 5 2 0 0.00 0.0 0 11.6 21 320 M M 0 M M
6 M 43 M M M M 0.00 0.0 0 3.2 5 290 M M 0 M M
7 M M M M M M 0.00 0.0 0 M M M M M M M M
8 M M M M M M 0.00 0.0 0 M M M M M M M M
9 M M M M M M 0.00 0.0 0 M M M M M M M M
10 M M M M M M 0.00 0.0 0 M M M M M M M M
11 61 38 50 -10 15 0 0.07 0.0 0 9.2 M M M M 4 18 M M
12 63 34 49 -11 16 0 0.00 0.0 0 11.0 21 290 M M 0 30 290
13 67 34 51 -9 14 0 0.00 0.0 0 7.4 15 330 M M 0 20 330
14 70 43 57 -3 8 0 0.00 0.0 0 8.1 17 340 M M 2 19 350
15 76 45 61 1 4 0 0.00 0.0 0 6.0 14 300 M M 1 19 300
16 72 52 62 1 3 0 0.20 0.0 0 6.9 M M M M 4 1 M M
17 77 44 61 0 4 0 0.00 0.0 0 5.9 12 300 M M 0 16 270
18 76 43 60 -1 5 0 0.00 0.0 0 7.8 15 320 M M 0 21 300
19 73 49 61 0 4 0 0.00 0.0 0 7.9 15 330 M M 2 22 340
20 75 43 59 -3 6 0 0.00 0.0 0 6.9 14 310 M M 0 25 280
21 65 50 58 -4 7 0 0.19 0.0 0 7.7 16 340 M M 8 1 M M
22 68 46 57 -5 8 0 T 0.0 0 8.1 18 320 M M 5 12 27 330
23 74 41 58 -4 7 0 0.00 0.0 0 6.5 14 310 M M 0 18 290
24 81 46 64 1 1 0 0.00 0.0 0 3.9 10 360 M M 0 14 270
25 85 45 65 2 0 0 0.00 0.0 0 5.8 16 320 M M 0 21 340
26 81 50 66 3 0 1 0.00 0.0 0 8.3 16 300 M M 0 20 310
27 79 45 62 -2 3 0 0.00 0.0 0 7.7 14 300 M M 0 26 350
28 73 45 59 -5 6 0 0.00 0.0 0 10.9 21 330 M M 0 32 330
29 78 42 60 -4 5 0 0.00 0.0 0 7.3 15 300 M M 0 21 300
30 84 43 64 0 1 0 0.00 0.0 0 7.8 21 330 M M 0 23 330
================================================================================
SM 1872 1143 134 1 0.46 0.0 190.9 M 26
================================================================================
AV 74.9 44.0 7.3 FASTST M M 1 MAX(MPH)
MISC ----> # 21 320 # 32 330
================================================================================
NOTES:
# LAST OF SEVERAL OCCURRENCES
COLUMN 17 PEAK WIND IN M.P.H.
PRELIMINARY LOCAL CLIMATOLOGICAL DATA (WS FORM: F-6) , PAGE 2
STATION: MADERA CA AIRPORT
MONTH: APRIL
YEAR: 2022
LATITUDE: 36 58 N
LONGITUDE: 120 7 W
[TEMPERATURE DATA] [PRECIPITATION DATA] SYMBOLS USED IN COLUMN 16
AVERAGE MONTHLY: 59.4 TOTAL FOR MONTH: 0.46 1 = FOG OR MIST
DPTR FM NORMAL: -1.3 DPTR FM NORMAL: -0.43 2 = FOG REDUCING VISIBILITY
HIGHEST: 85 ON 25 GRTST 24HR 0.20 ON 16-16 TO 1/4 MILE OR LESS
LOWEST: 34 ON 13,12 3 = THUNDER
SNOW, ICE PELLETS, HAIL 4 = ICE PELLETS
TOTAL MONTH: 0.0 INCH 5 = HAIL
GRTST 24HR 0.0 6 = FREEZING RAIN OR DRIZZLE
GRTST DEPTH: 0 7 = DUSTSTORM OR SANDSTORM:
VSBY 1/2 MILE OR LESS
8 = SMOKE OR HAZE
[NO. OF DAYS WITH] [WEATHER - DAYS WITH] 9 = BLOWING SNOW
X = TORNADO
MAX 32 OR BELOW: 0 0.01 INCH OR MORE: 3
MAX 90 OR ABOVE: 0 0.10 INCH OR MORE: 2
MIN 32 OR BELOW: 0 0.50 INCH OR MORE: 0
MIN 0 OR BELOW: 0 1.00 INCH OR MORE: 0
[HDD (BASE 65) ]
TOTAL THIS MO. 134 CLEAR (SCALE 0-3) 22
DPTR FM NORMAL -25 PTCLDY (SCALE 4-7) 3
TOTAL FM JUL 1 2289 CLOUDY (SCALE 8-10) 5
DPTR FM NORMAL -24
[CDD (BASE 65) ]
TOTAL THIS MO. 1
DPTR FM NORMAL -29 [PRESSURE DATA]
TOTAL FM JAN 1 13 HIGHEST SLP 30.28 ON 13
DPTR FM NORMAL -20 LOWEST SLP 29.84 ON 30
[REMARKS]
#FINAL-04-22#