000
CXUS54 KLIX 010810
CF6MCB
PRELIMINARY LOCAL CLIMATOLOGICAL DATA (WS FORM: F-6)
STATION: MCCOMB
MONTH: AUGUST
YEAR: 2021
LATITUDE: 31 10 N
LONGITUDE: 90 28 W
TEMPERATURE IN F: :PCPN: SNOW: WIND :SUNSHINE: SKY :PK WND
================================================================================
1 2 3 4 5 6A 6B 7 8 9 10 11 12 13 14 15 16 17 18
12Z AVG MX 2MIN
DY MAX MIN AVG DEP HDD CDD WTR SNW DPTH SPD SPD DIR MIN PSBL S-S WX SPD DR
================================================================================
1 94 73 84 2 0 19 0.44 M M 3.2 18 30 M M 1 138 26 20
2 85 73 79 -3 0 14 0.98 M M 3.1 20 310 M M 3 13 28 280
3 86 74 80 -2 0 15 0.82 M M 2.4 14 130 M M 9 1 17 130
4 88 70 79 -3 0 14 0.00 0.0 M 5.2 14 360 M M 2 18 360
5 89 65 77 -5 0 12 0.00 0.0 M 3.4 9 40 M M 0 8 13 50
6 87 70 79 -3 0 14 0.00 M M 1.8 9 320 M M 2 18 12 320
7 90 67 79 -3 0 14 0.00 0.0 M 1.2 7 150 M M 0 18 9 350
8 93 70 82 0 0 17 0.00 0.0 M 3.2 17 180 M M 2 1 22 180
9 93 72 83 1 0 18 0.00 M M 4.1 16 210 M M 1 1 20 210
10 93 72 83 2 0 18 0.00 M M 2.5 9 170 M M 1 13 170
11 93 73 83 2 0 18 0.00 M M 2.9 16 110 M M 1 13 24 150
12 92 72 82 1 0 17 0.06 M M 2.4 16 170 M M 2 13 20 170
13 91 69 80 -1 0 15 0.00 M M 1.7 13 160 M M 3 12 16 160
14 93 71 82 1 0 17 0.00 M M 3.5 13 360 M M 2 15 360
15 91 71 81 0 0 16 0.38 M M 1.7 24 160 M M 3 13 32 170
16 92 72 82 1 0 17 0.00 M M 2.0 9 20 M M 2 1 13 20
17 92 72 82 1 0 17 0.10 M M 1.5 17 320 M M 2 13 22 320
18 93 73 83 2 0 18 T M M 4.1 13 160 M M 2 13 19 160
19 92 75 84 3 0 19 T M M 2.6 13 190 M M 2 13 17 190
20 90 74 82 1 0 17 0.40 M M 1.2 18 250 M M 3 13 26 270
21 93 71 82 1 0 17 0.00 M M 2.2 10 310 M M 0 1 14 270
22 95 73 84 3 0 19 0.00 M M 3.5 12 300 M M 1 16 300
23 95 76 86 5 0 21 T M M 3.8 13 330 M M 2 3 16 350
24 96 75 86 5 0 21 0.00 M M 2.8 12 300 M M 1 1 15 20
25 95 75 85 5 0 20 0.48 M M 3.0 23 360 M M 1 13 29 360
26 90 74 82 2 0 17 0.06 M M 5.3 22 170 M M 3 13 27 170
27 88 73 81 1 0 16 0.24 M M 5.6 16 140 M M 2 13 24 130
28 90 73 82 2 0 17 0.00 M M 5.1 14 70 M M 1 18 80
29 83 74 79 -1 0 14 1.86 0.0 M 13.1 31 80 M M 6 1 48 100
30 75 73 74 -6 0 9 4.38 M M 24.4 28 150 M M 10 1 52 80
31 89 89 89 9 0 24 M M M 6.9 7 300 M M 4 M M
================================================================================
SM 2806 2254 0 521 10.20 0.0 129.4 M 74
================================================================================
AV 90.5 72.7 4.2 FASTST M M 2 MAX(MPH)
MISC ----> 31 80 52 80
================================================================================
NOTES:
# LAST OF SEVERAL OCCURRENCES
COLUMN 17 PEAK WIND IN M.P.H.
PRELIMINARY LOCAL CLIMATOLOGICAL DATA (WS FORM: F-6) , PAGE 2
STATION: MCCOMB
MONTH: AUGUST
YEAR: 2021
LATITUDE: 31 10 N
LONGITUDE: 90 28 W
[TEMPERATURE DATA] [PRECIPITATION DATA] SYMBOLS USED IN COLUMN 16
AVERAGE MONTHLY: 81.6 TOTAL FOR MONTH: 10.20 1 = FOG OR MIST
DPTR FM NORMAL: 0.6 DPTR FM NORMAL: 4.37 2 = FOG REDUCING VISIBILITY
HIGHEST: 96 ON 24 GRTST 24HR 4.38 ON 30-30 TO 1/4 MILE OR LESS
LOWEST: 65 ON 5 3 = THUNDER
SNOW, ICE PELLETS, HAIL 4 = ICE PELLETS
TOTAL MONTH: 0.0 INCH 5 = HAIL
GRTST 24HR 0.0 6 = FREEZING RAIN OR DRIZZLE
GRTST DEPTH: M ON M 7 = DUSTSTORM OR SANDSTORM:
VSBY 1/2 MILE OR LESS
8 = SMOKE OR HAZE
[NO. OF DAYS WITH] [WEATHER - DAYS WITH] 9 = BLOWING SNOW
X = TORNADO
MAX 32 OR BELOW: 0 0.01 INCH OR MORE: 12
MAX 90 OR ABOVE: 22 0.10 INCH OR MORE: 10
MIN 32 OR BELOW: 0 0.50 INCH OR MORE: 4
MIN 0 OR BELOW: 0 1.00 INCH OR MORE: 2
[HDD (BASE 65) ]
TOTAL THIS MO. 0 CLEAR (SCALE 0-3) 26
DPTR FM NORMAL 0 PTCLDY (SCALE 4-7) 3
TOTAL FM JUL 1 0 CLOUDY (SCALE 8-10) 2
DPTR FM NORMAL 0
[CDD (BASE 65) ]
TOTAL THIS MO. 521
DPTR FM NORMAL 25 [PRESSURE DATA]
TOTAL FM JAN 1 1854 HIGHEST SLP M ON M
DPTR FM NORMAL 23 LOWEST SLP 29.43 ON 29
[REMARKS]
#FINAL-08-21#