000
CXAK56 PAFG 020833
CF6MCG
PRELIMINARY LOCAL CLIMATOLOGICAL DATA (WS FORM: F-6)
STATION: MCGRATH AK
MONTH: FEBRUARY
YEAR: 2022
LATITUDE: 62 57 N
LONGITUDE: 155 36 W
TEMPERATURE IN F: :PCPN: SNOW: WIND :SUNSHINE: SKY :PK WND
================================================================================
1 2 3 4 5 6A 6B 7 8 9 10 11 12 13 14 15 16 17 18
12Z AVG MX 2MIN
DY MAX MIN AVG DEP HDD CDD WTR SNW DPTH SPD SPD DIR MIN PSBL S-S WX SPD DR
================================================================================
1 M M M M M M M M M M M M M M M M M
2 7 -2 3 3 62 0 0.00 M M M M M M M M M M
3 9 0 5 5 60 0 T M M 8.0 18 90 M M 10 8 23 70
4 6 4 5 4 60 0 0.09 M M 3.5 13 90 M M 10 18 18 110
5 7 1 4 3 61 0 0.12 M M 2.5 8 20 M M 10 1 11 10
6 5 -24 -9 -11 74 0 0.01 M M 5.2 12 10 M M 5 1 14 360
7 -9 -30 -19 -21 84 0 0.01 M M 3.5 9 360 M M 7 1 12 10
8 M M M M M M M M M M M M M M M 18 M M
9 M M M M M M M M M M M M M M M 18 M M
10 -4 -35 -19 -23 84 0 T M M M M M M M M 8 M M
11 4 -4 0 -4 65 0 T M M 2.1 8 360 M M 9 11 10
12 4 -5 0 -4 65 0 0.13 M M 2.3 7 140 M M 9 1 10 130
13 11 -13 -1 -6 66 0 0.05 M M 2.9 9 10 M M 7 1 12 10
14 3 -15 -6 -11 71 0 0.07 M M 3.5 8 360 M M 8 1 12 340
15 7 -8 0 -5 65 0 0.14 M M 1.2 7 160 M M 10 1 10 120
16 10 4 7 1 58 0 M M M M M M M M M 18 M M
17 M M M M M M M M M M M M M M M 1 M M
18 11 6 9 3 56 0 M M M M M M M M M 1 M M
19 11 2 7 1 58 0 0.06 M M M M M M M M 18 M M
20 11 4 8 1 57 0 0.17 M M M M M M M M 18 M M
21 M M M M M M M M M M M M M M M M M
22 M M M M M M M M M M M M M M M 1 M M
23 M M M M M M M M M M M M M M M 1 M M
24 43 32 38 31 27 0 T M M 5.7 15 90 M M 6 20 80
25 44 31 38 30 27 0 0.00 M M 11.2 28 80 M M 1 39 70
26 M M M M M M M M M M M M M M M M M
27 M M M M M M M M M M M M M M M M M
28 M M M M M M M M M M M M M M M M M
================================================================================
SM 180 -52 1100 0 0.85 M 51.6 M 92
================================================================================
AV 10.0 -2.9 4.3 FASTST M M 8 MAX(MPH)
MISC ----> 28 80 39 70
================================================================================
NOTES:
# LAST OF SEVERAL OCCURRENCES
COLUMN 17 PEAK WIND IN M.P.H.
PRELIMINARY LOCAL CLIMATOLOGICAL DATA (WS FORM: F-6) , PAGE 2
STATION: MCGRATH AK
MONTH: FEBRUARY
YEAR: 2022
LATITUDE: 62 57 N
LONGITUDE: 155 36 W
[TEMPERATURE DATA] [PRECIPITATION DATA] SYMBOLS USED IN COLUMN 16
AVERAGE MONTHLY: 3.6 TOTAL FOR MONTH: 0.85 1 = FOG OR MIST
DPTR FM NORMAL: -0.9 DPTR FM NORMAL: -0.02 2 = FOG REDUCING VISIBILITY
HIGHEST: 44 ON 25 GRTST 24HR 0.54 ON 18-19 TO 1/4 MILE OR LESS
LOWEST: -35 ON 10 3 = THUNDER
SNOW, ICE PELLETS, HAIL 4 = ICE PELLETS
TOTAL MONTH: M 5 = HAIL
GRTST 24HR M ON M 6 = FREEZING RAIN OR DRIZZLE
GRTST DEPTH: M ON M 7 = DUSTSTORM OR SANDSTORM:
VSBY 1/2 MILE OR LESS
8 = SMOKE OR HAZE
[NO. OF DAYS WITH] [WEATHER - DAYS WITH] 9 = BLOWING SNOW
X = TORNADO
MAX 32 OR BELOW: 16 0.01 INCH OR MORE: 10
MAX 90 OR ABOVE: 0 0.10 INCH OR MORE: 4
MIN 32 OR BELOW: 18 0.50 INCH OR MORE: 0
MIN 0 OR BELOW: 10 1.00 INCH OR MORE: 0
[HDD (BASE 65) ]
TOTAL THIS MO. 1100 CLEAR (SCALE 0-3) 1
DPTR FM NORMAL -593 PTCLDY (SCALE 4-7) 4
TOTAL FM JUL 1 1956 CLOUDY (SCALE 8-10) 23
DPTR FM NORMAL -7862
[CDD (BASE 65) ]
TOTAL THIS MO. 0
DPTR FM NORMAL 0 [PRESSURE DATA]
TOTAL FM JAN 1 0 HIGHEST SLP 30.53 ON 10
DPTR FM NORMAL 0 LOWEST SLP 29.20 ON 25
[REMARKS]
#FINAL-02-22#