000
CXUS53 KEAX 010705
CLMMCI
STLCLMWRK 000 TTAA00 EAX 010701
CLIMATE REPORT NATIONAL WEATHER SERVICE KANSAS CITY/PLEASANT HILL MO
200 AM CDT MON MAY 01 2023
...................................
...THE KANSAS CITY INTERNATIONAL MO CLIMATE SUMMARY FOR THE MONTH OF
APRIL 2023...
CLIMATE NORMAL PERIOD: 1991 TO 2020
CLIMATE RECORD PERIOD: 1888 TO 2023
WEATHER OBSERVED NORMAL DEPART LAST YEAR`S
VALUE DATE(S) VALUE FROM VALUE DATE(S)
NORMAL
................................................................
TEMPERATURE (F)
RECORD
HIGH 95 04/29/1910
LOW 12 04/03/1975
HIGHEST 85 04/04 85 0 86 04/12
LOWEST 27 04/06 27 0 25 04/01
AVG. MAXIMUM 67.9 65.5 2.4 65.4
AVG. MINIMUM 43.0 43.7 -0.7 42.1
MEAN 55.5 54.6 0.9 53.8
DAYS MAX >= 90 0 0.2 -0.2 0
DAYS MAX <= 32 0 0.0 0.0 0
DAYS MIN <= 32 2 3.4 -1.4 3
DAYS MIN <= 0 0 0.0 0.0 0
PRECIPITATION (INCHES)
RECORD
MAXIMUM 10.57 1944
MINIMUM 0.65 2000
TOTALS 2.77 4.05 -1.28 2.35
DAILY AVG. 0.09 0.14 -0.05 0.08
DAYS >= .01 7 11.3 -4.3 9
DAYS >= .10 5 7.2 -2.2 5
DAYS >= .50 2 2.9 -0.9 1
DAYS >= 1.00 1 1.0 0.0 1
GREATEST
24 HR. TOTAL 1.94 04/19 TO 04/20
SNOWFALL (INCHES)
RECORDS
TOTAL 7.2 1983
TOTALS 0.0 0.3 -0.3 T
SINCE 7/1 9.0 18.2 -9.2 MM
SNOWDEPTH AVG. 0 0
DAYS >= 1.0 0 0.2 -0.2 0
GREATEST
SNOW DEPTH 0 0 MM
24 HR TOTAL MM
DEGREE DAYS
HEATING TOTAL 291 330 -39 347
SINCE 7/1 4506 4955 -449 MM
COOLING TOTAL 14 18 -4 17
SINCE 1/1 14 22 -8 MM
................................................................
WIND (MPH)
AVERAGE WIND SPEED 11.7
HIGHEST WIND SPEED/DIRECTION 41/300 DATE 04/15
HIGHEST GUST SPEED/DIRECTION 57/300 DATE 04/15
SKY COVER
POSSIBLE SUNSHINE (PERCENT) MM
AVERAGE SKY COVER 0.46
NUMBER OF DAYS FAIR 13
NUMBER OF DAYS PC 12
NUMBER OF DAYS CLOUDY 5
AVERAGE RH (PERCENT) 56
WEATHER CONDITIONS. NUMBER OF DAYS WITH
THUNDERSTORM 7 MIXED PRECIP 0
HEAVY RAIN 3 RAIN 2
LIGHT RAIN 8 FREEZING RAIN 0
LT FREEZING RAIN 0 HAIL 1
HEAVY SNOW 0 SNOW 0
LIGHT SNOW 0 SLEET 0
FOG 7 FOG W/VIS <= 1/4 MILE 0
HAZE 7
- INDICATES NEGATIVE NUMBERS.
R INDICATES RECORD WAS SET OR TIED.
MM INDICATES DATA IS MISSING.
T INDICATES TRACE AMOUNT.
$$