000
CXUS53 KEAX 010841
CLMMCI
CLIMATE REPORT
NATIONAL WEATHER SERVICE KANSAS CITY/PLEASANT HILL MO
338 AM CDT WED NOV 01 2023
...................................
...THE KANSAS CITY INTERNATIONAL MO CLIMATE SUMMARY FOR THE MONTH OF OCTOBER 2023...
CLIMATE NORMAL PERIOD: 1991 TO 2020
CLIMATE RECORD PERIOD: 1888 TO 2023
WEATHER OBSERVED NORMAL DEPART LAST YEAR`S
VALUE DATE(S) VALUE FROM VALUE DATE(S)
NORMAL
................................................................
TEMPERATURE (F)
RECORD
HIGH 98 10/07/1939
LOW 17 10/31/1993
10/30/1925
HIGHEST 91 10/01 85 6 88 10/21
LOWEST 20 10/31 29 -9 24 10/19
AVG. MAXIMUM 68.9 67.2 1.7 72.5
AVG. MINIMUM 47.1 45.6 1.5 45.8
MEAN 58.0 56.4 1.6 59.1
DAYS MAX >= 90 2 0.2 1.8 0
DAYS MAX <= 32 0 0.0 0.0 0
DAYS MIN <= 32 4 2.3 1.7 2
DAYS MIN <= 0 0 0.0 0.0 0
PRECIPITATION (INCHES)
RECORD
MAXIMUM 11.94 1941
MINIMUM 0.12 1895
TOTALS 3.47 3.25 0.22 1.71
DAILY AVG. 0.11 0.10 0.01 0.06
DAYS >= .01 11 8.1 2.9 3
DAYS >= .10 5 5.0 0.0 2
DAYS >= .50 2 1.9 0.1 1
DAYS >= 1.00 2 0.8 1.2 1
GREATEST
24 HR. TOTAL 2.10 10/24 TO 10/25
SNOWFALL (INCHES)
RECORDS
TOTAL 6.5 1996
TOTALS 0.0 0.3 -0.3 0.0
SINCE 7/1 0.0 0.3 -0.3 MM
SNOWDEPTH AVG. 0 0
DAYS >= 1.0 0 0.1 -0.1 0
GREATEST
SNOW DEPTH 0 0 MM
24 HR TOTAL MM
DEGREE DAYS
HEATING TOTAL 274 295 -21 224
SINCE 7/1 275 357 -82 MM
COOLING TOTAL 63 29 34 51
SINCE 1/1 1509 1360 149 MM
................................................................
WIND (MPH)
AVERAGE WIND SPEED 10.3
HIGHEST WIND SPEED/DIRECTION 29/160 DATE 10/12
29/180 10/23
HIGHEST GUST SPEED/DIRECTION 44/180 DATE 10/23
SKY COVER
POSSIBLE SUNSHINE (PERCENT) MM
AVERAGE SKY COVER 0.47
NUMBER OF DAYS FAIR 12
NUMBER OF DAYS PC 11
NUMBER OF DAYS CLOUDY 8
AVERAGE RH (PERCENT) 67
WEATHER CONDITIONS. NUMBER OF DAYS WITH
THUNDERSTORM 8 MIXED PRECIP 0
HEAVY RAIN 3 RAIN 5
LIGHT RAIN 13 FREEZING RAIN 0
LT FREEZING RAIN 0 HAIL 0
HEAVY SNOW 0 SNOW 0
LIGHT SNOW 1 SLEET 0
FOG 13 FOG W/VIS <= 1/4 MILE 0
HAZE 10
- INDICATES NEGATIVE NUMBERS.
R INDICATES RECORD WAS SET OR TIED.
MM INDICATES DATA IS MISSING.
T INDICATES TRACE AMOUNT.
$$