000
CXUS52 KFFC 011110
CF6MCN
PRELIMINARY LOCAL CLIMATOLOGICAL DATA (WS FORM: F-6)
STATION: MACON
MONTH: NOVEMBER
YEAR: 2022
LATITUDE: 32 42 N
LONGITUDE: 83 39 W
TEMPERATURE IN F: :PCPN: SNOW: WIND :SUNSHINE: SKY :PK WND
================================================================================
1 2 3 4 5 6A 6B 7 8 9 10 11 12 13 14 15 16 17 18
12Z AVG MX 2MIN
DY MAX MIN AVG DEP HDD CDD WTR SNW DPTH SPD SPD DIR MIN PSBL S-S WX SPD DR
================================================================================
1 78 50 64 4 1 0 0.00 0.0 M 3.6 12 350 M M 1 1 17 320
2 82 50 66 6 0 1 0.00 0.0 M 4.1 10 40 M M 1 1 18 30
3 81 50 66 7 0 1 0.00 0.0 M 3.7 13 50 M M 1 1 16 30
4 81 47 64 5 1 0 0.00 0.0 M 4.0 15 70 M M 0 1 21 50
5 83 54 69 10 0 4 0.00 0.0 M 4.4 16 140 M M 5 12 21 150
6 85 67 76 18 0 11 0.00 0.0 M 5.0 20 150 M M 4 12 30 160
7 87 62 75 17 0 10 0.00 0.0 M 2.9 13 30 M M 6 128 17 40
8 85 58 72 14 0 7 0.00 0.0 M 8.8 20 50 M M 1 1 27 70
9 72 51 62 4 3 0 0.00 0.0 M 14.0 20 50 M M 3 31 70
10 71 61 66 9 0 1 1.70 0.0 M 16.8 29 40 M M 10 18 39 50
11 71 66 69 12 0 4 0.77 0.0 M 11.8 25 140 M M 10 1 36 150
12 80 51 66 9 0 1 0.01 0.0 M 8.3 18 310 M M 8 12 25 310
13 58 37 48 -8 17 0 0.00 0.0 M 8.2 17 320 M M 1 27 320
14 60 33 47 -9 18 0 0.00 0.0 M 7.8 14 40 M M 4 20 50
15 57 49 53 -3 12 0 0.05 M M 6.5 15 360 M M 10 1 21 350
16 60 45 53 -3 12 0 0.00 0.0 M 8.7 17 330 M M 2 25 350
17 55 32 44 -11 21 0 0.00 0.0 M 6.9 18 290 M M 0 27 280
18 59 26 43 -12 22 0 0.00 0.0 M 4.4 10 320 M M 0 16 10
19 62 29 46 -9 19 0 0.00 0.0 M 3.5 12 300 M M 0 16 310
20 49 30 40 -14 25 0 0.00 0.0 M 5.6 13 340 M M 0 16 350
21 63 25 44 -10 21 0 0.00 0.0 M 4.5 14 60 M M 2 19 80
22 64 42 53 -1 12 0 0.00 0.0 M 3.3 8 50 M M 8 11 350
23 73 52 63 9 2 0 0.01 0.0 M 4.6 15 50 M M 5 20 40
24 66 52 59 5 6 0 0.02 0.0 M 6.7 14 30 M M 9 1 16 30
25 62 52 57 4 8 0 0.71 0.0 M 3.6 14 20 M M 9 12 18 30
26 67 50 59 6 6 0 0.00 0.0 M 6.8 15 100 M M 9 128 21 130
27 75 53 64 11 1 0 0.79 0.0 M 10.2 25 250 M M 4 1 35 230
28 71 44 58 5 7 0 0.00 0.0 M 5.4 18 270 M M 0 1 28 280
29 75 39 57 5 8 0 0.00 0.0 M 4.9 15 150 M M 3 1 21 150
30 73 47 60 8 5 0 1.83 M M 10.2 22 330 M M 5 13 32 340
================================================================================
SM 2105 1404 227 40 5.89 0.0 199.2 M 121
================================================================================
AV 70.2 46.8 6.6 FASTST M M 4 MAX(MPH)
MISC ----> 29 40 39 50
================================================================================
NOTES:
# LAST OF SEVERAL OCCURRENCES
COLUMN 17 PEAK WIND IN M.P.H.
PRELIMINARY LOCAL CLIMATOLOGICAL DATA (WS FORM: F-6) , PAGE 2
STATION: MACON
MONTH: NOVEMBER
YEAR: 2022
LATITUDE: 32 42 N
LONGITUDE: 83 39 W
[TEMPERATURE DATA] [PRECIPITATION DATA] SYMBOLS USED IN COLUMN 16
AVERAGE MONTHLY: 58.5 TOTAL FOR MONTH: 5.89 1 = FOG OR MIST
DPTR FM NORMAL: 2.7 DPTR FM NORMAL: 2.52 2 = FOG REDUCING VISIBILITY
HIGHEST: 87 ON 7 GRTST 24HR 2.47 ON 10-11 TO 1/4 MILE OR LESS
LOWEST: 25 ON 21 3 = THUNDER
SNOW, ICE PELLETS, HAIL 4 = ICE PELLETS
TOTAL MONTH: 0.0 INCH 5 = HAIL
GRTST 24HR 0.0 6 = FREEZING RAIN OR DRIZZLE
GRTST DEPTH: M ON M 7 = DUSTSTORM OR SANDSTORM:
VSBY 1/2 MILE OR LESS
8 = SMOKE OR HAZE
[NO. OF DAYS WITH] [WEATHER - DAYS WITH] 9 = BLOWING SNOW
X = TORNADO
MAX 32 OR BELOW: 0 0.01 INCH OR MORE: 9
MAX 90 OR ABOVE: 0 0.10 INCH OR MORE: 5
MIN 32 OR BELOW: 5 0.50 INCH OR MORE: 5
MIN 0 OR BELOW: 0 1.00 INCH OR MORE: 2
[HDD (BASE 65) ]
TOTAL THIS MO. 227 CLEAR (SCALE 0-3) 14
DPTR FM NORMAL -68 PTCLDY (SCALE 4-7) 9
TOTAL FM JUL 1 335 CLOUDY (SCALE 8-10) 7
DPTR FM NORMAL -42
[CDD (BASE 65) ]
TOTAL THIS MO. 40
DPTR FM NORMAL 21 [PRESSURE DATA]
TOTAL FM JAN 1 2334 HIGHEST SLP 30.46 ON 21
DPTR FM NORMAL 13 LOWEST SLP 29.50 ON 11
[REMARKS]
#FINAL-11-22#