000
CXUS52 KFFC 011110
CF6MCN
PRELIMINARY LOCAL CLIMATOLOGICAL DATA (WS FORM: F-6)
STATION: MACON
MONTH: NOVEMBER
YEAR: 2020
LATITUDE: 32 42 N
LONGITUDE: 83 39 W
TEMPERATURE IN F: :PCPN: SNOW: WIND :SUNSHINE: SKY :PK WND
================================================================================
1 2 3 4 5 6A 6B 7 8 9 10 11 12 13 14 15 16 17 18
12Z AVG MX 2MIN
DY MAX MIN AVG DEP HDD CDD WTR SNW DPTH SPD SPD DIR MIN PSBL S-S WX SPD DR
================================================================================
1 76 56 66 6 0 1 0.00 0.0 M 7.7 17 330 M M 5 1 28 330
2 65 36 51 -9 14 0 0.00 0.0 M 6.6 20 350 M M 0 29 340
3 72 30 51 -9 14 0 0.00 0.0 M 2.8 9 270 M M 0 13 330
4 74 35 55 -4 10 0 0.00 0.0 M 2.3 10 110 M M 0 18 110
5 77 40 59 0 6 0 0.00 0.0 M 5.4 13 70 M M 3 18 60
6 78 56 67 8 0 2 0.00 0.0 M 7.4 15 60 M M 4 23 40
7 80 63 72 14 0 7 0.07 0.0 M 8.2 16 70 M M 7 1 23 100
8 79 63 71 13 0 6 0.19 0.0 M 10.1 22 80 M M 6 18 35 70
9 83 67 75 17 0 10 T 0.0 M 11.2 23 70 M M 7 32 100
10 79 69 74 16 0 9 0.02 0.0 M 9.0 17 90 M M 10 18 24 90
11 86 71 79 22 0 14 0.44 0.0 M 2.4 23 140 M M 9 1 31 150
12 82 62 72 15 0 7 2.27 0.0 M 6.6 13 350 M M 6 1 17 340
13 80 53 67 10 0 2 0.00 0.0 M 4.5 13 360 M M 2 1 16 310
14 77 45 61 5 4 0 0.00 0.0 M 1.8 8 40 M M 0 1 12 40
15 79 50 65 9 0 0 0.00 0.0 M 5.3 15 280 M M 5 128 23 290
16 70 41 56 0 9 0 0.00 0.0 M 6.0 16 340 M M 0 22 330
17 69 35 52 -4 13 0 0.00 0.0 M 8.4 21 310 M M 0 31 340
18 64 37 51 -4 14 0 0.00 0.0 M 5.1 14 50 M M 0 20 80
19 65 32 49 -6 16 0 0.00 0.0 M 4.1 12 50 M M 0 1 15 50
20 76 39 58 3 7 0 0.00 0.0 M 1.7 8 90 M M 4 13 120
21 76 44 60 6 5 0 0.00 0.0 M 2.2 8 360 M M 1 1 12 50
22 78 45 62 8 3 0 0.00 0.0 M 2.3 10 140 M M 4 1 16 140
23 67 39 53 -1 12 0 0.00 0.0 M 5.9 17 350 M M 0 1 22 360
24 68 34 51 -2 14 0 0.00 0.0 M 5.7 13 90 M M 2 18 19 110
25 78 50 64 11 1 0 0.37 M M 6.7 21 350 M M 7 1 27 330
26 77 59 68 15 0 3 0.71 0.0 M 4.2 10 210 M M 6 123 14 210
27 76 55 66 14 0 1 0.00 0.0 M 2.0 7 340 M M 4 12 10 360
28 65 53 59 7 6 0 0.62 0.0 M 4.2 14 10 M M 7 1 20 10
29 63 53 58 6 7 0 0.57 0.0 M 6.9 15 160 M M 9 1 24 150
30 69 38 54 2 11 0 0.12 M M 14.1 30 250 M M 9 1 55 220
================================================================================
SM 2228 1450 166 62 5.38 0.0 170.8 M 117
================================================================================
AV 74.3 48.3 5.7 FASTST M M 4 MAX(MPH)
MISC ----> 30 250 55 220
================================================================================
NOTES:
# LAST OF SEVERAL OCCURRENCES
COLUMN 17 PEAK WIND IN M.P.H.
PRELIMINARY LOCAL CLIMATOLOGICAL DATA (WS FORM: F-6) , PAGE 2
STATION: MACON
MONTH: NOVEMBER
YEAR: 2020
LATITUDE: 32 42 N
LONGITUDE: 83 39 W
[TEMPERATURE DATA] [PRECIPITATION DATA] SYMBOLS USED IN COLUMN 16
AVERAGE MONTHLY: 61.3 TOTAL FOR MONTH: 5.38 1 = FOG OR MIST
DPTR FM NORMAL: 5.4 DPTR FM NORMAL: 2.06 2 = FOG REDUCING VISIBILITY
HIGHEST: 86 ON 11 GRTST 24HR 2.68 ON 11-12 TO 1/4 MILE OR LESS
LOWEST: 30 ON 3 3 = THUNDER
SNOW, ICE PELLETS, HAIL 4 = ICE PELLETS
TOTAL MONTH: 0.0 INCH 5 = HAIL
GRTST 24HR 0.0 6 = FREEZING RAIN OR DRIZZLE
GRTST DEPTH: M ON M 7 = DUSTSTORM OR SANDSTORM:
VSBY 1/2 MILE OR LESS
8 = SMOKE OR HAZE
[NO. OF DAYS WITH] [WEATHER - DAYS WITH] 9 = BLOWING SNOW
X = TORNADO
MAX 32 OR BELOW: 0 0.01 INCH OR MORE: 10
MAX 90 OR ABOVE: 0 0.10 INCH OR MORE: 8
MIN 32 OR BELOW: 2 0.50 INCH OR MORE: 4
MIN 0 OR BELOW: 0 1.00 INCH OR MORE: 1
[HDD (BASE 65) ]
TOTAL THIS MO. 166 CLEAR (SCALE 0-3) 13
DPTR FM NORMAL -126 PTCLDY (SCALE 4-7) 13
TOTAL FM JUL 1 199 CLOUDY (SCALE 8-10) 4
DPTR FM NORMAL -196
[CDD (BASE 65) ]
TOTAL THIS MO. 62
DPTR FM NORMAL 43 [PRESSURE DATA]
TOTAL FM JAN 1 2509 HIGHEST SLP 30.61 ON 19
DPTR FM NORMAL 346 LOWEST SLP 29.55 ON 30
[REMARKS]
#FINAL-11-20#