000
CXUS53 KDMX 020615
CF6MCW
PRELIMINARY LOCAL CLIMATOLOGICAL DATA (WS FORM: F-6)
STATION: MASON CITY IA
MONTH: JUNE
YEAR: 2023
LATITUDE: 43 9 N
LONGITUDE: 93 20 W
TEMPERATURE IN F: :PCPN: SNOW: WIND :SUNSHINE: SKY :PK WND
================================================================================
1 2 3 4 5 6A 6B 7 8 9 10 11 12 13 14 15 16 17 18
12Z AVG MX 2MIN
DY MAX MIN AVG DEP HDD CDD WTR SNW DPTH SPD SPD DIR MIN PSBL S-S WX SPD DR
================================================================================
1 78 60 69 5 0 4 0.04 0.0 0 10.0 22 150 M M 3 1 29 140
2 88 64 76 11 0 11 0.14 0.0 0 8.2 25 220 M M 2 3 37 200
3 88 60 74 9 0 9 T 0.0 0 6.5 14 120 M M 1 19 120
4 90 61 76 11 0 11 0.00 0.0 0 6.2 17 80 M M 1 36 70
5 89 58 74 8 0 9 0.00 0.0 0 3.2 17 20 M M 1 18 24 10
6 87 65 76 10 0 11 T 0.0 0 6.3 16 10 M M 4 18 20 10
7 80 64 72 6 0 7 0.12 0.0 0 7.7 15 150 M M 3 138 21 120
8 78 54 66 -1 0 1 0.00 0.0 0 5.5 12 150 M M 4 17 140
9 81 49 65 -2 0 0 0.00 0.0 0 5.9 15 210 M M 0 23 210
10 77 58 68 1 0 3 T 0.0 0 5.4 15 210 M M 7 20 210
11 71 46 59 -9 6 0 0.00 0.0 0 13.8 23 20 M M 5 32 20
12 79 41 60 -8 5 0 0.00 0.0 0 12.2 24 300 M M 3 33 310
13 85 55 70 2 0 5 0.00 0.0 0 10.1 24 320 M M 3 34 320
14 86 52 69 1 0 4 0.00 0.0 0 4.3 8 30 M M 0 M M
15 87 54 71 2 0 6 0.00 0.0 0 6.4 17 50 M M 0 18 24 50
16 76 48 62 -7 3 0 0.00 0.0 0 6.3 13 90 M M 0 8 19 100
17 83 49 66 -3 0 1 0.43 0.0 0 7.7 21 250 M M 3 13 27 250
18 80 62 71 2 0 6 0.04 0.0 0 8.2 16 210 M M 7 1 22 170
19 86 60 73 3 0 8 0.00 0.0 0 6.7 14 150 M M 3 128 19 150
20 86 61 74 4 0 9 0.00 0.0 0 8.8 17 110 M M 0 18 24 80
21 87 57 72 2 0 7 0.00 0.0 0 6.8 17 150 M M 0 22 150
22 89 59 74 4 0 9 0.00 0.0 0 2.5 12 160 M M 2 18 15 150
23 91 62 77 7 0 12 0.00 0.0 0 5.4 13 180 M M 2 18 200
24 79 62 71 1 0 6 1.06 0.0 0 10.1 40 290 M M 4 13 54 280
25 76 60 68 -3 0 3 0.64 0.0 0 14.3 30 320 M M 6 138 40 320
26 77 58 68 -3 0 3 0.00 0.0 0 13.0 23 340 M M 6 29 340
27 82 54 68 -3 0 3 0.00 0.0 0 4.9 18 150 M M 0 18 27 150
28 84 63 74 3 0 9 0.10 0.0 0 11.9 25 150 M M 2 138 35 150
29 87 63 75 4 0 10 T 0.0 0 3.8 10 260 M M 1 128 14 270
30 84 63 74 3 0 9 0.00 0.0 0 4.8 18 290 M M 2 1 22 290
================================================================================
SM 2491 1722 14 176 2.57 0.0 226.9 M 75
================================================================================
AV 83.0 57.4 7.6 FASTST M M 3 MAX(MPH)
MISC ----> 40 290 54 280
================================================================================
NOTES:
# LAST OF SEVERAL OCCURRENCES
COLUMN 17 PEAK WIND IN M.P.H.
PRELIMINARY LOCAL CLIMATOLOGICAL DATA (WS FORM: F-6) , PAGE 2
STATION: MASON CITY IA
MONTH: JUNE
YEAR: 2023
LATITUDE: 43 9 N
LONGITUDE: 93 20 W
[TEMPERATURE DATA] [PRECIPITATION DATA] SYMBOLS USED IN COLUMN 16
AVERAGE MONTHLY: 70.2 TOTAL FOR MONTH: 2.57 1 = FOG OR MIST
DPTR FM NORMAL: 1.7 DPTR FM NORMAL: -2.82 2 = FOG REDUCING VISIBILITY
HIGHEST: 91 ON 23 GRTST 24HR 1.16 ON 24-25 TO 1/4 MILE OR LESS
LOWEST: 41 ON 12 3 = THUNDER
SNOW, ICE PELLETS, HAIL 4 = ICE PELLETS
TOTAL MONTH: 0.0 INCH 5 = HAIL
GRTST 24HR 0.0 6 = FREEZING RAIN OR DRIZZLE
GRTST DEPTH: 0 7 = DUSTSTORM OR SANDSTORM:
VSBY 1/2 MILE OR LESS
8 = SMOKE OR HAZE
[NO. OF DAYS WITH] [WEATHER - DAYS WITH] 9 = BLOWING SNOW
X = TORNADO
MAX 32 OR BELOW: 0 0.01 INCH OR MORE: 8
MAX 90 OR ABOVE: 2 0.10 INCH OR MORE: 6
MIN 32 OR BELOW: 0 0.50 INCH OR MORE: 2
MIN 0 OR BELOW: 0 1.00 INCH OR MORE: 1
[HDD (BASE 65) ]
TOTAL THIS MO. 14 CLEAR (SCALE 0-3) 22
DPTR FM NORMAL -25 PTCLDY (SCALE 4-7) 8
TOTAL FM JUL 1 7528 CLOUDY (SCALE 8-10) 0
DPTR FM NORMAL -116
[CDD (BASE 65) ]
TOTAL THIS MO. 176
DPTR FM NORMAL 34 [PRESSURE DATA]
TOTAL FM JAN 1 221 HIGHEST SLP 30.10 ON 21
DPTR FM NORMAL 41 LOWEST SLP 29.58 ON 25
[REMARKS]
#FINAL-06-23#