000
CXUS54 KMAF 011110
CF6MDD
PRELIMINARY LOCAL CLIMATOLOGICAL DATA (WS FORM: F-6)
STATION: MIDLAND AIRPARK
MONTH: MAY
YEAR: 2020
LATITUDE: 32 2 N
LONGITUDE: 102 6 W
TEMPERATURE IN F: :PCPN: SNOW: WIND :SUNSHINE: SKY :PK WND
================================================================================
1 2 3 4 5 6A 6B 7 8 9 10 11 12 13 14 15 16 17 18
12Z AVG MX 2MIN
DY MAX MIN AVG DEP HDD CDD WTR SNW DPTH SPD SPD DIR MIN PSBL S-S WX SPD DR
================================================================================
1 100 68 84 M 0 19 M M M 14.0 23 180 M M 0 30 180
2 102 71 87 M 0 22 M M M 13.2 20 200 M M 0 30 200
3 100 71 86 M 0 21 M M M 7.9 14 180 M M 0 18 200
4 102 73 88 M 0 23 M M M 10.8 18 260 M M 0 25 240
5 81 64 73 M 0 8 M M M 17.8 30 50 M M 2 8 43 50
6 87 57 72 M 0 7 M M M 10.5 15 120 M M 0 24 120
7 97 64 81 M 0 16 M M M 17.8 25 180 M M 0 32 200
8 78 57 68 M 0 3 M M M 17.9 31 10 M M 0 39 10
9 81 49 65 M 0 0 M M M 9.2 17 140 M M 0 20 0
10 82 57 70 M 0 5 M M M 12.2 18 150 M M 1 28 150
11 83 58 71 M 0 6 M M M 16.0 35 190 M M 3 48 190
12 91 57 74 M 0 9 M M M 8.7 17 190 M M 0 26 190
13 93 68 81 M 0 16 M M M 15.8 22 180 M M 0 8 32 180
14 96 66 81 M 0 16 M M M 11.9 18 190 M M 0 25 190
15 91 61 76 M 0 11 M M M 12.0 31 10 M M 4 138 47 10
16 82 60 71 M 0 6 M M M 9.4 17 100 M M 3 25 180
17 92 59 76 M 0 11 M M M 7.9 14 170 M M 0 24 130
18 102 64 83 M 0 18 M M M 9.6 16 180 M M 0 22 220
19 106 71 89 M 0 24 M M M 11.9 18 200 M M 0 30 160
20 101 68 85 M 0 20 M M M 10.5 23 120 M M 0 36 120
21 98 63 81 M 0 16 M M M 9.4 17 210 M M 0 24 210
22 98 69 84 M 0 19 M M M 9.5 14 250 M M 0 21 240
23 95 70 83 M 0 18 M M M 15.0 28 170 M M 1 47 190
24 95 65 80 M 0 15 M M M 12.8 24 170 M M 1 32 170
25 75 61 68 M 0 3 M M M 11.9 18 60 M M 6 24 60
26 84 53 69 M 0 4 M M M 6.4 13 160 M M 0 M M
27 98 63 81 M 0 16 M M M 9.9 16 70 M M 0 22 70
28 91 63 77 M 0 12 M M M 8.2 16 50 M M 1 8 26 30
29 89 60 75 M 0 10 M M M 9.0 18 130 M M 0 21 80
30 91 63 77 M 0 12 M M M 9.9 20 140 M M 0 24 140
31 88 62 75 M 0 10 M M M 10.4 20 140 M M 0 30 170
================================================================================
SM 2849 1955 0 396 M M 357.5 M 22
================================================================================
AV 91.9 63.1 11.5 FASTST M M 1 MAX(MPH)
MISC ----> 35 190 48 190
================================================================================
NOTES:
# LAST OF SEVERAL OCCURRENCES
COLUMN 17 PEAK WIND IN M.P.H.
PRELIMINARY LOCAL CLIMATOLOGICAL DATA (WS FORM: F-6) , PAGE 2
STATION: MIDLAND AIRPARK
MONTH: MAY
YEAR: 2020
LATITUDE: 32 2 N
LONGITUDE: 102 6 W
[TEMPERATURE DATA] [PRECIPITATION DATA] SYMBOLS USED IN COLUMN 16
AVERAGE MONTHLY: 77.5 TOTAL FOR MONTH: M 1 = FOG OR MIST
DPTR FM NORMAL: 0.0 DPTR FM NORMAL: M 2 = FOG REDUCING VISIBILITY
HIGHEST: 106 ON 19 GRTST 24HR M ON M TO 1/4 MILE OR LESS
LOWEST: 49 ON 9 3 = THUNDER
SNOW, ICE PELLETS, HAIL 4 = ICE PELLETS
TOTAL MONTH: M 5 = HAIL
GRTST 24HR M ON M 6 = FREEZING RAIN OR DRIZZLE
GRTST DEPTH: M ON M 7 = DUSTSTORM OR SANDSTORM:
VSBY 1/2 MILE OR LESS
8 = SMOKE OR HAZE
[NO. OF DAYS WITH] [WEATHER - DAYS WITH] 9 = BLOWING SNOW
X = TORNADO
MAX 32 OR BELOW: 0 0.01 INCH OR MORE: 0
MAX 90 OR ABOVE: 20 0.10 INCH OR MORE: 0
MIN 32 OR BELOW: 0 0.50 INCH OR MORE: 0
MIN 0 OR BELOW: 0 1.00 INCH OR MORE: 0
[HDD (BASE 65) ]
TOTAL THIS MO. 0 CLEAR (SCALE 0-3) 29
DPTR FM NORMAL M PTCLDY (SCALE 4-7) 2
TOTAL FM JUL 1 2314 CLOUDY (SCALE 8-10) 0
DPTR FM NORMAL M
[CDD (BASE 65) ]
TOTAL THIS MO. 396
DPTR FM NORMAL M [PRESSURE DATA]
TOTAL FM JAN 1 574 HIGHEST SLP M ON M
DPTR FM NORMAL M LOWEST SLP M ON M
[REMARKS]
#FINAL-05-20#