527
CXUS54 KMEG 020142
CF6MEG
PRELIMINARY LOCAL CLIMATOLOGICAL DATA (WS FORM: F-6)
STATION: MEMPHIS/GERMANTOWN WFO
MONTH: OCTOBER
YEAR: 2020
LATITUDE: 35 7 N
LONGITUDE: 89 48 W
TEMPERATURE IN F: :PCPN: SNOW: WIND :SUNSHINE: SKY :PK WND
================================================================================
1 2 3 4 5 6A 6B 7 8 9 10 11 12 13 14 15 16 17 18
12Z AVG MX 2MIN
DY MAX MIN AVG DEP HDD CDD WTR SNW DPTH SPD SPD DIR MIN PSBL S-S WX SPD DR
================================================================================
1 76 50 63 -4 2 0 0.00 0.0 0 M M M M M M M M
2 68 42 55 -11 10 0 0.00 0.0 0 M M M M M M M M
3 73 42 58 -8 7 0 0.00 0.0 0 M M M M M M M M
4 68 50 59 -7 6 0 T 0.0 0 M M M M M M M M
5 70 44 57 -8 8 0 0.00 0.0 0 M M M M M M M M
6 80 42 61 -4 4 0 0.00 0.0 0 M M M M M M M M
7 85 48 67 2 0 2 0.00 0.0 0 M M M M M M M M
8 81 54 68 4 0 3 0.00 0.0 0 M M M M M M M M
9 70 63 67 3 0 2 0.14 0.0 0 M M M M M M M M
10 70 66 68 4 0 3 1.94 0.0 0 M M M M M M M M
11 76 64 70 7 0 5 T 0.0 0 M M M M M M M M
12 81 51 66 3 0 1 0.00 0.0 0 M M M M M M M M
13 77 46 62 -1 3 0 0.00 0.0 0 M M M M M M M M
14 83 47 65 3 0 0 0.00 0.0 0 M M M M M M M M
15 65 53 59 -3 6 0 0.03 0.0 0 M M M M M M M M
16 66 42 54 -8 11 0 0.00 0.0 0 M M M M M M M M
17 71 39 55 -6 10 0 0.00 0.0 0 M M M M M M M M
18 80 60 70 9 0 5 0.00 0.0 0 M M M M M M M M
19 83 64 74 13 0 9 0.00 0.0 0 M M M M M M M M
20 85 60 73 13 0 8 0.00 0.0 0 M M M M M M M M
21 87 61 74 14 0 9 0.00 0.0 0 M M M M M M M M
22 86 64 75 15 0 10 0.00 0.0 0 M M M M M M M M
23 82 51 67 7 0 2 0.03 0.0 0 M M M M M M M M
24 52 48 50 -9 15 0 T 0.0 0 M M M M M M M M
25 56 49 53 -6 12 0 0.01 0.0 0 M M M M M M M M
26 57 52 55 -4 10 0 0.01 0.0 0 M M M M M M M M
27 61 51 56 -2 9 0 0.00 0.0 0 M M M M M M M M
28 70 52 61 3 4 0 2.39 0.0 0 M M M M M M M M
29 60 43 52 -6 13 0 0.21 0.0 0 M M M M M M 1 M M
30 59 37 48 -9 17 0 0.00 0.0 0 M M M M M M M M
31 69 37 53 -4 12 0 0.00 0.0 0 M M M M M M M M
================================================================================
SM 2247 1572 159 59 4.76 0.0 M M M
================================================================================
AV 72.5 50.7 M FASTST M M 4 MAX(MPH)
MISC ----> M M M M
================================================================================
NOTES:
# LAST OF SEVERAL OCCURRENCES
COLUMN 17 PEAK WIND IN M.P.H.
PRELIMINARY LOCAL CLIMATOLOGICAL DATA (WS FORM: F-6) , PAGE 2
STATION: MEMPHIS/GERMANTOWN WFO
MONTH: OCTOBER
YEAR: 2020
LATITUDE: 35 7 N
LONGITUDE: 89 48 W
[TEMPERATURE DATA] [PRECIPITATION DATA] SYMBOLS USED IN COLUMN 16
AVERAGE MONTHLY: 61.6 TOTAL FOR MONTH: 4.76 1 = FOG OR MIST
DPTR FM NORMAL: -0.1 DPTR FM NORMAL: 0.46 2 = FOG REDUCING VISIBILITY
HIGHEST: 87 ON 21 GRTST 24HR 2.39 ON 28-28 TO 1/4 MILE OR LESS
LOWEST: 37 ON 31,30 3 = THUNDER
SNOW, ICE PELLETS, HAIL 4 = ICE PELLETS
TOTAL MONTH: 0.0 INCH 5 = HAIL
GRTST 24HR 0.0 6 = FREEZING RAIN OR DRIZZLE
GRTST DEPTH: 0 7 = DUSTSTORM OR SANDSTORM:
VSBY 1/2 MILE OR LESS
8 = SMOKE OR HAZE
[NO. OF DAYS WITH] [WEATHER - DAYS WITH] 9 = BLOWING SNOW
X = TORNADO
MAX 32 OR BELOW: 0 0.01 INCH OR MORE: 8
MAX 90 OR ABOVE: 0 0.10 INCH OR MORE: 4
MIN 32 OR BELOW: 0 0.50 INCH OR MORE: 2
MIN 0 OR BELOW: 0 1.00 INCH OR MORE: 2
[HDD (BASE 65) ]
TOTAL THIS MO. 159 CLEAR (SCALE 0-3) 0
DPTR FM NORMAL -7 PTCLDY (SCALE 4-7) 0
TOTAL FM JUL 1 173 CLOUDY (SCALE 8-10) 0
DPTR FM NORMAL -11
[CDD (BASE 65) ]
TOTAL THIS MO. 59
DPTR FM NORMAL -6 [PRESSURE DATA]
TOTAL FM JAN 1 1980 HIGHEST SLP M ON M
DPTR FM NORMAL 63 LOWEST SLP M ON M
[REMARKS]
#FINAL-10-20#