000
CXUS54 KJAN 020036
CF6MEI
PRELIMINARY LOCAL CLIMATOLOGICAL DATA (WS FORM: F-6)
STATION: MERIDIAN
MONTH: JANUARY
YEAR: 2021
LATITUDE: 32 19 N
LONGITUDE: 88 45 W
TEMPERATURE IN F: :PCPN: SNOW: WIND :SUNSHINE: SKY :PK WND
================================================================================
1 2 3 4 5 6A 6B 7 8 9 10 11 12 13 14 15 16 17 18
12Z AVG MX 2MIN
DY MAX MIN AVG DEP HDD CDD WTR SNW DPTH SPD SPD DIR MIN PSBL S-S WX SPD DR
================================================================================
1 69 44 57 12 8 0 T 0.0 0 10.1 22 160 M M 3 34 150
2 52 38 45 0 20 0 0.00 0.0 0 5.1 14 290 M M 7 22 260
3 57 31 44 -1 21 0 0.00 0.0 0 1.6 10 270 M M 1 15 250
4 65 30 48 3 17 0 0.00 0.0 0 2.8 14 240 M M 1 1 20 250
5 63 33 48 3 17 0 0.00 0.0 0 4.1 13 340 M M 0 1 18 340
6 58 29 44 -1 21 0 0.00 0.0 0 4.1 10 130 M M 1 17 80
7 51 42 47 2 18 0 0.23 0.0 0 8.6 20 100 M M 10 18 34 100
8 42 38 40 -4 25 0 0.00 0.0 0 10.0 16 320 M M 10 24 310
9 40 36 38 -6 27 0 0.00 0.0 0 9.9 17 330 M M 10 22 350
10 41 35 38 -6 27 0 0.00 0.0 0 5.5 15 20 M M 10 18 30
11 39 33 36 -8 29 0 0.52 T 0 8.0 14 360 M M 10 1 18 10
12 49 28 39 -5 26 0 0.00 0.0 0 4.7 13 340 M M 5 18 17 350
13 49 27 38 -6 27 0 T 0.1 T 1.2 8 30 M M 6 14 11 300
14 62 28 45 1 20 0 0.00 0.0 0 6.9 21 190 M M 2 1 28 200
15 55 31 43 -1 22 0 0.00 0.0 0 8.7 24 280 M M 1 37 280
16 51 29 40 -4 25 0 0.00 0.0 0 5.8 15 260 M M 0 26 240
17 61 26 44 0 21 0 0.00 0.0 0 7.0 20 240 M M 0 27 210
18 61 26 44 -1 21 0 0.00 0.0 0 3.2 14 290 M M 0 21 280
19 65 30 48 3 17 0 0.00 0.0 0 2.5 14 10 M M 7 18 360
20 63 49 56 11 9 0 T 0.0 0 4.1 13 360 M M 7 19 350
21 64 51 58 13 7 0 0.17 0.0 0 6.6 15 220 M M 10 1 22 210
22 57 52 55 10 10 0 0.67 0.0 0 5.0 13 10 M M 10 18 15 10
23 62 43 53 8 12 0 0.00 0.0 0 6.8 14 50 M M 8 19 50
24 65 44 55 10 10 0 T 0.0 0 4.6 15 180 M M 9 1 21 170
25 78 64 71 26 0 6 T 0.0 0 15.7 30 200 M M 9 1 45 200
26 71 51 61 16 4 0 0.81 0.0 0 2.7 18 300 M M 9 123 28 330
27 62 44 53 8 12 0 0.46 0.0 0 9.0 20 330 M M 7 1 28 330
28 52 32 42 -3 23 0 0.00 0.0 0 9.6 20 20 M M 4 26 10
29 60 28 44 -2 21 0 0.00 0.0 0 1.5 9 40 M M 1 8 12 30
30 65 37 51 5 14 0 T 0.0 0 9.7 25 170 M M 7 37 160
31 73 42 58 12 7 0 0.05 0.0 0 12.4 24 310 M M 9 18 35 300
================================================================================
SM 1802 1151 538 6 2.91 0.1 197.5 M 174
================================================================================
AV 58.1 37.1 6.4 FASTST M M 6 MAX(MPH)
MISC ----> 30 200 45 200
================================================================================
NOTES:
# LAST OF SEVERAL OCCURRENCES
COLUMN 17 PEAK WIND IN M.P.H.
PRELIMINARY LOCAL CLIMATOLOGICAL DATA (WS FORM: F-6) , PAGE 2
STATION: MERIDIAN
MONTH: JANUARY
YEAR: 2021
LATITUDE: 32 19 N
LONGITUDE: 88 45 W
[TEMPERATURE DATA] [PRECIPITATION DATA] SYMBOLS USED IN COLUMN 16
AVERAGE MONTHLY: 47.6 TOTAL FOR MONTH: 2.91 1 = FOG OR MIST
DPTR FM NORMAL: 2.8 DPTR FM NORMAL: -2.22 2 = FOG REDUCING VISIBILITY
HIGHEST: 78 ON 25 GRTST 24HR 0.81 ON 21-22 TO 1/4 MILE OR LESS
LOWEST: 26 ON 18,17 3 = THUNDER
SNOW, ICE PELLETS, HAIL 4 = ICE PELLETS
TOTAL MONTH: 0.1 INCH 5 = HAIL
GRTST 24HR 0.1 ON 13-13 6 = FREEZING RAIN OR DRIZZLE
GRTST DEPTH: T 7 = DUSTSTORM OR SANDSTORM:
VSBY 1/2 MILE OR LESS
8 = SMOKE OR HAZE
[NO. OF DAYS WITH] [WEATHER - DAYS WITH] 9 = BLOWING SNOW
X = TORNADO
MAX 32 OR BELOW: 0 0.01 INCH OR MORE: 7
MAX 90 OR ABOVE: 0 0.10 INCH OR MORE: 6
MIN 32 OR BELOW: 13 0.50 INCH OR MORE: 3
MIN 0 OR BELOW: 0 1.00 INCH OR MORE: 0
[HDD (BASE 65) ]
TOTAL THIS MO. 538 CLEAR (SCALE 0-3) 11
DPTR FM NORMAL -91 PTCLDY (SCALE 4-7) 9
TOTAL FM JUL 1 1325 CLOUDY (SCALE 8-10) 11
DPTR FM NORMAL -312
[CDD (BASE 65) ]
TOTAL THIS MO. 6
DPTR FM NORMAL 3 [PRESSURE DATA]
TOTAL FM JAN 1 6 HIGHEST SLP 30.58 ON 28
DPTR FM NORMAL 3 LOWEST SLP 29.72 ON 25
[REMARKS]
#FINAL-01-21#