000
CXUS51 KCLE 021533
CLSMFD
CLIMATE REPORT
NATIONAL WEATHER SERVICE CLEVELAND, OH
1033 AM EST THU MAR 02 2023
...................................
...THE MANSFIELD OH CLIMATE SUMMARY FOR THE SEASON, FROM
12/1/2022 TO 2/28/2023...
CLIMATE NORMAL PERIOD 1991 TO 2020
CLIMATE RECORD PERIOD 1916 TO 2023
WEATHER OBSERVED NORMAL DEPART
VALUE DATE(S) VALUE FROM
NORMAL
................................................
TEMPERATURE (F)
RECORD
HIGH 74 02/24/2017
LOW -26 01/15/1929
HIGHEST 68 02/23
LOWEST -8 12/23
AVG. MAXIMUM 42.4 36.5 5.9
AVG. MINIMUM 27.5 21.8 5.7
MEAN 34.9 29.1 5.8
DAYS MAX >= 90 0 0.0
DAYS MAX <= 32 15 37.1
DAYS MIN <= 32 66 75.9
DAYS MIN <= 0 2 5.1
PRECIPITATION (INCHES)
RECORD
MAXIMUM 20.95 1950
MINIMUM 2.70 1977
TOTALS 8.33 8.77 -0.44
DAYS >= .01 37 43.5
DAYS >= .10 19 21.2
DAYS >= .50 5 5.1
DAYS >= 1.00 1 1.4
SNOWFALL (INCHES)
RECORDS
TOTAL 77.3 2010
TOTALS 13.1 36.9
DAYS >= TRACE 23
DAYS >= 1.0 3 11.8
DEGREE DAYS
HEATING TOTAL 2689 3226 -537
COOLING TOTAL 0 0 0
................................................
WIND (MPH)
HIGHEST GUST SPEED/DIRECTION 52/230 DATE 01/19
SKY COVER
POSSIBLE SUNSHINE (PERCENT) MM
NUMBER OF DAYS FAIR 18
NUMBER OF DAYS PC 26
NUMBER OF DAYS CLOUDY 46
WEATHER CONDITIONS. NUMBER OF DAYS WITH
THUNDERSTORM 3 MIXED PRECIP 0
HEAVY RAIN 4 RAIN 9
LIGHT RAIN 31 FREEZING RAIN 1
LT FREEZING RAIN 3 HAIL 0
HEAVY SNOW 2 SNOW 3
LIGHT SNOW 19 SLEET 0
FOG 54 FOG W/VIS <= 1/4 MILE 9
HAZE 20
- INDICATES NEGATIVE NUMBERS.
R INDICATES RECORD WAS SET OR TIED.
MM INDICATES DATA IS MISSING.
T INDICATES TRACE AMOUNT.
$$