000
CXUS54 KBRO 010800
CF6MFE
PRELIMINARY LOCAL CLIMATOLOGICAL DATA (WS FORM: F-6)
STATION: MCALLEN
MONTH: AUGUST
YEAR: 2021
LATITUDE: 26 10 N
LONGITUDE: 98 14 W
TEMPERATURE IN F: :PCPN: SNOW: WIND :SUNSHINE: SKY :PK WND
================================================================================
1 2 3 4 5 6A 6B 7 8 9 10 11 12 13 14 15 16 17 18
12Z AVG MX 2MIN
DY MAX MIN AVG DEP HDD CDD WTR SNW DPTH SPD SPD DIR MIN PSBL S-S WX SPD DR
================================================================================
1 97 77 87 -3 0 22 0.00 0.0 0 12.4 23 140 M M 0 1 28 140
2 98 76 87 -3 0 22 0.00 0.0 0 8.8 18 130 M M 1 3 23 130
3 95 75 85 -5 0 20 0.27 0.0 0 5.5 23 200 M M 4 13 33 210
4 96 75 86 -4 0 21 0.00 0.0 0 4.6 16 120 M M 2 19 130
5 97 77 87 -3 0 22 0.05 0.0 0 8.2 21 80 M M 2 3 25 80
6 92 78 85 -5 0 20 T 0.0 0 7.7 18 120 M M 3 3 22 140
7 97 75 86 -4 0 21 0.00 0.0 0 12.1 23 140 M M 1 29 150
8 96 76 86 -4 0 21 0.00 0.0 0 16.2 29 130 M M 1 36 140
9 96 77 87 -3 0 22 0.00 0.0 0 15.5 25 130 M M 2 18 34 130
10 96 77 87 -3 0 22 T 0.0 0 14.3 25 130 M M 1 35 130
11 98 75 87 -3 0 22 0.00 0.0 0 12.3 23 130 M M 1 1 28 130
12 98 75 87 -3 0 22 0.00 0.0 0 10.9 23 120 M M 1 27 110
13 98 76 87 -3 0 22 0.00 0.0 0 10.8 20 110 M M 2 3 24 100
14 98 77 88 -2 0 23 0.00 0.0 0 8.1 17 50 M M 2 25 70
15 98 76 87 -3 0 22 0.00 0.0 0 5.3 21 80 M M 1 1 25 80
16 97 77 87 -3 0 22 0.00 0.0 0 5.8 22 100 M M 2 26 100
17 99 77 88 -2 0 23 0.00 0.0 0 10.7 21 130 M M 1 27 130
18 101 79 90 1 0 25 0.00 0.0 0 14.9 26 120 M M 1 18 35 140
19 102 79 91 2 0 26 0.00 0.0 0 13.7 24 130 M M 3 33 150
20 99 77 88 -1 0 23 0.00 0.0 0 11.9 26 100 M M 1 1 34 110
21 99 77 88 -1 0 23 T 0.0 0 10.0 29 140 M M 4 33 120
22 98 76 87 -2 0 22 0.00 0.0 0 9.0 18 100 M M 2 1 24 90
23 99 75 87 -2 0 22 0.00 0.0 0 8.8 21 110 M M 2 26 130
24 100 75 88 -1 0 23 0.00 0.0 0 8.5 22 120 M M 2 30 110
25 98 77 88 -1 0 23 0.00 0.0 0 9.2 24 100 M M 2 31 90
26 98 77 88 0 0 23 0.00 0.0 0 6.4 20 90 M M 1 24 150
27 97 75 86 -2 0 21 T 0.0 0 8.4 20 90 M M 1 3 27 90
28 100 76 88 0 0 23 0.00 0.0 0 9.8 22 110 M M 0 18 26 100
29 100 75 88 0 0 23 0.00 0.0 0 9.2 16 140 M M 0 1 22 100
30 100 74 87 -1 0 22 0.00 0.0 0 9.3 22 120 M M 0 18 26 120
31 100 76 88 0 0 23 0.00 0.0 0 11.1 23 140 M M 1 8 27 140
================================================================================
SM 3037 2364 0 691 0.32 0.0 309.4 M 47
================================================================================
AV 98.0 76.3 10.0 FASTST M M 2 MAX(MPH)
MISC ----> # 29 130 36 140
================================================================================
NOTES:
# LAST OF SEVERAL OCCURRENCES
COLUMN 17 PEAK WIND IN M.P.H.
PRELIMINARY LOCAL CLIMATOLOGICAL DATA (WS FORM: F-6) , PAGE 2
STATION: MCALLEN
MONTH: AUGUST
YEAR: 2021
LATITUDE: 26 10 N
LONGITUDE: 98 14 W
[TEMPERATURE DATA] [PRECIPITATION DATA] SYMBOLS USED IN COLUMN 16
AVERAGE MONTHLY: 87.1 TOTAL FOR MONTH: 0.32 1 = FOG OR MIST
DPTR FM NORMAL: -2.2 DPTR FM NORMAL: -1.49 2 = FOG REDUCING VISIBILITY
HIGHEST: 102 ON 19 GRTST 24HR 0.27 ON 3- 3 TO 1/4 MILE OR LESS
LOWEST: 74 ON 30 3 = THUNDER
SNOW, ICE PELLETS, HAIL 4 = ICE PELLETS
TOTAL MONTH: 0.0 INCH 5 = HAIL
GRTST 24HR 0.0 6 = FREEZING RAIN OR DRIZZLE
GRTST DEPTH: 0 7 = DUSTSTORM OR SANDSTORM:
VSBY 1/2 MILE OR LESS
8 = SMOKE OR HAZE
[NO. OF DAYS WITH] [WEATHER - DAYS WITH] 9 = BLOWING SNOW
X = TORNADO
MAX 32 OR BELOW: 0 0.01 INCH OR MORE: 2
MAX 90 OR ABOVE: 31 0.10 INCH OR MORE: 1
MIN 32 OR BELOW: 0 0.50 INCH OR MORE: 0
MIN 0 OR BELOW: 0 1.00 INCH OR MORE: 0
[HDD (BASE 65) ]
TOTAL THIS MO. 0 CLEAR (SCALE 0-3) 28
DPTR FM NORMAL 0 PTCLDY (SCALE 4-7) 3
TOTAL FM JUL 1 0 CLOUDY (SCALE 8-10) 0
DPTR FM NORMAL 0
[CDD (BASE 65) ]
TOTAL THIS MO. 691
DPTR FM NORMAL -61 [PRESSURE DATA]
TOTAL FM JAN 1 3223 HIGHEST SLP M ON M
DPTR FM NORMAL -420 LOWEST SLP 29.67 ON 31
[REMARKS]
#FINAL-08-21#