000
CXUS53 KGRB 021232
CF6MFI
PRELIMINARY LOCAL CLIMATOLOGICAL DATA (WS FORM: F-6)
STATION: MARSHFIELD WI
MONTH: MAY
YEAR: 2022
LATITUDE: 44 37 N
LONGITUDE: 90 11 W
TEMPERATURE IN F: :PCPN: SNOW: WIND :SUNSHINE: SKY :PK WND
================================================================================
1 2 3 4 5 6A 6B 7 8 9 10 11 12 13 14 15 16 17 18
12Z AVG MX 2MIN
DY MAX MIN AVG DEP HDD CDD WTR SNW DPTH SPD SPD DIR MIN PSBL S-S WX SPD DR
================================================================================
1 51 43 47 -3 18 0 0.02 0.0 0 12.3 21 260 M M 10 1 31 270
2 47 40 44 -7 21 0 T 0.0 0 7.8 16 310 M M 10 1 23 310
3 55 39 47 -4 18 0 0.00 0.0 0 9.4 17 30 M M 7 24 30
4 62 32 47 -4 18 0 0.00 0.0 0 5.3 10 160 M M 0 20 130
5 65 37 51 -1 14 0 0.00 0.0 0 5.6 13 70 M M 0 17 140
6 67 44 56 4 9 0 0.00 0.0 0 8.0 17 130 M M 0 23 120
7 69 41 55 2 10 0 0.00 0.0 0 9.6 18 130 M M 0 8 28 120
8 62 43 53 0 12 0 T 0.0 0 12.0 23 130 M M 4 33 170
9 81 51 66 12 0 1 0.33 0.0 0 17.5 36 160 M M 7 138 53 160
10 79 61 70 16 0 5 0.09 0.0 0 4.8 12 170 M M 8 138 14 130
11 78 63 71 17 0 6 0.00 0.0 0 11.7 22 130 M M 7 138 31 140
12 94 64 79 24 0 14 0.04 0.0 0 11.9 29 350 M M 3 138 41 360
13 91 61 76 21 0 11 0.00 0.0 0 9.8 20 240 M M 1 30 240
14 85 55 70 15 0 5 T 0.0 0 7.4 25 330 M M 1 3 34 320
15 75 47 61 5 4 0 0.00 0.0 0 8.7 20 320 M M 1 27 330
16 71 48 60 4 5 0 0.00 0.0 0 12.1 28 320 M M 1 39 330
17 70 44 57 1 8 0 0.00 0.0 0 5.1 13 120 M M 0 18 110
18 66 46 56 -1 9 0 0.41 0.0 0 8.1 25 10 M M 8 1238 37 20
19 71 46 59 2 6 0 0.17 0.0 0 8.5 22 170 M M 5 123 35 170
20 64 51 58 0 7 0 0.81 0.0 0 9.9 20 310 M M 6 13 27 190
21 59 43 51 -7 14 0 0.00 0.0 0 10.3 18 330 M M 4 24 330
22 55 37 46 -12 19 0 0.00 0.0 0 8.8 20 310 M M 6 30 320
23 61 34 48 -11 17 0 0.00 0.0 0 4.5 13 110 M M 1 21 140
24 66 42 54 -5 11 0 T 0.0 0 7.6 18 100 M M 2 25 140
25 52 47 50 -9 15 0 0.16 0.0 0 11.1 18 90 M M 10 1 28 80
26 60 51 56 -4 9 0 0.08 0.0 0 6.6 14 350 M M 10 1 19 20
27 72 47 60 0 5 0 0.00 0.0 0 6.6 16 340 M M 4 20 330
28 72 48 60 0 5 0 T 0.0 0 8.9 25 170 M M 4 1 36 170
29 76 59 68 7 0 3 T 0.0 0 11.6 29 160 M M 2 41 160
30 86 66 76 15 0 11 0.00 0.0 0 13.5 29 180 M M 1 39 170
31 79 58 69 8 0 4 T 0.0 0 15.0 29 240 M M 2 42 230
================================================================================
SM 2141 1488 254 60 2.11 0.0 290.0 M 125
================================================================================
AV 69.1 48.0 9.4 FASTST M M 4 MAX(MPH)
MISC ----> 36 160 53 160
================================================================================
NOTES:
# LAST OF SEVERAL OCCURRENCES
COLUMN 17 PEAK WIND IN M.P.H.
PRELIMINARY LOCAL CLIMATOLOGICAL DATA (WS FORM: F-6) , PAGE 2
STATION: MARSHFIELD WI
MONTH: MAY
YEAR: 2022
LATITUDE: 44 37 N
LONGITUDE: 90 11 W
[TEMPERATURE DATA] [PRECIPITATION DATA] SYMBOLS USED IN COLUMN 16
AVERAGE MONTHLY: 58.5 TOTAL FOR MONTH: 2.11 1 = FOG OR MIST
DPTR FM NORMAL: 2.5 DPTR FM NORMAL: -0.87 2 = FOG REDUCING VISIBILITY
HIGHEST: 94 ON 12 GRTST 24HR 0.98 ON 19-20 TO 1/4 MILE OR LESS
LOWEST: 32 ON 4 3 = THUNDER
SNOW, ICE PELLETS, HAIL 4 = ICE PELLETS
TOTAL MONTH: 0.0 INCH 5 = HAIL
GRTST 24HR 0.0 6 = FREEZING RAIN OR DRIZZLE
GRTST DEPTH: 0 7 = DUSTSTORM OR SANDSTORM:
VSBY 1/2 MILE OR LESS
8 = SMOKE OR HAZE
[NO. OF DAYS WITH] [WEATHER - DAYS WITH] 9 = BLOWING SNOW
X = TORNADO
MAX 32 OR BELOW: 0 0.01 INCH OR MORE: 9
MAX 90 OR ABOVE: 2 0.10 INCH OR MORE: 5
MIN 32 OR BELOW: 1 0.50 INCH OR MORE: 1
MIN 0 OR BELOW: 0 1.00 INCH OR MORE: 0
[HDD (BASE 65) ]
TOTAL THIS MO. 254 CLEAR (SCALE 0-3) 15
DPTR FM NORMAL -44 PTCLDY (SCALE 4-7) 11
TOTAL FM JUL 1 7985 CLOUDY (SCALE 8-10) 5
DPTR FM NORMAL -60
[CDD (BASE 65) ]
TOTAL THIS MO. 60
DPTR FM NORMAL 41 [PRESSURE DATA]
TOTAL FM JAN 1 60 HIGHEST SLP 30.42 ON 23
DPTR FM NORMAL 41 LOWEST SLP 29.24 ON 20
[REMARKS]
#FINAL-05-22#