000
CXUS54 KBMX 011010
CF6MGM
PRELIMINARY LOCAL CLIMATOLOGICAL DATA (WS FORM: F-6)
STATION: MONTGOMERY
MONTH: MAY
YEAR: 2022
LATITUDE: 32 17 N
LONGITUDE: 86 24 W
TEMPERATURE IN F: :PCPN: SNOW: WIND :SUNSHINE: SKY :PK WND
================================================================================
1 2 3 4 5 6A 6B 7 8 9 10 11 12 13 14 15 16 17 18
12Z AVG MX 2MIN
DY MAX MIN AVG DEP HDD CDD WTR SNW DPTH SPD SPD DIR MIN PSBL S-S WX SPD DR
================================================================================
1 82 65 74 4 0 9 0.35 0.0 0 3.8 21 220 M M 4 138 31 220
2 86 65 76 6 0 11 0.00 0.0 0 4.6 18 160 M M 4 1 24 150
3 88 68 78 8 0 13 0.00 0.0 M 5.7 14 200 M M 2 1 17 210
4 88 68 78 8 0 13 0.00 0.0 0 2.7 9 200 M M 3 18 13 280
5 90 68 79 8 0 14 0.00 0.0 0 5.4 15 190 M M 1 19 150
6 85 63 74 3 0 9 0.15 0.0 0 11.0 25 250 M M 3 13 35 220
7 82 58 70 -1 0 5 0.00 0.0 0 8.8 17 300 M M 0 25 310
8 82 53 68 -4 0 3 0.00 0.0 0 4.9 13 90 M M 0 19 220
9 81 59 70 -2 0 5 0.00 0.0 0 7.7 17 80 M M 0 24 80
10 85 57 71 -1 0 6 0.00 0.0 0 4.5 14 70 M M 0 18 50
11 88 56 72 0 0 7 0.00 0.0 0 2.6 10 30 M M 0 14 40
12 89 66 78 5 0 13 0.00 0.0 0 4.7 14 110 M M 3 17 20
13 86 65 76 3 0 11 0.00 0.0 0 7.1 15 100 M M 2 20 100
14 88 63 76 3 0 11 0.00 0.0 M 3.0 8 80 M M 1 3 11 250
15 91 67 79 6 0 14 0.04 0.0 0 4.4 20 110 M M 2 3 26 310
16 90 64 77 3 0 12 0.00 0.0 0 5.5 10 240 M M 1 16 250
17 90 62 76 2 0 11 0.00 0.0 0 3.8 12 290 M M 0 16 300
18 92 60 76 2 0 11 0.00 0.0 M 4.0 10 210 M M 0 15 190
19 92 74 83 9 0 18 0.00 0.0 0 7.9 14 210 M M 3 19 210
20 91 72 82 7 0 17 T 0.0 0 7.0 17 160 M M 3 3 23 170
21 93 71 82 7 0 17 0.08 0.0 0 5.9 15 150 M M 4 3 19 130
22 87 68 78 3 0 13 0.50 0.0 0 6.0 23 180 M M 3 1 30 170
23 81 69 75 -1 0 10 1.19 0.0 0 8.1 25 180 M M 6 1 36 180
24 88 70 79 3 0 14 T 0.0 0 5.4 22 100 M M 4 3 28 110
25 82 69 76 0 0 11 0.98 0.0 0 8.3 18 130 M M 7 13 24 140
26 76 68 72 -4 0 7 1.27 0.0 M 7.2 24 140 M M 7 1 33 140
27 85 65 75 -2 0 10 0.00 0.0 0 7.0 16 250 M M 4 1 24 260
28 85 60 73 -4 0 8 0.00 0.0 0 2.4 9 280 M M 1 13 290
29 89 62 76 -1 0 11 0.00 0.0 0 4.6 13 150 M M 3 15 100
30 91 69 80 3 0 15 0.00 0.0 0 4.1 12 110 M M 2 17 130
31 92 68 80 2 0 15 0.00 0.0 0 3.3 18 100 M M 2 23 100
================================================================================
SM 2695 2012 0 344 4.56 0.0 171.4 M 75
================================================================================
AV 86.9 64.9 5.5 FASTST M M 2 MAX(MPH)
MISC ----> # 25 250 36 180
================================================================================
NOTES:
# LAST OF SEVERAL OCCURRENCES
COLUMN 17 PEAK WIND IN M.P.H.
PRELIMINARY LOCAL CLIMATOLOGICAL DATA (WS FORM: F-6) , PAGE 2
STATION: MONTGOMERY
MONTH: MAY
YEAR: 2022
LATITUDE: 32 17 N
LONGITUDE: 86 24 W
[TEMPERATURE DATA] [PRECIPITATION DATA] SYMBOLS USED IN COLUMN 16
AVERAGE MONTHLY: 75.9 TOTAL FOR MONTH: 4.56 1 = FOG OR MIST
DPTR FM NORMAL: 2.3 DPTR FM NORMAL: 0.68 2 = FOG REDUCING VISIBILITY
HIGHEST: 93 ON 21 GRTST 24HR 1.69 ON 22-23 TO 1/4 MILE OR LESS
LOWEST: 53 ON 8 3 = THUNDER
SNOW, ICE PELLETS, HAIL 4 = ICE PELLETS
TOTAL MONTH: 0.0 INCH 5 = HAIL
GRTST 24HR 0.0 6 = FREEZING RAIN OR DRIZZLE
GRTST DEPTH: 0 7 = DUSTSTORM OR SANDSTORM:
VSBY 1/2 MILE OR LESS
8 = SMOKE OR HAZE
[NO. OF DAYS WITH] [WEATHER - DAYS WITH] 9 = BLOWING SNOW
X = TORNADO
MAX 32 OR BELOW: 0 0.01 INCH OR MORE: 8
MAX 90 OR ABOVE: 10 0.10 INCH OR MORE: 6
MIN 32 OR BELOW: 0 0.50 INCH OR MORE: 4
MIN 0 OR BELOW: 0 1.00 INCH OR MORE: 2
[HDD (BASE 65) ]
TOTAL THIS MO. 0 CLEAR (SCALE 0-3) 22
DPTR FM NORMAL -8 PTCLDY (SCALE 4-7) 9
TOTAL FM JUL 1 1744 CLOUDY (SCALE 8-10) 0
DPTR FM NORMAL -252
[CDD (BASE 65) ]
TOTAL THIS MO. 344
DPTR FM NORMAL 67 [PRESSURE DATA]
TOTAL FM JAN 1 485 HIGHEST SLP 30.26 ON 10
DPTR FM NORMAL 60 LOWEST SLP 29.71 ON 6
[REMARKS]
#FINAL-05-22#