000
CXUS51 KPBZ 010730
CF6MGW
PRELIMINARY LOCAL CLIMATOLOGICAL DATA (WS FORM: F-6)
STATION: MORGANTOWN WV
MONTH: MARCH
YEAR: 2021
LATITUDE: 39 39 N
LONGITUDE: 79 55 W
TEMPERATURE IN F: :PCPN: SNOW: WIND :SUNSHINE: SKY :PK WND
================================================================================
1 2 3 4 5 6A 6B 7 8 9 10 11 12 13 14 15 16 17 18
12Z AVG MX 2MIN
DY MAX MIN AVG DEP HDD CDD WTR SNW DPTH SPD SPD DIR MIN PSBL S-S WX SPD DR
================================================================================
1 59 31 45 8 20 0 0.48 M M 8.2 20 270 M M 10 18 28 280
2 41 23 32 -6 33 0 0.00 M M 4.5 13 330 M M 2 22 330
3 55 24 40 2 25 0 0.00 M M 6.0 14 210 M M 1 20 200
4 46 25 36 -2 29 0 0.00 M M 6.1 16 360 M M 7 23 330
5 40 20 30 -8 35 0 0.00 M M 5.2 14 280 M M 3 22 290
6 42 22 32 -7 33 0 0.00 M M 4.3 15 330 M M 1 21 280
7 46 20 33 -6 32 0 0.00 M M 1.5 10 280 M M 2 18 310
8 55 20 38 -1 27 0 0.00 M M 4.6 12 210 M M 0 18 200
9 66 44 55 15 10 0 0.00 M M 5.1 12 230 M M 4 17 230
10 71 32 52 12 13 0 0.00 M M 5.1 14 210 M M 0 21 190
11 72 53 63 23 2 0 0.41 M M 6.5 18 220 M M 5 1 30 220
12 61 45 53 12 12 0 0.14 M M 5.2 18 360 M M 4 1 24 360
13 52 32 42 1 23 0 0.00 M M 5.1 16 360 M M 0 21 350
14 57 27 42 1 23 0 0.00 M M 8.1 17 360 M M 0 26 340
15 49 24 37 -5 28 0 T M M 6.9 13 160 M M 3 19 150
16 67 44 56 14 9 0 0.04 M M 6.4 13 160 M M 6 16 280
17 69 37 53 11 12 0 0.00 M M 2.2 10 120 M M 1 15 110
18 60 41 51 8 14 0 0.73 M M 8.4 22 20 M M 10 13 30 40
19 48 31 40 -3 25 0 0.00 M M 9.9 22 10 M M 1 30 30
20 60 27 44 1 21 0 0.00 M M 4.0 10 140 M M 0 16 140
21 68 31 50 6 15 0 0.00 M M 3.4 10 110 M M 0 16 100
22 70 35 53 9 12 0 0.00 M M 3.7 12 90 M M 0 17 100
23 70 39 55 11 10 0 0.00 M M 7.9 21 160 M M 1 26 160
24 76 55 66 21 0 1 0.01 M M 5.7 14 150 M M 5 18 150
25 75 49 62 17 3 0 0.08 M M 4.6 22 220 M M 4 3 34 200
26 64 45 55 9 10 0 0.12 M M 8.9 26 230 M M 7 13 46 210
27 70 40 55 9 10 0 0.00 M M 2.1 8 180 M M 1 12 190
28 63 39 51 5 14 0 0.55 M M 10.8 21 280 M M 8 138 36 270
29 54 34 44 -3 21 0 0.00 M M 4.7 10 220 M M 0 21 280
30 75 34 55 8 10 0 0.00 M M 7.3 15 170 M M 0 24 190
31 63 39 51 4 14 0 0.51 M M 5.2 13 230 M M 8 1 19 310
================================================================================
SM 1864 1062 545 1 3.07 M 177.6 M 94
================================================================================
AV 60.1 34.3 5.7 FASTST M M 3 MAX(MPH)
MISC ----> 26 230 46 210
================================================================================
NOTES:
# LAST OF SEVERAL OCCURRENCES
COLUMN 17 PEAK WIND IN M.P.H.
PRELIMINARY LOCAL CLIMATOLOGICAL DATA (WS FORM: F-6) , PAGE 2
STATION: MORGANTOWN WV
MONTH: MARCH
YEAR: 2021
LATITUDE: 39 39 N
LONGITUDE: 79 55 W
[TEMPERATURE DATA] [PRECIPITATION DATA] SYMBOLS USED IN COLUMN 16
AVERAGE MONTHLY: 47.2 TOTAL FOR MONTH: 3.07 1 = FOG OR MIST
DPTR FM NORMAL: 5.1 DPTR FM NORMAL: -0.58 2 = FOG REDUCING VISIBILITY
HIGHEST: 76 ON 24 GRTST 24HR 1.61 ON 28- 1 TO 1/4 MILE OR LESS
LOWEST: 20 ON 8, 7 3 = THUNDER
SNOW, ICE PELLETS, HAIL 4 = ICE PELLETS
TOTAL MONTH: M 5 = HAIL
GRTST 24HR M ON M 6 = FREEZING RAIN OR DRIZZLE
GRTST DEPTH: M ON M 7 = DUSTSTORM OR SANDSTORM:
VSBY 1/2 MILE OR LESS
8 = SMOKE OR HAZE
[NO. OF DAYS WITH] [WEATHER - DAYS WITH] 9 = BLOWING SNOW
X = TORNADO
MAX 32 OR BELOW: 0 0.01 INCH OR MORE: 10
MAX 90 OR ABOVE: 0 0.10 INCH OR MORE: 7
MIN 32 OR BELOW: 15 0.50 INCH OR MORE: 3
MIN 0 OR BELOW: 0 1.00 INCH OR MORE: 0
[HDD (BASE 65) ]
TOTAL THIS MO. 545 CLEAR (SCALE 0-3) 19
DPTR FM NORMAL -167 PTCLDY (SCALE 4-7) 8
TOTAL FM JUL 1 4150 CLOUDY (SCALE 8-10) 4
DPTR FM NORMAL -452
[CDD (BASE 65) ]
TOTAL THIS MO. 1
DPTR FM NORMAL -1 [PRESSURE DATA]
TOTAL FM JAN 1 1 HIGHEST SLP 30.58 ON 20
DPTR FM NORMAL -1 LOWEST SLP 29.57 ON 28
[REMARKS]
#FINAL-03-21#