000
CXUS53 KTOP 010810
CF6MHK
PRELIMINARY LOCAL CLIMATOLOGICAL DATA (WS FORM: F-6)
STATION: MANHATTAN KS
MONTH: MARCH
YEAR: 2022
LATITUDE: 39 9 N
LONGITUDE: 96 40 W
TEMPERATURE IN F: :PCPN: SNOW: WIND :SUNSHINE: SKY :PK WND
================================================================================
1 2 3 4 5 6A 6B 7 8 9 10 11 12 13 14 15 16 17 18
12Z AVG MX 2MIN
DY MAX MIN AVG DEP HDD CDD WTR SNW DPTH SPD SPD DIR MIN PSBL S-S WX SPD DR
================================================================================
1 79 24 52 13 13 0 0.00 M M 4.7 13 270 M M 0 8 17 290
2 84 28 56 17 9 0 0.00 M M 3.5 14 240 M M 0 8 19 240
3 62 37 50 10 15 0 0.00 M M 11.6 20 60 M M 2 8 25 60
4 76 35 56 16 9 0 0.00 M M 12.5 25 180 M M 1 8 36 170
5 81 31 56 16 9 0 0.03 M M 16.6 36 210 M M 5 3 48 200
6 38 24 31 -10 34 0 0.36 M M 6.9 18 40 M M 4 128 27 340
7 37 14 26 -15 39 0 0.01 M M 3.8 14 350 M M 2 1 27 340
8 45 11 28 -14 37 0 0.00 M M 5.3 16 240 M M 3 20 230
9 39 23 31 -11 34 0 T M M 11.3 23 40 M M 4 35 40
10 24 18 21 -21 44 0 0.14 M M 9.6 22 40 M M 9 1 29 50
11 34 8 21 -22 44 0 0.00 M M 5.4 16 40 M M 1 22 330
12 49 2 26 -17 39 0 0.00 M M 6.8 21 210 M M 1 29 210
13 72 37 55 11 10 0 0.00 M M 11.4 25 200 M M 0 37 200
14 62 38 50 6 15 0 0.00 M M 7.3 18 210 M M 4 27 180
15 64 29 47 3 18 0 0.00 M M 3.4 9 20 M M 0 15 310
16 78 26 52 7 13 0 0.00 M M 6.3 25 210 M M 0 1 33 210
17 64 41 53 8 12 0 0.10 M M 12.6 31 40 M M 3 138 42 50
18 51 33 42 -4 23 0 0.10 M M 10.3 28 20 M M 7 18 44 20
19 69 24 47 1 18 0 0.00 M M 3.0 13 240 M M 0 18 280
20 80 33 57 11 8 0 0.00 M M 13.3 26 210 M M 0 42 190
21 65 49 57 10 8 0 0.71 M M 12.6 29 170 M M 6 1 40 160
22 49 40 45 -2 20 0 0.86 M M 14.7 25 360 M M 10 1 45 20
23 44 36 40 -8 25 0 T M M 9.4 16 360 M M 8 31 340
24 48 29 39 -9 26 0 T M M 4.1 13 280 M M 8 1 20 270
25 59 26 43 -5 22 0 0.00 M M 4.7 15 350 M M 3 26 360
26 60 24 42 -6 23 0 0.00 M M 5.9 15 60 M M 0 20 60
27 54 35 45 -4 20 0 0.00 M M 10.6 20 50 M M 0 24 50
28 63 30 47 -2 18 0 0.00 M M 11.9 21 130 M M 0 30 100
29 85 46 66 16 0 1 0.10 M M 13.4 29 200 M M 1 3 42 200
30 59 36 48 -2 17 0 0.00 M M 11.1 18 330 M M 9 32 320
31 52 27 40 -10 25 0 T M M 6.4 14 290 M M 6 25 320
================================================================================
SM 1826 894 647 1 2.41 M 270.4 M 97
================================================================================
AV 58.9 28.8 8.7 FASTST M M 3 MAX(MPH)
MISC ----> 36 210 48 200
================================================================================
NOTES:
# LAST OF SEVERAL OCCURRENCES
COLUMN 17 PEAK WIND IN M.P.H.
PRELIMINARY LOCAL CLIMATOLOGICAL DATA (WS FORM: F-6) , PAGE 2
STATION: MANHATTAN KS
MONTH: MARCH
YEAR: 2022
LATITUDE: 39 9 N
LONGITUDE: 96 40 W
[TEMPERATURE DATA] [PRECIPITATION DATA] SYMBOLS USED IN COLUMN 16
AVERAGE MONTHLY: 43.9 TOTAL FOR MONTH: 2.41 1 = FOG OR MIST
DPTR FM NORMAL: -0.8 DPTR FM NORMAL: 0.58 2 = FOG REDUCING VISIBILITY
HIGHEST: 85 ON 29 GRTST 24HR 1.46 ON 21-22 TO 1/4 MILE OR LESS
LOWEST: 2 ON 12 3 = THUNDER
SNOW, ICE PELLETS, HAIL 4 = ICE PELLETS
TOTAL MONTH: M 5 = HAIL
GRTST 24HR M ON M 6 = FREEZING RAIN OR DRIZZLE
GRTST DEPTH: M ON M 7 = DUSTSTORM OR SANDSTORM:
VSBY 1/2 MILE OR LESS
8 = SMOKE OR HAZE
[NO. OF DAYS WITH] [WEATHER - DAYS WITH] 9 = BLOWING SNOW
X = TORNADO
MAX 32 OR BELOW: 1 0.01 INCH OR MORE: 9
MAX 90 OR ABOVE: 0 0.10 INCH OR MORE: 7
MIN 32 OR BELOW: 18 0.50 INCH OR MORE: 2
MIN 0 OR BELOW: 0 1.00 INCH OR MORE: 0
[HDD (BASE 65) ]
TOTAL THIS MO. 647 CLEAR (SCALE 0-3) 17
DPTR FM NORMAL 13 PTCLDY (SCALE 4-7) 11
TOTAL FM JUL 1 4150 CLOUDY (SCALE 8-10) 3
DPTR FM NORMAL -501
[CDD (BASE 65) ]
TOTAL THIS MO. 1
DPTR FM NORMAL -3 [PRESSURE DATA]
TOTAL FM JAN 1 1 HIGHEST SLP M ON M
DPTR FM NORMAL -3 LOWEST SLP 29.23 ON 29
[REMARKS]
#FINAL-03-22#