000
CXUS53 KTOP 011514
CLMMHK
CLIMATE REPORT
NATIONAL WEATHER SERVICE TOPEKA KS
914 AM CST THU FEB 01 2024
...................................
...THE MANHATTAN KS CLIMATE SUMMARY FOR THE MONTH OF JANUARY 2024...
CLIMATE NORMAL PERIOD 1991 TO 2020
CLIMATE RECORD PERIOD 9999 TO 9999
WEATHER OBSERVED NORMAL DEPART LAST YEAR`S
VALUE DATE(S) VALUE FROM VALUE
NORMAL
..............................................................
TEMPERATURE (F)
HIGHEST 70 01/31 60
LOWEST -15R 01/16 4
AVG. MAXIMUM 33.9 41.0 -7.1 43.2
AVG. MINIMUM 15.4 17.8 -2.4 21.3
MEAN 24.6 29.4 -4.8 32.3
DAYS MAX >= 90 0 0.0 0.0 0
DAYS MAX <= 32 8 8.2 -0.2 3
DAYS MIN <= 32 27 28.9 -1.9 27
DAYS MIN <= 0 6 2.1 3.9 0
PRECIPITATION (INCHES)
TOTALS 1.67 0.65 1.02 1.55
DAILY AVG. 0.06 0.05
DAYS >= .01 9 5
DAYS >= .10 5 3
DAYS >= .50 1 2
DAYS >= 1.00 0 0
GREATEST
24 HR. TOTAL 1.02 01/08 TO 01/09 0.75
DEGREE DAYS
HEATING TOTAL 1245 1103 142 1009
SINCE 7/1 2918 3153 -235 MM
COOLING TOTAL 0 0 0 0
SINCE 1/1 0 0 0 MM
..............................................................
WIND (MPH)
AVERAGE WIND SPEED 5.2
HIGHEST WIND SPEED/DIRECTION 25/040 DATE 01/11
HIGHEST GUST SPEED/DIRECTION 37/340 DATE 01/09
37/350 01/18
SKY COVER
POSSIBLE SUNSHINE (PERCENT) MM
AVERAGE SKY COVER 0.44
NUMBER OF DAYS FAIR 14
NUMBER OF DAYS PC 9
NUMBER OF DAYS CLOUDY 8
AVERAGE RH (PERCENT) 76
WEATHER CONDITIONS. NUMBER OF DAYS WITH
THUNDERSTORM 1 MIXED PRECIP 0
HEAVY RAIN 1 RAIN 3
LIGHT RAIN 5 FREEZING RAIN 0
LT FREEZING RAIN 0 HAIL 0
HEAVY SNOW 3 SNOW 6
LIGHT SNOW 8 SLEET 0
FOG 18 FOG W/VIS <= 1/4 MILE 7
HAZE 8
- INDICATES NEGATIVE NUMBERS.
R INDICATES RECORD WAS SET OR TIED.
MM INDICATES DATA IS MISSING.
T INDICATES TRACE AMOUNT.
$$