000
CXUS52 KMFL 011030
CF6MIA
PRELIMINARY LOCAL CLIMATOLOGICAL DATA (WS FORM: F-6)
STATION: MIAMI
MONTH: OCTOBER
YEAR: 2022
LATITUDE: 25 49 N
LONGITUDE: 80 17 W
TEMPERATURE IN F: :PCPN: SNOW: WIND :SUNSHINE: SKY :PK WND
================================================================================
1 2 3 4 5 6A 6B 7 8 9 10 11 12 13 14 15 16 17 18
12Z AVG MX 2MIN
DY MAX MIN AVG DEP HDD CDD WTR SNW DPTH SPD SPD DIR MIN PSBL S-S WX SPD DR
================================================================================
1 86 75 81 -1 0 16 T 0.0 0 4.2 13 70 M M 8 17 90
2 88 75 82 0 0 17 0.02 0.0 0 5.6 13 300 M M 8 19 360
3 90 74 82 0 0 17 0.00 0.0 0 5.6 12 80 M M 6 16 330
4 89 75 82 0 0 17 0.00 0.0 0 6.0 15 80 M M 6 19 70
5 88 73 81 -1 0 16 T 0.0 0 5.7 15 80 M M 5 18 100
6 86 75 81 -1 0 16 T 0.0 0 6.3 17 70 M M 4 22 80
7 87 75 81 -1 0 16 0.00 0.0 0 6.6 17 80 M M 3 21 80
8 86 75 81 0 0 16 0.23 0.0 0 7.7 17 90 M M 7 1X 22 50
9 85 76 81 0 0 16 2.23 0.0 0 5.0 14 30 M M 7 13 19 20
10 90 76 83 2 0 18 0.00 0.0 M 5.6 13 130 M M 4 1 17 140
11 91 79 85 4 0 20 0.00 0.0 M 8.4 16 90 M M 6 21 80
12 91 81 86 5 0 21 0.00 0.0 M 8.9 15 130 M M 7 21 110
13 90 76 83 2 0 18 1.67 0.0 0 5.3 15 220 M M 9 13 23 340
14 88 76 82 1 0 17 0.23 0.0 0 3.6 20 100 M M 8 138 24 100
15 89 77 83 3 0 18 0.04 0.0 0 6.0 18 70 M M 7 24 50
16 88 79 84 4 0 19 0.00 0.0 0 9.5 20 80 M M 6 25 90
17 87 78 83 3 0 18 0.04 0.0 0 7.7 16 130 M M 6 22 150
18 89 78 84 4 0 19 T 0.0 0 6.7 14 260 M M 7 3 18 250
19 79 63 71 -9 0 6 0.35 0.0 0 7.4 15 340 M M 10 1 22 320
20 81 64 73 -7 0 8 0.00 0.0 0 6.6 16 330 M M 8 22 340
21 83 67 75 -4 0 10 0.03 0.0 0 9.1 16 330 M M 7 22 330
22 86 68 77 -2 0 12 0.00 0.0 0 6.9 14 40 M M 3 22 20
23 86 71 79 0 0 14 0.01 0.0 0 5.7 17 80 M M 3 22 90
24 86 72 79 0 0 14 0.00 0.0 0 5.6 21 90 M M 4 24 80
25 89 71 80 2 0 15 0.00 M M 4.6 13 50 M M 2 21 10
26 87 69 78 0 0 13 0.00 0.0 0 3.4 12 300 M M 3 15 280
27 88 72 80 2 0 15 0.00 M M 3.9 14 90 M M 2 19 90
28 87 72 80 2 0 15 0.00 0.0 0 5.8 15 90 M M 3 22 110
29 88 75 82 4 0 17 0.00 0.0 0 7.9 18 80 M M 4 22 70
30 87 77 82 4 0 17 T 0.0 0 7.6 16 80 M M 5 23 60
31 88 76 82 5 0 17 0.00 0.0 0 6.2 14 120 M M 4 23 140
================================================================================
SM 2703 2290 0 488 4.85 0.0 195.1 M 172
================================================================================
AV 87.2 73.9 6.3 FASTST M M 6 MAX(MPH)
MISC ----> 21 90 25 90
================================================================================
NOTES:
# LAST OF SEVERAL OCCURRENCES
COLUMN 17 PEAK WIND IN M.P.H.
PRELIMINARY LOCAL CLIMATOLOGICAL DATA (WS FORM: F-6) , PAGE 2
STATION: MIAMI
MONTH: OCTOBER
YEAR: 2022
LATITUDE: 25 49 N
LONGITUDE: 80 17 W
[TEMPERATURE DATA] [PRECIPITATION DATA] SYMBOLS USED IN COLUMN 16
AVERAGE MONTHLY: 80.5 TOTAL FOR MONTH: 4.85 1 = FOG OR MIST
DPTR FM NORMAL: 0.4 DPTR FM NORMAL: -2.80 2 = FOG REDUCING VISIBILITY
HIGHEST: 91 ON 12,11 GRTST 24HR 2.35 ON 8- 9 TO 1/4 MILE OR LESS
LOWEST: 63 ON 19 3 = THUNDER
SNOW, ICE PELLETS, HAIL 4 = ICE PELLETS
TOTAL MONTH: 0.0 INCH 5 = HAIL
GRTST 24HR 0.0 6 = FREEZING RAIN OR DRIZZLE
GRTST DEPTH: 0 7 = DUSTSTORM OR SANDSTORM:
VSBY 1/2 MILE OR LESS
8 = SMOKE OR HAZE
[NO. OF DAYS WITH] [WEATHER - DAYS WITH] 9 = BLOWING SNOW
X = TORNADO
MAX 32 OR BELOW: 0 0.01 INCH OR MORE: 10
MAX 90 OR ABOVE: 5 0.10 INCH OR MORE: 5
MIN 32 OR BELOW: 0 0.50 INCH OR MORE: 2
MIN 0 OR BELOW: 0 1.00 INCH OR MORE: 2
[HDD (BASE 65) ]
TOTAL THIS MO. 0 CLEAR (SCALE 0-3) 6
DPTR FM NORMAL 0 PTCLDY (SCALE 4-7) 23
TOTAL FM JUL 1 0 CLOUDY (SCALE 8-10) 2
DPTR FM NORMAL 0
[CDD (BASE 65) ]
TOTAL THIS MO. 488
DPTR FM NORMAL 21 [PRESSURE DATA]
TOTAL FM JAN 1 4579 HIGHEST SLP 30.12 ON 11
DPTR FM NORMAL 439 LOWEST SLP 29.78 ON 1
[REMARKS]
#FINAL-10-22#