000
CXUS52 KMFL 011130
CF6MIA
PRELIMINARY LOCAL CLIMATOLOGICAL DATA (WS FORM: F-6)
STATION: MIAMI
MONTH: NOVEMBER
YEAR: 2023
LATITUDE: 25 49 N
LONGITUDE: 80 17 W
TEMPERATURE IN F: :PCPN: SNOW: WIND :SUNSHINE: SKY :PK WND
================================================================================
1 2 3 4 5 6A 6B 7 8 9 10 11 12 13 14 15 16 17 18
12Z AVG MX 2MIN
DY MAX MIN AVG DEP HDD CDD WTR SNW DPTH SPD SPD DIR MIN PSBL S-S WX SPD DR
================================================================================
1 87 72 80 3 0 15 0.01 0.0 0 8.4 15 360 M M 4 1 24 360
2 81 72 77 0 0 12 0.37 0.0 0 13.0 21 60 M M 8 1 30 60
3 84 76 80 3 0 15 T 0.0 0 12.7 21 60 M M 6 30 80
4 84 74 79 3 0 14 T 0.0 0 6.7 14 40 M M 9 18 20 40
5 86 71 79 3 0 14 0.00 0.0 0 6.9 15 30 M M 7 1 20 30
6 86 68 77 1 0 12 0.00 0.0 0 5.9 15 40 M M 5 21 40
7 87 72 80 4 0 15 0.00 0.0 0 6.2 16 70 M M 4 23 80
8 86 71 79 3 0 14 0.02 0.0 0 7.8 16 80 M M 4 19 80
9 87 74 81 5 0 16 T 0.0 0 7.6 18 80 M M 6 23 80
10 89 76 83 7 0 18 0.00 0.0 0 8.9 15 110 M M 4 28 160
11 89 80 85 10 0 20 0.00 0.0 0 9.7 15 90 M M 6 23 150
12 88 76 82 7 0 17 0.00 0.0 0 7.4 14 90 M M 5 20 120
13 87 75 81 6 0 16 0.33 0.0 0 6.4 17 100 M M 8 18 24 90
14 84 74 79 4 0 14 0.13 0.0 0 8.4 25 90 M M 10 1 33 80
15 81 69 75 0 0 10 7.53 M 0 17.9 29 80 M M 10 12 40 50
16 80 69 75 0 0 10 0.85 0.0 0 10.4 30 50 M M 8 18 48 40
17 83 74 79 5 0 14 0.00 0.0 0 4.2 12 260 M M 4 1 16 210
18 79 72 76 2 0 11 0.00 0.0 0 6.5 13 310 M M 7 22 300
19 85 70 78 4 0 13 T 0.0 0 5.7 12 60 M M 3 19 20
20 86 69 78 4 0 13 T 0.0 0 8.7 20 90 M M 4 25 80
21 85 76 81 7 0 16 0.00 0.0 0 11.5 20 90 M M 3 27 90
22 86 71 79 5 0 14 0.00 0.0 0 6.5 14 160 M M 3 30 160
23 85 73 79 5 0 14 0.00 0.0 0 4.6 9 360 M M 8 14 20
24 83 71 77 3 0 12 0.02 0.0 0 4.2 12 120 M M 7 1 22 130
25 84 72 78 4 0 13 T 0.0 0 6.0 15 110 M M 8 23 120
26 85 75 80 7 0 15 0.10 0.0 0 5.9 18 130 M M 6 1 31 100
27 81 69 75 2 0 10 0.00 0.0 0 5.9 14 330 M M 4 21 330
28 77 64 71 -2 0 6 0.00 0.0 0 5.8 13 330 M M 6 20 310
29 77 59 68 -5 0 3 0.00 0.0 0 5.7 12 70 M M 8 20 80
30 82 62 72 -1 0 7 0.00 0.0 0 6.7 22 100 M M 5 32 120
================================================================================
SM 2524 2146 0 393 9.36 0.0 232.2 M 180
================================================================================
AV 84.1 71.5 7.7 FASTST M M 6 MAX(MPH)
MISC ----> 30 50 48 40
================================================================================
NOTES:
# LAST OF SEVERAL OCCURRENCES
COLUMN 17 PEAK WIND IN M.P.H.
PRELIMINARY LOCAL CLIMATOLOGICAL DATA (WS FORM: F-6) , PAGE 2
STATION: MIAMI
MONTH: NOVEMBER
YEAR: 2023
LATITUDE: 25 49 N
LONGITUDE: 80 17 W
[TEMPERATURE DATA] [PRECIPITATION DATA] SYMBOLS USED IN COLUMN 16
AVERAGE MONTHLY: 77.8 TOTAL FOR MONTH: 9.36 1 = FOG OR MIST
DPTR FM NORMAL: 3.0 DPTR FM NORMAL: 5.83 2 = FOG REDUCING VISIBILITY
HIGHEST: 89 ON 11,10 GRTST 24HR 8.16 ON 15-16 TO 1/4 MILE OR LESS
LOWEST: 59 ON 29 3 = THUNDER
SNOW, ICE PELLETS, HAIL 4 = ICE PELLETS
TOTAL MONTH: 0.0 INCH 5 = HAIL
GRTST 24HR 0.0 6 = FREEZING RAIN OR DRIZZLE
GRTST DEPTH: 0 7 = DUSTSTORM OR SANDSTORM:
VSBY 1/2 MILE OR LESS
8 = SMOKE OR HAZE
[NO. OF DAYS WITH] [WEATHER - DAYS WITH] 9 = BLOWING SNOW
X = TORNADO
MAX 32 OR BELOW: 0 0.01 INCH OR MORE: 9
MAX 90 OR ABOVE: 0 0.10 INCH OR MORE: 6
MIN 32 OR BELOW: 0 0.50 INCH OR MORE: 2
MIN 0 OR BELOW: 0 1.00 INCH OR MORE: 1
[HDD (BASE 65) ]
TOTAL THIS MO. 0 CLEAR (SCALE 0-3) 2
DPTR FM NORMAL -3 PTCLDY (SCALE 4-7) 24
TOTAL FM JUL 1 0 CLOUDY (SCALE 8-10) 4
DPTR FM NORMAL 0
[CDD (BASE 65) ]
TOTAL THIS MO. 393
DPTR FM NORMAL 96 [PRESSURE DATA]
TOTAL FM JAN 1 5319 HIGHEST SLP 30.16 ON 29
DPTR FM NORMAL 882 LOWEST SLP 29.72 ON 18
[REMARKS]
#FINAL-11-23#