000
CXUS54 KFWD 010830
CF6MKN
PRELIMINARY LOCAL CLIMATOLOGICAL DATA (WS FORM: F-6)
STATION: COMANCHE
MONTH: JANUARY
YEAR: 2023
LATITUDE: 31 55 N
LONGITUDE: 98 36 W
TEMPERATURE IN F: :PCPN: SNOW: WIND :SUNSHINE: SKY :PK WND
================================================================================
1 2 3 4 5 6A 6B 7 8 9 10 11 12 13 14 15 16 17 18
12Z AVG MX 2MIN
DY MAX MIN AVG DEP HDD CDD WTR SNW DPTH SPD SPD DIR MIN PSBL S-S WX SPD DR
================================================================================
1 81 50 66 M 0 1 0.00 M M 8.0 13 210 M M 0 21 240
2 80 56 68 M 0 3 0.00 M M 12.6 21 210 M M 5 1 26 180
3 66 50 58 M 7 0 0.00 M M 9.6 16 290 M M 1 24 280
4 67 43 55 M 10 0 0.00 M M 10.2 18 300 M M 0 29 300
5 68 34 51 M 14 0 0.00 M M 3.2 8 320 M M 0 M M
6 81 38 60 M 5 0 0.00 M M 10.8 20 180 M M 0 26 190
7 64 42 53 M 12 0 0.00 M M 8.4 14 330 M M 2 21 340
8 69 39 54 M 11 0 0.00 M M 5.3 12 310 M M 0 M M
9 75 37 56 M 9 0 0.00 M M 8.2 16 190 M M 0 23 190
10 83 55 69 M 0 4 0.00 M M 12.3 21 240 M M 0 28 240
11 86 58 72 M 0 7 0.00 M M 12.7 18 240 M M 0 26 230
12 65 42 54 M 11 0 0.00 M M 17.3 29 330 M M 0 35 330
13 67 35 51 M 14 0 0.00 M M 3.7 8 310 M M 0 M M
14 66 33 50 M 15 0 0.00 M M 11.3 18 180 M M 0 30 180
15 68 47 58 M 7 0 0.00 M M 14.5 21 190 M M 0 28 180
16 77 57 67 M 0 2 0.00 M M 9.0 18 200 M M 0 22 200
17 82 55 69 M 0 4 0.00 M M 8.4 12 150 M M 0 17 240
18 69 55 62 M 3 0 0.00 M M 13.5 24 260 M M 3 32 280
19 66 40 53 M 12 0 0.00 M M 5.7 15 250 M M 0 23 250
20 65 39 52 M 13 0 0.00 M M 8.3 16 130 M M 6 21 120
21 69 45 57 M 8 0 0.00 M M 9.3 20 340 M M 4 25 340
22 56 34 45 M 20 0 0.00 M M 8.7 15 330 M M 0 21 330
23 57 30 44 M 21 0 0.00 M M 9.2 20 120 M M 4 23 120
24 46 35 41 M 24 0 0.69 M M 10.1 16 320 M M 10 1 25 320
25 50 33 42 M 23 0 0.00 M M 10.9 17 330 M M 4 25 320
26 54 30 42 M 23 0 0.00 M M 6.6 13 330 M M 0 16 330
27 61 36 49 M 16 0 0.00 M M 11.1 15 230 M M 0 24 230
28 66 44 55 M 10 0 0.00 M M 14.9 24 210 M M 4 32 220
29 54 29 42 M 23 0 0.03 M M 9.9 20 340 M M 8 1 25 340
30 29 24 27 M 38 0 0.00 M M 13.5 15 360 M M 10 1 20 360
31 27 24 26 M 39 0 M M M M M M M M 10 146 M M
================================================================================
SM 2014 1269 388 21 0.72 M 297.0 M 71
================================================================================
AV 65.0 40.9 9.9 FASTST M M 2 MAX(MPH)
MISC ----> 29 330 35 330
================================================================================
NOTES:
# LAST OF SEVERAL OCCURRENCES
COLUMN 17 PEAK WIND IN M.P.H.
PRELIMINARY LOCAL CLIMATOLOGICAL DATA (WS FORM: F-6) , PAGE 2
STATION: COMANCHE
MONTH: JANUARY
YEAR: 2023
LATITUDE: 31 55 N
LONGITUDE: 98 36 W
[TEMPERATURE DATA] [PRECIPITATION DATA] SYMBOLS USED IN COLUMN 16
AVERAGE MONTHLY: 53.0 TOTAL FOR MONTH: 0.72 1 = FOG OR MIST
DPTR FM NORMAL: 0.0 DPTR FM NORMAL: -0.57 2 = FOG REDUCING VISIBILITY
HIGHEST: 86 ON 11 GRTST 24HR 1.51 ON 24-24 TO 1/4 MILE OR LESS
LOWEST: 24 ON 31,30 3 = THUNDER
SNOW, ICE PELLETS, HAIL 4 = ICE PELLETS
TOTAL MONTH: M 5 = HAIL
GRTST 24HR M ON M 6 = FREEZING RAIN OR DRIZZLE
GRTST DEPTH: M ON M 7 = DUSTSTORM OR SANDSTORM:
VSBY 1/2 MILE OR LESS
8 = SMOKE OR HAZE
[NO. OF DAYS WITH] [WEATHER - DAYS WITH] 9 = BLOWING SNOW
X = TORNADO
MAX 32 OR BELOW: 2 0.01 INCH OR MORE: 2
MAX 90 OR ABOVE: 0 0.10 INCH OR MORE: 1
MIN 32 OR BELOW: 5 0.50 INCH OR MORE: 1
MIN 0 OR BELOW: 0 1.00 INCH OR MORE: 0
[HDD (BASE 65) ]
TOTAL THIS MO. 388 CLEAR (SCALE 0-3) 20
DPTR FM NORMAL M PTCLDY (SCALE 4-7) 8
TOTAL FM JUL 1 1116 CLOUDY (SCALE 8-10) 3
DPTR FM NORMAL M
[CDD (BASE 65) ]
TOTAL THIS MO. 21
DPTR FM NORMAL M [PRESSURE DATA]
TOTAL FM JAN 1 21 HIGHEST SLP M ON M
DPTR FM NORMAL M LOWEST SLP M ON M
[REMARKS]
#FINAL-01-23#