000
CXUS54 KFWD 010730
CF6MKN
PRELIMINARY LOCAL CLIMATOLOGICAL DATA (WS FORM: F-6)
STATION: COMANCHE
MONTH: OCTOBER
YEAR: 2023
LATITUDE: 31 55 N
LONGITUDE: 98 36 W
TEMPERATURE IN F: :PCPN: SNOW: WIND :SUNSHINE: SKY :PK WND
================================================================================
1 2 3 4 5 6A 6B 7 8 9 10 11 12 13 14 15 16 17 18
12Z AVG MX 2MIN
DY MAX MIN AVG DEP HDD CDD WTR SNW DPTH SPD SPD DIR MIN PSBL S-S WX SPD DR
================================================================================
1 93 64 79 M 0 14 0.00 M M 6.4 17 160 M M 3 22 170
2 94 64 79 M 0 14 0.00 M M 6.3 13 150 M M 1 21 130
3 95 64 80 M 0 15 0.00 M M 7.5 15 140 M M 1 8 22 140
4 98 69 84 M 0 19 0.23 M M 10.6 20 10 M M 4 38 39 200
5 82 67 75 M 0 10 0.00 M M 5.8 10 30 M M 7 1 17 340
6 86 62 74 M 0 9 0.00 M M 3.7 10 30 M M 0 8 21 30
7 74 53 64 M 1 0 0.00 M M 6.2 14 20 M M 0 18 360
8 86 49 68 M 0 3 0.00 M M 4.8 15 200 M M 0 8 M M
9 89 60 75 M 0 10 0.00 M M 8.1 14 190 M M 0 8 21 210
10 83 62 73 M 0 8 0.00 M M 9.5 15 170 M M 2 21 190
11 83 64 74 M 0 9 0.00 M M 10.5 18 170 M M 6 8 23 170
12 91 67 79 M 0 14 0.00 M M 15.3 20 190 M M 3 8 29 210
13 78 57 68 M 0 3 0.00 M M 9.6 18 350 M M 2 24 350
14 73 49 61 M 4 0 0.00 M M 8.3 15 350 M M 0 20 350
15 70 45 58 M 7 0 0.00 M M 9.1 20 360 M M 0 24 350
16 70 46 58 M 7 0 0.00 M M 5.9 14 350 M M 0 22 360
17 84 41 63 M 2 0 0.00 M M 4.2 8 190 M M 0 8 M M
18 86 54 70 M 0 5 0.00 M M 10.8 21 190 M M 0 8 28 190
19 87 57 72 M 0 7 0.00 M M 7.5 15 210 M M 0 17 210
20 97 63 80 M 0 15 0.00 M M 6.2 13 250 M M 0 8 18 320
21 94 56 75 M 0 10 0.00 M M 4.6 8 190 M M 0 M M
22 91 67 79 M 0 14 0.00 M M 8.5 14 150 M M 0 18 190
23 81 67 74 M 0 9 0.50 M M 10.1 15 180 M M 6 24 180
24 77 70 74 M 0 9 1.49 M M 13.1 18 170 M M 9 28 170
25 78 67 73 M 0 8 2.29 M M 8.1 15 140 M M 10 13 26 160
26 87 64 76 M 0 11 0.02 M M 7.6 17 190 M M 3 22 190
27 87 64 76 M 0 11 0.00 M M 7.4 15 180 M M 7 1 21 230
28 66 57 62 M 3 0 0.89 M M 4.5 8 350 M M 10 12 M M
29 57 37 47 M 18 0 0.33 M M 14.8 21 360 M M 10 1 28 360
30 37 35 36 M 29 0 0.22 M M 16.1 18 350 M M 4 28 360
31 M M M M M M 0.00 M M M M M M M 0 M M
================================================================================
SM 2454 1741 71 227 5.97 M 251.2 M 88
================================================================================
AV 81.8 58.0 8.4 FASTST M M 3 MAX(MPH)
MISC ----> 21 360 39 200
================================================================================
NOTES:
# LAST OF SEVERAL OCCURRENCES
COLUMN 17 PEAK WIND IN M.P.H.
PRELIMINARY LOCAL CLIMATOLOGICAL DATA (WS FORM: F-6) , PAGE 2
STATION: COMANCHE
MONTH: OCTOBER
YEAR: 2023
LATITUDE: 31 55 N
LONGITUDE: 98 36 W
[TEMPERATURE DATA] [PRECIPITATION DATA] SYMBOLS USED IN COLUMN 16
AVERAGE MONTHLY: 69.9 TOTAL FOR MONTH: 5.97 1 = FOG OR MIST
DPTR FM NORMAL: 0.0 DPTR FM NORMAL: 3.20 2 = FOG REDUCING VISIBILITY
HIGHEST: 98 ON 4 GRTST 24HR 2.29 ON 25-25 TO 1/4 MILE OR LESS
LOWEST: 35 ON 30 3 = THUNDER
SNOW, ICE PELLETS, HAIL 4 = ICE PELLETS
TOTAL MONTH: M 5 = HAIL
GRTST 24HR M ON M 6 = FREEZING RAIN OR DRIZZLE
GRTST DEPTH: M ON M 7 = DUSTSTORM OR SANDSTORM:
VSBY 1/2 MILE OR LESS
8 = SMOKE OR HAZE
[NO. OF DAYS WITH] [WEATHER - DAYS WITH] 9 = BLOWING SNOW
X = TORNADO
MAX 32 OR BELOW: 0 0.01 INCH OR MORE: 8
MAX 90 OR ABOVE: 8 0.10 INCH OR MORE: 7
MIN 32 OR BELOW: 0 0.50 INCH OR MORE: 4
MIN 0 OR BELOW: 0 1.00 INCH OR MORE: 2
[HDD (BASE 65) ]
TOTAL THIS MO. 71 CLEAR (SCALE 0-3) 19
DPTR FM NORMAL M PTCLDY (SCALE 4-7) 8
TOTAL FM JUL 1 71 CLOUDY (SCALE 8-10) 4
DPTR FM NORMAL M
[CDD (BASE 65) ]
TOTAL THIS MO. 227
DPTR FM NORMAL M [PRESSURE DATA]
TOTAL FM JAN 1 3665 HIGHEST SLP M ON M
DPTR FM NORMAL M LOWEST SLP M ON M
[REMARKS]
#FINAL-10-23#