000
CXUS54 KTSA 010850
CF6MKO
PRELIMINARY LOCAL CLIMATOLOGICAL DATA (WS FORM: F-6)
STATION: MUSKOGEE OKLAHOMA
MONTH: MAY
YEAR: 2023
LATITUDE: 35 40 N
LONGITUDE: 95 22 W
TEMPERATURE IN F: :PCPN: SNOW: WIND :SUNSHINE: SKY :PK WND
================================================================================
1 2 3 4 5 6A 6B 7 8 9 10 11 12 13 14 15 16 17 18
12Z AVG MX 2MIN
DY MAX MIN AVG DEP HDD CDD WTR SNW DPTH SPD SPD DIR MIN PSBL S-S WX SPD DR
================================================================================
1 70 39 55 -9 10 0 0.00 0.0 M 6.8 18 320 M M 0 25 330
2 74 42 58 -6 7 0 0.00 0.0 M 5.8 18 20 M M 0 22 20
3 76 42 59 -6 6 0 0.00 0.0 M 2.9 9 230 M M 0 12 260
4 61 51 56 -9 9 0 1.01 0.0 M 7.2 21 280 M M 7 13 33 270
5 77 57 67 2 0 2 0.00 0.0 M 10.6 18 140 M M 5 1 26 140
6 88 66 77 11 0 12 0.00 0.0 M 11.8 28 210 M M 2 18 45 200
7 85 67 76 10 0 11 T 0.0 M 10.5 30 190 M M 5 43 190
8 86 65 76 10 0 11 0.00 0.0 M 6.8 16 220 M M 0 24 190
9 87 67 77 11 0 12 0.01 0.0 M 8.1 30 40 M M 2 138 39 30
10 83 64 74 7 0 9 0.06 0.0 M 7.1 25 60 M M 2 3 35 60
11 81 67 74 7 0 9 0.01 0.0 M 6.0 17 120 M M 7 1 24 120
12 85 68 77 10 0 12 T 0.0 M 8.5 17 140 M M 4 138 26 180
13 85 64 75 7 0 10 0.53 0.0 M 6.5 26 320 M M 3 138 36 330
14 85 66 76 8 0 11 0.13 0.0 M 3.4 18 240 M M 2 13 25 240
15 79 68 74 6 0 9 1.42 0.0 M 5.3 14 320 M M 8 1238 18 320
16 69 61 65 -4 0 0 0.00 0.0 M 7.9 13 310 M M 10 1 17 310
17 76 61 69 0 0 4 0.00 0.0 M 5.2 12 10 M M 7 14 30
18 79 58 69 0 0 4 M 0.0 M 2.3 7 230 M M 2 12 M M
19 M M M M M M M M M M M M M M M M M
20 M M M M M M M M M M M M M M M M M
21 77 53 65 -5 0 0 0.00 0.0 M M M M M M M M M
22 80 54 67 -3 0 2 0.00 0.0 M 1.4 8 160 M M 0 1 11 100
23 82 60 71 0 0 6 0.00 0.0 M 3.2 10 70 M M 3 18 14 70
24 79 65 72 1 0 7 0.19 0.0 M 4.8 16 110 M M 4 13 23 130
25 85 59 72 1 0 7 0.01 0.0 M 2.8 22 80 M M 2 13 30 70
26 87 60 74 2 0 9 0.00 0.0 M 4.3 15 40 M M 2 12 22 40
27 84 61 73 1 0 8 0.00 0.0 M 5.1 14 130 M M 0 20 120
28 85 58 72 0 0 7 0.00 0.0 M 4.5 12 150 M M 0 17 150
29 85 61 73 0 0 8 0.00 0.0 M 5.5 13 150 M M 1 18 150
30 86 65 76 3 0 11 0.00 0.0 M 5.1 13 150 M M 1 1 18 140
31 88 65 77 4 0 12 0.00 0.0 M 5.4 15 130 M M 1 1 20 140
================================================================================
SM 2344 1734 32 193 3.37 0.0 164.8 M 80
================================================================================
AV 80.8 59.8 5.9 FASTST M M 3 MAX(MPH)
MISC ----> # 30 190 45 200
================================================================================
NOTES:
# LAST OF SEVERAL OCCURRENCES
COLUMN 17 PEAK WIND IN M.P.H.
PRELIMINARY LOCAL CLIMATOLOGICAL DATA (WS FORM: F-6) , PAGE 2
STATION: MUSKOGEE OKLAHOMA
MONTH: MAY
YEAR: 2023
LATITUDE: 35 40 N
LONGITUDE: 95 22 W
[TEMPERATURE DATA] [PRECIPITATION DATA] SYMBOLS USED IN COLUMN 16
AVERAGE MONTHLY: 70.3 TOTAL FOR MONTH: 3.37 1 = FOG OR MIST
DPTR FM NORMAL: 1.6 DPTR FM NORMAL: -2.12 2 = FOG REDUCING VISIBILITY
HIGHEST: 88 ON 31, 6 GRTST 24HR 1.42 ON 15-15 TO 1/4 MILE OR LESS
LOWEST: 39 ON 1 3 = THUNDER
SNOW, ICE PELLETS, HAIL 4 = ICE PELLETS
TOTAL MONTH: 0.0 INCH 5 = HAIL
GRTST 24HR 0.0 6 = FREEZING RAIN OR DRIZZLE
GRTST DEPTH: M ON M 7 = DUSTSTORM OR SANDSTORM:
VSBY 1/2 MILE OR LESS
8 = SMOKE OR HAZE
[NO. OF DAYS WITH] [WEATHER - DAYS WITH] 9 = BLOWING SNOW
X = TORNADO
MAX 32 OR BELOW: 0 0.01 INCH OR MORE: 9
MAX 90 OR ABOVE: 0 0.10 INCH OR MORE: 5
MIN 32 OR BELOW: 0 0.50 INCH OR MORE: 3
MIN 0 OR BELOW: 0 1.00 INCH OR MORE: 2
[HDD (BASE 65) ]
TOTAL THIS MO. 32 CLEAR (SCALE 0-3) 19
DPTR FM NORMAL -10 PTCLDY (SCALE 4-7) 8
TOTAL FM JUL 1 3126 CLOUDY (SCALE 8-10) 4
DPTR FM NORMAL -283
[CDD (BASE 65) ]
TOTAL THIS MO. 193
DPTR FM NORMAL 38 [PRESSURE DATA]
TOTAL FM JAN 1 233 HIGHEST SLP 30.26 ON 20
DPTR FM NORMAL 20 LOWEST SLP 29.72 ON 11
[REMARKS]
#FINAL-05-23#